2a03:2880:f800:6:: - - [16/Dec/2025:12:24:04 +0000] "GET /shop/oversolicitousness/eruditeness2141499395.html HTTP/1.1" 200 2917 "-" "meta-externalagent/1.1 (+https://developers.facebook.com/docs/sharing/webmasters/crawler)"
2a03:2880:f800:26:: - - [16/Dec/2025:12:24:04 +0000] "GET /shop/casina/simmon10933351500.html HTTP/1.1" 200 2917 "-" "meta-externalagent/1.1 (+https://developers.facebook.com/docs/sharing/webmasters/crawler)"
2a03:2880:f800:5:: - - [16/Dec/2025:12:24:05 +0000] "GET /shop/hued/tallness45451248537.html HTTP/1.1" 200 2917 "-" "meta-externalagent/1.1 (+https://developers.facebook.com/docs/sharing/webmasters/crawler)"
2a03:2880:f800:2e:: - - [16/Dec/2025:12:24:05 +0000] "GET /shop/misdrive/sellers10729114586.html HTTP/1.1" 200 2917 "-" "meta-externalagent/1.1 (+https://developers.facebook.com/docs/sharing/webmasters/crawler)"
2a03:2880:f800:3d:: - - [16/Dec/2025:12:24:05 +0000] "GET /shop/shrinky/whirried21203265220.html HTTP/1.1" 200 2917 "-" "meta-externalagent/1.1 (+https://developers.facebook.com/docs/sharing/webmasters/crawler)"
2a03:2880:f800:45:: - - [16/Dec/2025:12:24:06 +0000] "GET /shop/outvying/iniomi58584226931.html HTTP/1.1" 200 2917 "-" "meta-externalagent/1.1 (+https://developers.facebook.com/docs/sharing/webmasters/crawler)"
2a03:2880:f800:21:: - - [16/Dec/2025:12:24:07 +0000] "GET /shop/melomame/wiredrawing10729330962.html HTTP/1.1" 200 2917 "-" "meta-externalagent/1.1 (+https://developers.facebook.com/docs/sharing/webmasters/crawler)"
2a03:2880:f800:49:: - - [16/Dec/2025:12:24:07 +0000] "GET /shop/elevenths/pulmometer2120394124.html HTTP/1.1" 200 2917 "-" "meta-externalagent/1.1 (+https://developers.facebook.com/docs/sharing/webmasters/crawler)"
2a03:2880:f800:29:: - - [16/Dec/2025:12:24:08 +0000] "GET /shop/sulphobenzoate/haulmiest4656081200.html HTTP/1.1" 200 2917 "-" "meta-externalagent/1.1 (+https://developers.facebook.com/docs/sharing/webmasters/crawler)"
2a03:2880:f800:c:: - - [16/Dec/2025:12:24:08 +0000] "GET /shop/mobbish/renaissance2890599489.html HTTP/1.1" 200 2917 "-" "meta-externalagent/1.1 (+https://developers.facebook.com/docs/sharing/webmasters/crawler)"
2a03:2880:f800:12:: - - [16/Dec/2025:12:24:09 +0000] "GET /shop/regrouping/turbinellidae28905108892.html HTTP/1.1" 200 2917 "-" "meta-externalagent/1.1 (+https://developers.facebook.com/docs/sharing/webmasters/crawler)"
2a03:2880:f800:1a:: - - [16/Dec/2025:12:24:09 +0000] "GET /shop/unslowness/antitonic31648390359.html HTTP/1.1" 200 2917 "-" "meta-externalagent/1.1 (+https://developers.facebook.com/docs/sharing/webmasters/crawler)"
207.46.13.86 - - [16/Dec/2025:12:24:09 +0000] "GET /shop/funnellike/cyme10729335060.html HTTP/1.1" 200 2917 "-" "Mozilla/5.0 AppleWebKit/537.36 (KHTML, like Gecko; compatible; bingbot/2.0; +http://www.bing.com/bingbot.htm) Chrome/116.0.1938.76 Safari/537.36"
2a03:2880:f800:4d:: - - [16/Dec/2025:12:24:09 +0000] "GET /shop/ostarthritis/malvaceae28905180730.html HTTP/1.1" 200 2917 "-" "meta-externalagent/1.1 (+https://developers.facebook.com/docs/sharing/webmasters/crawler)"
2a03:2880:f800:48:: - - [16/Dec/2025:12:24:10 +0000] "GET /shop/beslaved/inefficiencies24870126747.html HTTP/1.1" 200 2917 "-" "meta-externalagent/1.1 (+https://developers.facebook.com/docs/sharing/webmasters/crawler)"
2a03:2880:f800:2d:: - - [16/Dec/2025:12:24:11 +0000] "GET /shop/triticality/brogger28905333582.html HTTP/1.1" 200 2917 "-" "meta-externalagent/1.1 (+https://developers.facebook.com/docs/sharing/webmasters/crawler)"
2a03:2880:f800:35:: - - [16/Dec/2025:12:24:11 +0000] "GET /shop/misconstruction/blower58584328854.html HTTP/1.1" 200 2917 "-" "meta-externalagent/1.1 (+https://developers.facebook.com/docs/sharing/webmasters/crawler)"
2a03:2880:f800:f:: - - [16/Dec/2025:12:24:12 +0000] "GET /shop/entrymen/anemosis24870298703.html HTTP/1.1" 200 2917 "-" "meta-externalagent/1.1 (+https://developers.facebook.com/docs/sharing/webmasters/crawler)"
2a03:2880:f800:a:: - - [16/Dec/2025:12:24:12 +0000] "GET /shop/mohammedan/tumultuously2120382738.html HTTP/1.1" 200 2917 "-" "meta-externalagent/1.1 (+https://developers.facebook.com/docs/sharing/webmasters/crawler)"
2a03:2880:f800:2:: - - [16/Dec/2025:12:24:13 +0000] "GET /shop/headkerchief/reachievement2120368206.html HTTP/1.1" 200 2917 "-" "meta-externalagent/1.1 (+https://developers.facebook.com/docs/sharing/webmasters/crawler)"
2a03:2880:f800:f:: - - [16/Dec/2025:12:24:13 +0000] "GET /shop/adipofibroma/encyclopaediac10933327931.html HTTP/1.1" 200 2917 "-" "meta-externalagent/1.1 (+https://developers.facebook.com/docs/sharing/webmasters/crawler)"
2a03:2880:f800:15:: - - [16/Dec/2025:12:24:14 +0000] "GET /shop/anglophobist/unephemeral10729233945.html HTTP/1.1" 200 2917 "-" "meta-externalagent/1.1 (+https://developers.facebook.com/docs/sharing/webmasters/crawler)"
2a03:2880:f800:19:: - - [16/Dec/2025:12:24:14 +0000] "GET /shop/pulment/protext21414220846.html HTTP/1.1" 200 2917 "-" "meta-externalagent/1.1 (+https://developers.facebook.com/docs/sharing/webmasters/crawler)"
2a03:2880:f800:2e:: - - [16/Dec/2025:12:24:15 +0000] "GET /shop/corrivation/pantheism45451387521.html HTTP/1.1" 200 2917 "-" "meta-externalagent/1.1 (+https://developers.facebook.com/docs/sharing/webmasters/crawler)"
2a03:2880:f800:3:: - - [16/Dec/2025:12:24:15 +0000] "GET /shop/engramme/fogas10729304076.html HTTP/1.1" 200 2917 "-" "meta-externalagent/1.1 (+https://developers.facebook.com/docs/sharing/webmasters/crawler)"
2a03:2880:f800:10:: - - [16/Dec/2025:12:24:15 +0000] "GET /shop/cdg/embrittled31648295723.html HTTP/1.1" 200 2917 "-" "meta-externalagent/1.1 (+https://developers.facebook.com/docs/sharing/webmasters/crawler)"
2a03:2880:f800:1e:: - - [16/Dec/2025:12:24:16 +0000] "GET /shop/overmasteringly/onomatopoeial24870337046.html HTTP/1.1" 200 2917 "-" "meta-externalagent/1.1 (+https://developers.facebook.com/docs/sharing/webmasters/crawler)"
2a03:2880:f800:18:: - - [16/Dec/2025:12:24:17 +0000] "GET /shop/jocosity/jookerie585844445.html HTTP/1.1" 200 2917 "-" "meta-externalagent/1.1 (+https://developers.facebook.com/docs/sharing/webmasters/crawler)"
2a03:2880:f800:31:: - - [16/Dec/2025:12:24:17 +0000] "GET /shop/ebulliometer/arcturia4656055487.html HTTP/1.1" 200 2917 "-" "meta-externalagent/1.1 (+https://developers.facebook.com/docs/sharing/webmasters/crawler)"
2a03:2880:f800:a:: - - [16/Dec/2025:12:24:18 +0000] "GET /shop/huffish/dysphrasia10933259522.html HTTP/1.1" 200 2917 "-" "meta-externalagent/1.1 (+https://developers.facebook.com/docs/sharing/webmasters/crawler)"
2a03:2880:f800:20:: - - [16/Dec/2025:12:24:18 +0000] "GET /shop/furcately/gymnocalycium21203471223.html HTTP/1.1" 200 2917 "-" "meta-externalagent/1.1 (+https://developers.facebook.com/docs/sharing/webmasters/crawler)"
2a03:2880:f800:: - - [16/Dec/2025:12:24:18 +0000] "GET /shop/donia/nominy10729229723.html HTTP/1.1" 200 2917 "-" "meta-externalagent/1.1 (+https://developers.facebook.com/docs/sharing/webmasters/crawler)"
2a03:2880:f800:27:: - - [16/Dec/2025:12:24:19 +0000] "GET /shop/vidduy/feudatories58584308004.html HTTP/1.1" 200 2917 "-" "meta-externalagent/1.1 (+https://developers.facebook.com/docs/sharing/webmasters/crawler)"
185.191.171.5 - - [16/Dec/2025:12:24:19 +0000] "GET /shop/trafficableness/profitproof31648370974.html HTTP/1.1" 200 2917 "-" "Mozilla/5.0 (compatible; SemrushBot/7~bl; +http://www.semrush.com/bot.html)"
207.46.13.86 - - [16/Dec/2025:12:24:19 +0000] "GET /p/prod-14ne-1821666 HTTP/1.1" 200 2917 "-" "Mozilla/5.0 AppleWebKit/537.36 (KHTML, like Gecko; compatible; bingbot/2.0; +http://www.bing.com/bingbot.htm) Chrome/116.0.1938.76 Safari/537.36"
2a03:2880:f800:21:: - - [16/Dec/2025:12:24:20 +0000] "GET /shop/unmomentous/corinne3164863568.html HTTP/1.1" 200 2917 "-" "meta-externalagent/1.1 (+https://developers.facebook.com/docs/sharing/webmasters/crawler)"
2a03:2880:f800:18:: - - [16/Dec/2025:12:24:20 +0000] "GET /shop/jejunely/hydrophobist10729180250.html HTTP/1.1" 200 2917 "-" "meta-externalagent/1.1 (+https://developers.facebook.com/docs/sharing/webmasters/crawler)"
2a03:2880:f800:2a:: - - [16/Dec/2025:12:24:21 +0000] "GET /shop/soave/vagrance5858481675.html HTTP/1.1" 200 2917 "-" "meta-externalagent/1.1 (+https://developers.facebook.com/docs/sharing/webmasters/crawler)"
2a03:2880:f800:31:: - - [16/Dec/2025:12:24:21 +0000] "GET /shop/thermotypy/conite10933182115.html HTTP/1.1" 200 2917 "-" "meta-externalagent/1.1 (+https://developers.facebook.com/docs/sharing/webmasters/crawler)"
2a03:2880:f800:29:: - - [16/Dec/2025:12:24:22 +0000] "GET /shop/diadelphous/untied24870426838.html HTTP/1.1" 200 2917 "-" "meta-externalagent/1.1 (+https://developers.facebook.com/docs/sharing/webmasters/crawler)"
2a03:2880:f800:31:: - - [16/Dec/2025:12:24:22 +0000] "GET /shop/david/dogmatizer31648112902.html HTTP/1.1" 200 2917 "-" "meta-externalagent/1.1 (+https://developers.facebook.com/docs/sharing/webmasters/crawler)"
2a03:2880:f800:2e:: - - [16/Dec/2025:12:24:23 +0000] "GET /shop/nonrevoltingly/inductoscope24870377702.html HTTP/1.1" 200 2917 "-" "meta-externalagent/1.1 (+https://developers.facebook.com/docs/sharing/webmasters/crawler)"
40.77.167.243 - - [16/Dec/2025:12:24:23 +0000] "GET /p/prod-57ne-48426 HTTP/1.1" 200 2917 "-" "Mozilla/5.0 AppleWebKit/537.36 (KHTML, like Gecko; compatible; bingbot/2.0; +http://www.bing.com/bingbot.htm) Chrome/116.0.1938.76 Safari/537.36"
2a03:2880:f800:1d:: - - [16/Dec/2025:12:24:23 +0000] "GET /shop/prepubescence/chumship28905331480.html HTTP/1.1" 200 2917 "-" "meta-externalagent/1.1 (+https://developers.facebook.com/docs/sharing/webmasters/crawler)"
2a03:2880:f800:2:: - - [16/Dec/2025:12:24:24 +0000] "GET /shop/knower/recurtain58584137194.html HTTP/1.1" 200 2917 "-" "meta-externalagent/1.1 (+https://developers.facebook.com/docs/sharing/webmasters/crawler)"
2a03:2880:f800:1c:: - - [16/Dec/2025:12:24:24 +0000] "GET /shop/dehumanize/conches46560176182.html HTTP/1.1" 200 2917 "-" "meta-externalagent/1.1 (+https://developers.facebook.com/docs/sharing/webmasters/crawler)"
2a03:2880:f800:39:: - - [16/Dec/2025:12:24:25 +0000] "GET /shop/cornuted/semicompact1072935560.html HTTP/1.1" 200 2917 "-" "meta-externalagent/1.1 (+https://developers.facebook.com/docs/sharing/webmasters/crawler)"
2a03:2880:f800:4b:: - - [16/Dec/2025:12:24:25 +0000] "GET /shop/dimethylsulphoxide/emoloa24870363768.html HTTP/1.1" 200 2917 "-" "meta-externalagent/1.1 (+https://developers.facebook.com/docs/sharing/webmasters/crawler)"
2a03:2880:f800:32:: - - [16/Dec/2025:12:24:26 +0000] "GET /shop/communes/submenta2120340459.html HTTP/1.1" 200 2917 "-" "meta-externalagent/1.1 (+https://developers.facebook.com/docs/sharing/webmasters/crawler)"
2a03:2880:f800:2:: - - [16/Dec/2025:12:24:26 +0000] "GET /shop/sundrymen/carries45451145146.html HTTP/1.1" 200 2917 "-" "meta-externalagent/1.1 (+https://developers.facebook.com/docs/sharing/webmasters/crawler)"
2a03:2880:f800:4d:: - - [16/Dec/2025:12:24:27 +0000] "GET /shop/reacidify/inusitateness28905461493.html HTTP/1.1" 200 2917 "-" "meta-externalagent/1.1 (+https://developers.facebook.com/docs/sharing/webmasters/crawler)"
2a03:2880:f800:2b:: - - [16/Dec/2025:12:24:27 +0000] "GET /shop/pancreatize/metenteron21414196286.html HTTP/1.1" 200 2917 "-" "meta-externalagent/1.1 (+https://developers.facebook.com/docs/sharing/webmasters/crawler)"
2a03:2880:f800:19:: - - [16/Dec/2025:12:24:27 +0000] "GET /shop/anthropogeny/whistlewing24870195892.html HTTP/1.1" 200 2917 "-" "meta-externalagent/1.1 (+https://developers.facebook.com/docs/sharing/webmasters/crawler)"
2a03:2880:f800:10:: - - [16/Dec/2025:12:24:28 +0000] "GET /shop/burgall/agronomics31648173584.html HTTP/1.1" 200 2917 "-" "meta-externalagent/1.1 (+https://developers.facebook.com/docs/sharing/webmasters/crawler)"
2a03:2880:f800:49:: - - [16/Dec/2025:12:24:29 +0000] "GET /shop/duendes/undecipher21414242533.html HTTP/1.1" 200 2917 "-" "meta-externalagent/1.1 (+https://developers.facebook.com/docs/sharing/webmasters/crawler)"
2a03:2880:f800:1a:: - - [16/Dec/2025:12:24:29 +0000] "GET /shop/nonarmament/pretelephone28905228080.html HTTP/1.1" 200 2917 "-" "meta-externalagent/1.1 (+https://developers.facebook.com/docs/sharing/webmasters/crawler)"
2a03:2880:f800:3:: - - [16/Dec/2025:12:24:30 +0000] "GET /shop/mottoed/haylage31648256309.html HTTP/1.1" 200 2917 "-" "meta-externalagent/1.1 (+https://developers.facebook.com/docs/sharing/webmasters/crawler)"
2a03:2880:f800:2b:: - - [16/Dec/2025:12:24:30 +0000] "GET /shop/haslock/liquidatorship24870247817.html HTTP/1.1" 200 2917 "-" "meta-externalagent/1.1 (+https://developers.facebook.com/docs/sharing/webmasters/crawler)"
2a03:2880:f800:16:: - - [16/Dec/2025:12:24:30 +0000] "GET /shop/planaru/xenophontean58584195784.html HTTP/1.1" 200 2917 "-" "meta-externalagent/1.1 (+https://developers.facebook.com/docs/sharing/webmasters/crawler)"
2a03:2880:f800:4b:: - - [16/Dec/2025:12:24:31 +0000] "GET /shop/thymidine/superincumbency24870151404.html HTTP/1.1" 200 2917 "-" "meta-externalagent/1.1 (+https://developers.facebook.com/docs/sharing/webmasters/crawler)"
2a03:2880:f800:20:: - - [16/Dec/2025:12:24:31 +0000] "GET /shop/glyptographer/subtwined31648364195.html HTTP/1.1" 200 2917 "-" "meta-externalagent/1.1 (+https://developers.facebook.com/docs/sharing/webmasters/crawler)"
2a03:2880:f800:1d:: - - [16/Dec/2025:12:24:32 +0000] "GET /shop/prehardening/hottonia21203180832.html HTTP/1.1" 200 2917 "-" "meta-externalagent/1.1 (+https://developers.facebook.com/docs/sharing/webmasters/crawler)"
2a03:2880:f800:1b:: - - [16/Dec/2025:12:24:32 +0000] "GET /shop/bonaveria/megalonychidae2120375727.html HTTP/1.1" 200 2917 "-" "meta-externalagent/1.1 (+https://developers.facebook.com/docs/sharing/webmasters/crawler)"
2a03:2880:f800:2e:: - - [16/Dec/2025:12:24:33 +0000] "GET /shop/nondiapausing/prenumber28905335386.html HTTP/1.1" 200 2917 "-" "meta-externalagent/1.1 (+https://developers.facebook.com/docs/sharing/webmasters/crawler)"
2a03:2880:f800:2d:: - - [16/Dec/2025:12:24:34 +0000] "GET /shop/diacetin/nettlesome21414291779.html HTTP/1.1" 200 2917 "-" "meta-externalagent/1.1 (+https://developers.facebook.com/docs/sharing/webmasters/crawler)"
2a03:2880:f800:1c:: - - [16/Dec/2025:12:24:34 +0000] "GET /shop/tyring/disattaint28905332969.html HTTP/1.1" 200 2917 "-" "meta-externalagent/1.1 (+https://developers.facebook.com/docs/sharing/webmasters/crawler)"
185.191.171.5 - - [16/Dec/2025:12:24:34 +0000] "GET /shop/quintals/notungulate21203411567.html HTTP/1.1" 200 2917 "-" "Mozilla/5.0 (compatible; SemrushBot/7~bl; +http://www.semrush.com/bot.html)"
2a03:2880:f800:11:: - - [16/Dec/2025:12:24:35 +0000] "GET /shop/variatively/interlake58584272643.html HTTP/1.1" 200 2917 "-" "meta-externalagent/1.1 (+https://developers.facebook.com/docs/sharing/webmasters/crawler)"
2a03:2880:f800:4d:: - - [16/Dec/2025:12:24:35 +0000] "GET /shop/khattish/fishworker10933318938.html HTTP/1.1" 200 2917 "-" "meta-externalagent/1.1 (+https://developers.facebook.com/docs/sharing/webmasters/crawler)"
2a03:2880:f800:44:: - - [16/Dec/2025:12:24:36 +0000] "GET /shop/pigments/desorption31648391511.html HTTP/1.1" 200 2917 "-" "meta-externalagent/1.1 (+https://developers.facebook.com/docs/sharing/webmasters/crawler)"
2a03:2880:f800:2e:: - - [16/Dec/2025:12:24:36 +0000] "GET /shop/zoophilitic/polyparous109339314.html HTTP/1.1" 200 2917 "-" "meta-externalagent/1.1 (+https://developers.facebook.com/docs/sharing/webmasters/crawler)"
2a03:2880:f800:34:: - - [16/Dec/2025:12:24:37 +0000] "GET /shop/tetramethylium/mending2487037865.html HTTP/1.1" 200 2917 "-" "meta-externalagent/1.1 (+https://developers.facebook.com/docs/sharing/webmasters/crawler)"
2a03:2880:f800:1d:: - - [16/Dec/2025:12:24:37 +0000] "GET /shop/dinophilus/hypersensuousness21203324059.html HTTP/1.1" 200 2917 "-" "meta-externalagent/1.1 (+https://developers.facebook.com/docs/sharing/webmasters/crawler)"
2a03:2880:f800:2b:: - - [16/Dec/2025:12:24:38 +0000] "GET /shop/telegraphical/blastocele24870165932.html HTTP/1.1" 200 2917 "-" "meta-externalagent/1.1 (+https://developers.facebook.com/docs/sharing/webmasters/crawler)"
2a03:2880:f800:3e:: - - [16/Dec/2025:12:24:38 +0000] "GET /shop/cyproterone/mechanics45451307156.html HTTP/1.1" 200 2917 "-" "meta-externalagent/1.1 (+https://developers.facebook.com/docs/sharing/webmasters/crawler)"
2a03:2880:f800:1f:: - - [16/Dec/2025:12:24:38 +0000] "GET /shop/splenocleisis/poddy45451167653.html HTTP/1.1" 200 2917 "-" "meta-externalagent/1.1 (+https://developers.facebook.com/docs/sharing/webmasters/crawler)"
207.46.13.86 - - [16/Dec/2025:12:24:39 +0000] "GET /shop/oversteps/okays28905411733.html HTTP/1.1" 200 2917 "-" "Mozilla/5.0 AppleWebKit/537.36 (KHTML, like Gecko; compatible; bingbot/2.0; +http://www.bing.com/bingbot.htm) Chrome/116.0.1938.76 Safari/537.36"
2a03:2880:f800:4b:: - - [16/Dec/2025:12:24:39 +0000] "GET /shop/realest/preparateur10729224557.html HTTP/1.1" 200 2917 "-" "meta-externalagent/1.1 (+https://developers.facebook.com/docs/sharing/webmasters/crawler)"
2a03:2880:f800:30:: - - [16/Dec/2025:12:24:39 +0000] "GET /shop/responders/lininess21414191706.html HTTP/1.1" 200 2917 "-" "meta-externalagent/1.1 (+https://developers.facebook.com/docs/sharing/webmasters/crawler)"
2a03:2880:f800:1f:: - - [16/Dec/2025:12:24:40 +0000] "GET /shop/prosobranchia/servitress10729106931.html HTTP/1.1" 200 2917 "-" "meta-externalagent/1.1 (+https://developers.facebook.com/docs/sharing/webmasters/crawler)"
2a03:2880:f800:1e:: - - [16/Dec/2025:12:24:40 +0000] "GET /shop/marrers/refrigerators28905397425.html HTTP/1.1" 200 2917 "-" "meta-externalagent/1.1 (+https://developers.facebook.com/docs/sharing/webmasters/crawler)"
2a03:2880:f800:3b:: - - [16/Dec/2025:12:24:41 +0000] "GET /shop/xeronate/recurved4656028493.html HTTP/1.1" 200 2917 "-" "meta-externalagent/1.1 (+https://developers.facebook.com/docs/sharing/webmasters/crawler)"
2a03:2880:f800:1b:: - - [16/Dec/2025:12:24:41 +0000] "GET /shop/amenance/reformingly10933418098.html HTTP/1.1" 200 2917 "-" "meta-externalagent/1.1 (+https://developers.facebook.com/docs/sharing/webmasters/crawler)"
2a03:2880:f800:1a:: - - [16/Dec/2025:12:24:42 +0000] "GET /shop/cicer/noninterdependently10729368784.html HTTP/1.1" 200 2917 "-" "meta-externalagent/1.1 (+https://developers.facebook.com/docs/sharing/webmasters/crawler)"
2a03:2880:f800:36:: - - [16/Dec/2025:12:24:42 +0000] "GET /shop/proto/adverbialize45451315710.html HTTP/1.1" 200 2917 "-" "meta-externalagent/1.1 (+https://developers.facebook.com/docs/sharing/webmasters/crawler)"
2a03:2880:f800:23:: - - [16/Dec/2025:12:24:43 +0000] "GET /shop/railhead/folios21414276927.html HTTP/1.1" 200 2917 "-" "meta-externalagent/1.1 (+https://developers.facebook.com/docs/sharing/webmasters/crawler)"
2a03:2880:f800:31:: - - [16/Dec/2025:12:24:44 +0000] "GET /shop/unpenetrably/heterakid24870269739.html HTTP/1.1" 200 2917 "-" "meta-externalagent/1.1 (+https://developers.facebook.com/docs/sharing/webmasters/crawler)"
2a03:2880:f800:2a:: - - [16/Dec/2025:12:24:44 +0000] "GET /shop/microcyte/jnd21414184784.html HTTP/1.1" 200 2917 "-" "meta-externalagent/1.1 (+https://developers.facebook.com/docs/sharing/webmasters/crawler)"
2a03:2880:f800:31:: - - [16/Dec/2025:12:24:45 +0000] "GET /shop/reinterring/unendorsable58584275082.html HTTP/1.1" 200 2917 "-" "meta-externalagent/1.1 (+https://developers.facebook.com/docs/sharing/webmasters/crawler)"
2a03:2880:f800:31:: - - [16/Dec/2025:12:24:45 +0000] "GET /shop/graecizes/yttrocolumbite5858472262.html HTTP/1.1" 200 2917 "-" "meta-externalagent/1.1 (+https://developers.facebook.com/docs/sharing/webmasters/crawler)"
2a03:2880:f800:2c:: - - [16/Dec/2025:12:24:46 +0000] "GET /shop/platymesocephalic/marattiales58584398291.html HTTP/1.1" 200 2917 "-" "meta-externalagent/1.1 (+https://developers.facebook.com/docs/sharing/webmasters/crawler)"
2a03:2880:f800:3:: - - [16/Dec/2025:12:24:46 +0000] "GET /shop/pastnesses/pharyngognathous45451222393.html HTTP/1.1" 200 2917 "-" "meta-externalagent/1.1 (+https://developers.facebook.com/docs/sharing/webmasters/crawler)"
2a03:2880:f800:21:: - - [16/Dec/2025:12:24:47 +0000] "GET /shop/awest/vigorousness10933305557.html HTTP/1.1" 200 2917 "-" "meta-externalagent/1.1 (+https://developers.facebook.com/docs/sharing/webmasters/crawler)"
2a03:2880:f800:2d:: - - [16/Dec/2025:12:24:47 +0000] "GET /shop/curveting/ternatipinnate248708148.html HTTP/1.1" 200 2917 "-" "meta-externalagent/1.1 (+https://developers.facebook.com/docs/sharing/webmasters/crawler)"
2a03:2880:f800:15:: - - [16/Dec/2025:12:24:48 +0000] "GET /shop/carragheen/sulphobutyric21414171266.html HTTP/1.1" 200 2917 "-" "meta-externalagent/1.1 (+https://developers.facebook.com/docs/sharing/webmasters/crawler)"
2a03:2880:f800:1a:: - - [16/Dec/2025:12:24:48 +0000] "GET /shop/intoxicate/cluttered45451221968.html HTTP/1.1" 200 2917 "-" "meta-externalagent/1.1 (+https://developers.facebook.com/docs/sharing/webmasters/crawler)"
2a03:2880:f800:2a:: - - [16/Dec/2025:12:24:49 +0000] "GET /shop/quinoid/garbardine31648304993.html HTTP/1.1" 200 2917 "-" "meta-externalagent/1.1 (+https://developers.facebook.com/docs/sharing/webmasters/crawler)"
2a03:2880:f800:39:: - - [16/Dec/2025:12:24:49 +0000] "GET /shop/nonsexual/clonks4656099595.html HTTP/1.1" 200 2917 "-" "meta-externalagent/1.1 (+https://developers.facebook.com/docs/sharing/webmasters/crawler)"
207.46.13.86 - - [16/Dec/2025:12:24:50 +0000] "GET /shop/improvisator/soliquids10729134233.html HTTP/1.1" 200 2917 "-" "Mozilla/5.0 AppleWebKit/537.36 (KHTML, like Gecko; compatible; bingbot/2.0; +http://www.bing.com/bingbot.htm) Chrome/116.0.1938.76 Safari/537.36"
2a03:2880:f800:31:: - - [16/Dec/2025:12:24:50 +0000] "GET /shop/pilings/overheard4656049779.html HTTP/1.1" 200 2917 "-" "meta-externalagent/1.1 (+https://developers.facebook.com/docs/sharing/webmasters/crawler)"
2a03:2880:f800:15:: - - [16/Dec/2025:12:24:50 +0000] "GET /shop/lymphangiomatous/reconstructor28905350665.html HTTP/1.1" 200 2917 "-" "meta-externalagent/1.1 (+https://developers.facebook.com/docs/sharing/webmasters/crawler)"
207.46.13.86 - - [16/Dec/2025:12:24:50 +0000] "GET /shop/clef/disbarred10933147848.html HTTP/1.1" 200 2917 "-" "Mozilla/5.0 AppleWebKit/537.36 (KHTML, like Gecko; compatible; bingbot/2.0; +http://www.bing.com/bingbot.htm) Chrome/116.0.1938.76 Safari/537.36"
2a03:2880:f800:4:: - - [16/Dec/2025:12:24:51 +0000] "GET /shop/elbowed/unmultiplying24870460.html HTTP/1.1" 200 2917 "-" "meta-externalagent/1.1 (+https://developers.facebook.com/docs/sharing/webmasters/crawler)"
2a03:2880:f800:10:: - - [16/Dec/2025:12:24:51 +0000] "GET /shop/oinochoai/barrelfuls10729314424.html HTTP/1.1" 200 2917 "-" "meta-externalagent/1.1 (+https://developers.facebook.com/docs/sharing/webmasters/crawler)"
2a03:2880:f800:7:: - - [16/Dec/2025:12:24:52 +0000] "GET /shop/hemerobius/apogeotropism10933192073.html HTTP/1.1" 200 2917 "-" "meta-externalagent/1.1 (+https://developers.facebook.com/docs/sharing/webmasters/crawler)"
2a03:2880:f800:31:: - - [16/Dec/2025:12:24:52 +0000] "GET /shop/intestineness/anteroclusion28905333686.html HTTP/1.1" 200 2917 "-" "meta-externalagent/1.1 (+https://developers.facebook.com/docs/sharing/webmasters/crawler)"
2a03:2880:f800:8:: - - [16/Dec/2025:12:24:52 +0000] "GET /shop/ghostfish/hydroxytryptamine31648312187.html HTTP/1.1" 200 2917 "-" "meta-externalagent/1.1 (+https://developers.facebook.com/docs/sharing/webmasters/crawler)"
2a03:2880:f800:5:: - - [16/Dec/2025:12:24:53 +0000] "GET /shop/fluidised/snobographer2890563821.html HTTP/1.1" 200 2917 "-" "meta-externalagent/1.1 (+https://developers.facebook.com/docs/sharing/webmasters/crawler)"
40.77.167.243 - - [16/Dec/2025:12:24:53 +0000] "GET /p/prod-14ne-992985 HTTP/1.1" 200 2917 "-" "Mozilla/5.0 AppleWebKit/537.36 (KHTML, like Gecko; compatible; bingbot/2.0; +http://www.bing.com/bingbot.htm) Chrome/116.0.1938.76 Safari/537.36"
2a03:2880:f800:28:: - - [16/Dec/2025:12:24:54 +0000] "GET /shop/mergansers/fraxetin46560214636.html HTTP/1.1" 200 2917 "-" "meta-externalagent/1.1 (+https://developers.facebook.com/docs/sharing/webmasters/crawler)"
2a03:2880:f800:10:: - - [16/Dec/2025:12:24:54 +0000] "GET /shop/pseudoscines/categorizer45451197155.html HTTP/1.1" 200 2917 "-" "meta-externalagent/1.1 (+https://developers.facebook.com/docs/sharing/webmasters/crawler)"
2a03:2880:f800:33:: - - [16/Dec/2025:12:24:54 +0000] "GET /shop/hoorays/bridgework10933126758.html HTTP/1.1" 200 2917 "-" "meta-externalagent/1.1 (+https://developers.facebook.com/docs/sharing/webmasters/crawler)"
2a03:2880:f800:1e:: - - [16/Dec/2025:12:24:55 +0000] "GET /shop/traipse/obnoxiously21203373397.html HTTP/1.1" 200 2917 "-" "meta-externalagent/1.1 (+https://developers.facebook.com/docs/sharing/webmasters/crawler)"
2a03:2880:f800:34:: - - [16/Dec/2025:12:24:56 +0000] "GET /shop/lag/twentypenny58584338307.html HTTP/1.1" 200 2917 "-" "meta-externalagent/1.1 (+https://developers.facebook.com/docs/sharing/webmasters/crawler)"
2a03:2880:f800:9:: - - [16/Dec/2025:12:24:56 +0000] "GET /shop/noticed/snubproof31648438722.html HTTP/1.1" 200 2917 "-" "meta-externalagent/1.1 (+https://developers.facebook.com/docs/sharing/webmasters/crawler)"
2a03:2880:f800:: - - [16/Dec/2025:12:24:56 +0000] "GET /shop/scleratogenous/ravelproof10729317847.html HTTP/1.1" 200 2917 "-" "meta-externalagent/1.1 (+https://developers.facebook.com/docs/sharing/webmasters/crawler)"
2a03:2880:f800:12:: - - [16/Dec/2025:12:24:57 +0000] "GET /shop/unspiciness/negligibly58584321242.html HTTP/1.1" 200 2917 "-" "meta-externalagent/1.1 (+https://developers.facebook.com/docs/sharing/webmasters/crawler)"
2a03:2880:f800:1c:: - - [16/Dec/2025:12:24:58 +0000] "GET /shop/moonling/galaxy1072999623.html HTTP/1.1" 200 2917 "-" "meta-externalagent/1.1 (+https://developers.facebook.com/docs/sharing/webmasters/crawler)"
2a03:2880:f800:1:: - - [16/Dec/2025:12:24:58 +0000] "GET /shop/volcanization/decider28905305095.html HTTP/1.1" 200 2917 "-" "meta-externalagent/1.1 (+https://developers.facebook.com/docs/sharing/webmasters/crawler)"
2a03:2880:f800:2c:: - - [16/Dec/2025:12:24:59 +0000] "GET /shop/spann/omnivoracious10729414356.html HTTP/1.1" 200 2917 "-" "meta-externalagent/1.1 (+https://developers.facebook.com/docs/sharing/webmasters/crawler)"
2a03:2880:f800:11:: - - [16/Dec/2025:12:24:59 +0000] "GET /shop/overpert/rhizophyte46560141535.html HTTP/1.1" 200 2917 "-" "meta-externalagent/1.1 (+https://developers.facebook.com/docs/sharing/webmasters/crawler)"
207.46.13.86 - - [16/Dec/2025:12:24:59 +0000] "GET /shop/unpiled/invalidity2890563694.html HTTP/1.1" 200 2917 "-" "Mozilla/5.0 AppleWebKit/537.36 (KHTML, like Gecko; compatible; bingbot/2.0; +http://www.bing.com/bingbot.htm) Chrome/116.0.1938.76 Safari/537.36"
2a03:2880:f800:4:: - - [16/Dec/2025:12:25:00 +0000] "GET /shop/mesotherm/currieries21414204065.html HTTP/1.1" 200 2917 "-" "meta-externalagent/1.1 (+https://developers.facebook.com/docs/sharing/webmasters/crawler)"
2a03:2880:f800:2f:: - - [16/Dec/2025:12:25:00 +0000] "GET /shop/tragicality/squibcrack28905322380.html HTTP/1.1" 200 2917 "-" "meta-externalagent/1.1 (+https://developers.facebook.com/docs/sharing/webmasters/crawler)"
2a03:2880:f800:2f:: - - [16/Dec/2025:12:25:00 +0000] "GET /shop/wormhole/shogi4545175467.html HTTP/1.1" 200 2917 "-" "meta-externalagent/1.1 (+https://developers.facebook.com/docs/sharing/webmasters/crawler)"
2a03:2880:f800:21:: - - [16/Dec/2025:12:25:01 +0000] "GET /shop/disembarked/rupiahs21203461746.html HTTP/1.1" 200 2917 "-" "meta-externalagent/1.1 (+https://developers.facebook.com/docs/sharing/webmasters/crawler)"
2603:3:6109:9bf0:: - - [16/Dec/2025:12:24:01 +0000] "GET /script.php HTTP/1.1" 200 1 "-" "curl/7.76.1"
85.208.96.203 - - [16/Dec/2025:12:25:02 +0000] "GET /shop/profanably/flamens21414272134.html HTTP/1.1" 200 2917 "-" "Mozilla/5.0 (compatible; SemrushBot/7~bl; +http://www.semrush.com/bot.html)"
2a03:2880:f800:49:: - - [16/Dec/2025:12:25:02 +0000] "GET /shop/verifier/seabeaches10729330029.html HTTP/1.1" 200 2917 "-" "meta-externalagent/1.1 (+https://developers.facebook.com/docs/sharing/webmasters/crawler)"
2a03:2880:f800:37:: - - [16/Dec/2025:12:25:02 +0000] "GET /shop/defiler/embiid24870339173.html HTTP/1.1" 200 2917 "-" "meta-externalagent/1.1 (+https://developers.facebook.com/docs/sharing/webmasters/crawler)"
2a03:2880:f800:31:: - - [16/Dec/2025:12:25:02 +0000] "GET /shop/avion/montero31648407863.html HTTP/1.1" 200 2917 "-" "meta-externalagent/1.1 (+https://developers.facebook.com/docs/sharing/webmasters/crawler)"
2a03:2880:f800:e:: - - [16/Dec/2025:12:25:03 +0000] "GET /shop/chetrums/outturn5858422294.html HTTP/1.1" 200 2917 "-" "meta-externalagent/1.1 (+https://developers.facebook.com/docs/sharing/webmasters/crawler)"
2a03:2880:f800:4d:: - - [16/Dec/2025:12:25:04 +0000] "GET /shop/bicched/superadministration45451410291.html HTTP/1.1" 200 2917 "-" "meta-externalagent/1.1 (+https://developers.facebook.com/docs/sharing/webmasters/crawler)"
2a03:2880:f800:33:: - - [16/Dec/2025:12:25:04 +0000] "GET /shop/gravidate/protarsus28905173231.html HTTP/1.1" 200 2917 "-" "meta-externalagent/1.1 (+https://developers.facebook.com/docs/sharing/webmasters/crawler)"
207.46.13.51 - - [16/Dec/2025:12:25:04 +0000] "GET /shop/retardence/unmajestically3164834606.html HTTP/1.1" 200 2917 "-" "Mozilla/5.0 AppleWebKit/537.36 (KHTML, like Gecko; compatible; bingbot/2.0; +http://www.bing.com/bingbot.htm) Chrome/116.0.1938.76 Safari/537.36"
2a03:2880:f800:3a:: - - [16/Dec/2025:12:25:04 +0000] "GET /shop/ungeared/untemperately10933414382.html HTTP/1.1" 200 2917 "-" "meta-externalagent/1.1 (+https://developers.facebook.com/docs/sharing/webmasters/crawler)"
207.46.13.51 - - [16/Dec/2025:12:25:05 +0000] "GET /p/prod-14ne-4990893 HTTP/1.1" 200 2917 "-" "Mozilla/5.0 AppleWebKit/537.36 (KHTML, like Gecko; compatible; bingbot/2.0; +http://www.bing.com/bingbot.htm) Chrome/116.0.1938.76 Safari/537.36"
2a03:2880:f800:a:: - - [16/Dec/2025:12:25:05 +0000] "GET /shop/repronunciation/pimentos58584343183.html HTTP/1.1" 200 2917 "-" "meta-externalagent/1.1 (+https://developers.facebook.com/docs/sharing/webmasters/crawler)"
2a03:2880:f800:2f:: - - [16/Dec/2025:12:25:06 +0000] "GET /shop/reendows/insnared24870327181.html HTTP/1.1" 200 2917 "-" "meta-externalagent/1.1 (+https://developers.facebook.com/docs/sharing/webmasters/crawler)"
2a03:2880:f800:1b:: - - [16/Dec/2025:12:25:06 +0000] "GET /shop/joss/undigged2120396789.html HTTP/1.1" 200 2917 "-" "meta-externalagent/1.1 (+https://developers.facebook.com/docs/sharing/webmasters/crawler)"
2a03:2880:f800:35:: - - [16/Dec/2025:12:25:07 +0000] "GET /shop/lodoicea/kingbirds31648429366.html HTTP/1.1" 200 2917 "-" "meta-externalagent/1.1 (+https://developers.facebook.com/docs/sharing/webmasters/crawler)"
2a03:2880:f800:c:: - - [16/Dec/2025:12:25:07 +0000] "GET /shop/unvitrified/whirlwinds31648138806.html HTTP/1.1" 200 2917 "-" "meta-externalagent/1.1 (+https://developers.facebook.com/docs/sharing/webmasters/crawler)"
207.46.13.51 - - [16/Dec/2025:12:25:07 +0000] "GET /p/prod-14ne-607612 HTTP/1.1" 200 2917 "-" "Mozilla/5.0 AppleWebKit/537.36 (KHTML, like Gecko; compatible; bingbot/2.0; +http://www.bing.com/bingbot.htm) Chrome/116.0.1938.76 Safari/537.36"
2a03:2880:f800:6:: - - [16/Dec/2025:12:25:07 +0000] "GET /shop/cytopyge/pompal58584405.html HTTP/1.1" 200 2917 "-" "meta-externalagent/1.1 (+https://developers.facebook.com/docs/sharing/webmasters/crawler)"
2a03:2880:f800:38:: - - [16/Dec/2025:12:25:08 +0000] "GET /shop/cupidone/crack21203125057.html HTTP/1.1" 200 2917 "-" "meta-externalagent/1.1 (+https://developers.facebook.com/docs/sharing/webmasters/crawler)"
2a03:2880:f800:2:: - - [16/Dec/2025:12:25:08 +0000] "GET /shop/nonacidity/hagrid1093359394.html HTTP/1.1" 200 2917 "-" "meta-externalagent/1.1 (+https://developers.facebook.com/docs/sharing/webmasters/crawler)"
2a03:2880:f800:14:: - - [16/Dec/2025:12:25:09 +0000] "GET /shop/atopite/delayingly10729409429.html HTTP/1.1" 200 2917 "-" "meta-externalagent/1.1 (+https://developers.facebook.com/docs/sharing/webmasters/crawler)"
207.46.13.86 - - [16/Dec/2025:12:25:10 +0000] "GET /p/prod-14ne-1112837 HTTP/1.1" 200 2917 "-" "Mozilla/5.0 AppleWebKit/537.36 (KHTML, like Gecko; compatible; bingbot/2.0; +http://www.bing.com/bingbot.htm) Chrome/116.0.1938.76 Safari/537.36"
2a03:2880:f800:39:: - - [16/Dec/2025:12:25:10 +0000] "GET /shop/fixups/anacrotism4656011106.html HTTP/1.1" 200 2917 "-" "meta-externalagent/1.1 (+https://developers.facebook.com/docs/sharing/webmasters/crawler)"
2a03:2880:f800:1d:: - - [16/Dec/2025:12:25:10 +0000] "GET /shop/paedagogism/dominicks46560110111.html HTTP/1.1" 200 2917 "-" "meta-externalagent/1.1 (+https://developers.facebook.com/docs/sharing/webmasters/crawler)"
207.46.13.86 - - [16/Dec/2025:12:25:10 +0000] "GET /p/prod-14ne-2485979 HTTP/1.1" 200 2917 "-" "Mozilla/5.0 AppleWebKit/537.36 (KHTML, like Gecko; compatible; bingbot/2.0; +http://www.bing.com/bingbot.htm) Chrome/116.0.1938.76 Safari/537.36"
2a03:2880:f800:5:: - - [16/Dec/2025:12:25:11 +0000] "GET /shop/arunta/stereotomist45451226983.html HTTP/1.1" 200 2917 "-" "meta-externalagent/1.1 (+https://developers.facebook.com/docs/sharing/webmasters/crawler)"
2a03:2880:f800:4a:: - - [16/Dec/2025:12:25:11 +0000] "GET /shop/blandishes/etymological45451234213.html HTTP/1.1" 200 2917 "-" "meta-externalagent/1.1 (+https://developers.facebook.com/docs/sharing/webmasters/crawler)"
2a03:2880:f800:11:: - - [16/Dec/2025:12:25:12 +0000] "GET /shop/outjut/unpatristical10729439818.html HTTP/1.1" 200 2917 "-" "meta-externalagent/1.1 (+https://developers.facebook.com/docs/sharing/webmasters/crawler)"
2a03:2880:f800:9:: - - [16/Dec/2025:12:25:12 +0000] "GET /shop/harmonici/witted4545186439.html HTTP/1.1" 200 2917 "-" "meta-externalagent/1.1 (+https://developers.facebook.com/docs/sharing/webmasters/crawler)"
2a03:2880:f800:3:: - - [16/Dec/2025:12:25:12 +0000] "GET /shop/fallible/glycemia1093385662.html HTTP/1.1" 200 2917 "-" "meta-externalagent/1.1 (+https://developers.facebook.com/docs/sharing/webmasters/crawler)"
2a03:2880:f800:32:: - - [16/Dec/2025:12:25:13 +0000] "GET /shop/iodines/individualist31648346207.html HTTP/1.1" 200 2917 "-" "meta-externalagent/1.1 (+https://developers.facebook.com/docs/sharing/webmasters/crawler)"
2a03:2880:f800:10:: - - [16/Dec/2025:12:25:14 +0000] "GET /shop/spongelet/prebromidic21203260966.html HTTP/1.1" 200 2917 "-" "meta-externalagent/1.1 (+https://developers.facebook.com/docs/sharing/webmasters/crawler)"
2a03:2880:f800:2d:: - - [16/Dec/2025:12:25:14 +0000] "GET /shop/furrily/mismeet2141491575.html HTTP/1.1" 200 2917 "-" "meta-externalagent/1.1 (+https://developers.facebook.com/docs/sharing/webmasters/crawler)"
2a03:2880:f800:49:: - - [16/Dec/2025:12:25:14 +0000] "GET /shop/slobbery/ruption10933321735.html HTTP/1.1" 200 2917 "-" "meta-externalagent/1.1 (+https://developers.facebook.com/docs/sharing/webmasters/crawler)"
2a03:2880:f800:2d:: - - [16/Dec/2025:12:25:15 +0000] "GET /shop/biblic/puntilla10729370032.html HTTP/1.1" 200 2917 "-" "meta-externalagent/1.1 (+https://developers.facebook.com/docs/sharing/webmasters/crawler)"
2a03:2880:f800:31:: - - [16/Dec/2025:12:25:15 +0000] "GET /shop/nadorite/runback31648316373.html HTTP/1.1" 200 2917 "-" "meta-externalagent/1.1 (+https://developers.facebook.com/docs/sharing/webmasters/crawler)"
2a03:2880:f800:2f:: - - [16/Dec/2025:12:25:16 +0000] "GET /shop/hicks/norcamphane28905377927.html HTTP/1.1" 200 2917 "-" "meta-externalagent/1.1 (+https://developers.facebook.com/docs/sharing/webmasters/crawler)"
2a03:2880:f800:4d:: - - [16/Dec/2025:12:25:17 +0000] "GET /shop/quinotannic/caretaker21414158066.html HTTP/1.1" 200 2917 "-" "meta-externalagent/1.1 (+https://developers.facebook.com/docs/sharing/webmasters/crawler)"
2a03:2880:f800:25:: - - [16/Dec/2025:12:25:17 +0000] "GET /shop/saturnity/ciceronic2120357790.html HTTP/1.1" 200 2917 "-" "meta-externalagent/1.1 (+https://developers.facebook.com/docs/sharing/webmasters/crawler)"
2a03:2880:f800:35:: - - [16/Dec/2025:12:25:18 +0000] "GET /shop/blip/polliwog10933366390.html HTTP/1.1" 200 2917 "-" "meta-externalagent/1.1 (+https://developers.facebook.com/docs/sharing/webmasters/crawler)"
207.46.13.51 - - [16/Dec/2025:12:25:18 +0000] "GET /shop/canell/transversally58584296953.html HTTP/1.1" 200 2917 "-" "Mozilla/5.0 AppleWebKit/537.36 (KHTML, like Gecko; compatible; bingbot/2.0; +http://www.bing.com/bingbot.htm) Chrome/116.0.1938.76 Safari/537.36"
2a03:2880:f800:21:: - - [16/Dec/2025:12:25:18 +0000] "GET /shop/rhizomatic/forethoughtful45451371673.html HTTP/1.1" 200 2917 "-" "meta-externalagent/1.1 (+https://developers.facebook.com/docs/sharing/webmasters/crawler)"
2a03:2880:f800:1f:: - - [16/Dec/2025:12:25:19 +0000] "GET /shop/pebbly/convener45451364746.html HTTP/1.1" 200 2917 "-" "meta-externalagent/1.1 (+https://developers.facebook.com/docs/sharing/webmasters/crawler)"
2a03:2880:f800:15:: - - [16/Dec/2025:12:25:19 +0000] "GET /shop/compositeness/wheat24870280443.html HTTP/1.1" 200 2917 "-" "meta-externalagent/1.1 (+https://developers.facebook.com/docs/sharing/webmasters/crawler)"
2a03:2880:f800:1b:: - - [16/Dec/2025:12:25:20 +0000] "GET /shop/ashing/pinnisect10933431525.html HTTP/1.1" 200 2917 "-" "meta-externalagent/1.1 (+https://developers.facebook.com/docs/sharing/webmasters/crawler)"
2a03:2880:f800:22:: - - [16/Dec/2025:12:25:20 +0000] "GET /shop/tenures/knuckling21203390480.html HTTP/1.1" 200 2917 "-" "meta-externalagent/1.1 (+https://developers.facebook.com/docs/sharing/webmasters/crawler)"
2a03:2880:f800:4c:: - - [16/Dec/2025:12:25:20 +0000] "GET /shop/embracers/reboast10933300419.html HTTP/1.1" 200 2917 "-" "meta-externalagent/1.1 (+https://developers.facebook.com/docs/sharing/webmasters/crawler)"
2a03:2880:f800:32:: - - [16/Dec/2025:12:25:21 +0000] "GET /shop/unhastened/amiray24870377727.html HTTP/1.1" 200 2917 "-" "meta-externalagent/1.1 (+https://developers.facebook.com/docs/sharing/webmasters/crawler)"
2a03:2880:f800:3e:: - - [16/Dec/2025:12:25:22 +0000] "GET /shop/yawled/imperite46560125655.html HTTP/1.1" 200 2917 "-" "meta-externalagent/1.1 (+https://developers.facebook.com/docs/sharing/webmasters/crawler)"
2a03:2880:f800:33:: - - [16/Dec/2025:12:25:22 +0000] "GET /shop/staminodia/nitrolamine21414166966.html HTTP/1.1" 200 2917 "-" "meta-externalagent/1.1 (+https://developers.facebook.com/docs/sharing/webmasters/crawler)"
2a03:2880:f800:15:: - - [16/Dec/2025:12:25:23 +0000] "GET /shop/topographies/filmizing10729300680.html HTTP/1.1" 200 2917 "-" "meta-externalagent/1.1 (+https://developers.facebook.com/docs/sharing/webmasters/crawler)"
2a03:2880:f800:15:: - - [16/Dec/2025:12:25:23 +0000] "GET /shop/omentum/tuberculated31648355927.html HTTP/1.1" 200 2917 "-" "meta-externalagent/1.1 (+https://developers.facebook.com/docs/sharing/webmasters/crawler)"
2a03:2880:f800:27:: - - [16/Dec/2025:12:25:23 +0000] "GET /shop/hydrohemothorax/tetrastichic58584330989.html HTTP/1.1" 200 2917 "-" "meta-externalagent/1.1 (+https://developers.facebook.com/docs/sharing/webmasters/crawler)"
2a03:2880:f800:29:: - - [16/Dec/2025:12:25:24 +0000] "GET /shop/aggrandising/tornarias10933119904.html HTTP/1.1" 200 2917 "-" "meta-externalagent/1.1 (+https://developers.facebook.com/docs/sharing/webmasters/crawler)"
2a03:2880:f800:3:: - - [16/Dec/2025:12:25:25 +0000] "GET /shop/demisable/smoothen45451376161.html HTTP/1.1" 200 2917 "-" "meta-externalagent/1.1 (+https://developers.facebook.com/docs/sharing/webmasters/crawler)"
2a03:2880:f800:45:: - - [16/Dec/2025:12:25:25 +0000] "GET /shop/berakah/corrosiveness21414263180.html HTTP/1.1" 200 2917 "-" "meta-externalagent/1.1 (+https://developers.facebook.com/docs/sharing/webmasters/crawler)"
2a03:2880:f800:48:: - - [16/Dec/2025:12:25:26 +0000] "GET /shop/offeree/warcrafts24870396044.html HTTP/1.1" 200 2917 "-" "meta-externalagent/1.1 (+https://developers.facebook.com/docs/sharing/webmasters/crawler)"
2a03:2880:f800:a:: - - [16/Dec/2025:12:25:26 +0000] "GET /shop/toplighted/exorcistic2890564111.html HTTP/1.1" 200 2917 "-" "meta-externalagent/1.1 (+https://developers.facebook.com/docs/sharing/webmasters/crawler)"
2a03:2880:f800:4:: - - [16/Dec/2025:12:25:26 +0000] "GET /shop/cognovit/fugacity24870330778.html HTTP/1.1" 200 2917 "-" "meta-externalagent/1.1 (+https://developers.facebook.com/docs/sharing/webmasters/crawler)"
2a03:2880:f800:7:: - - [16/Dec/2025:12:25:27 +0000] "GET /shop/sfm/mircrobicidal58584288586.html HTTP/1.1" 200 2917 "-" "meta-externalagent/1.1 (+https://developers.facebook.com/docs/sharing/webmasters/crawler)"
2a03:2880:f800:f:: - - [16/Dec/2025:12:25:28 +0000] "GET /shop/pyrenin/inodorous10933249449.html HTTP/1.1" 200 2917 "-" "meta-externalagent/1.1 (+https://developers.facebook.com/docs/sharing/webmasters/crawler)"
2a03:2880:f800:4d:: - - [16/Dec/2025:12:25:28 +0000] "GET /shop/dorab/linha10729235463.html HTTP/1.1" 200 2917 "-" "meta-externalagent/1.1 (+https://developers.facebook.com/docs/sharing/webmasters/crawler)"
2a03:2880:f800:19:: - - [16/Dec/2025:12:25:29 +0000] "GET /shop/unscooped/protonotions46560184048.html HTTP/1.1" 200 2917 "-" "meta-externalagent/1.1 (+https://developers.facebook.com/docs/sharing/webmasters/crawler)"
2a03:2880:f800:36:: - - [16/Dec/2025:12:25:29 +0000] "GET /shop/allotter/albinal21414206609.html HTTP/1.1" 200 2917 "-" "meta-externalagent/1.1 (+https://developers.facebook.com/docs/sharing/webmasters/crawler)"
2a03:2880:f800:36:: - - [16/Dec/2025:12:25:30 +0000] "GET /shop/disasterly/auditioned58584393397.html HTTP/1.1" 200 2917 "-" "meta-externalagent/1.1 (+https://developers.facebook.com/docs/sharing/webmasters/crawler)"
157.55.39.200 - - [16/Dec/2025:12:25:30 +0000] "GET /p/prod-14ne-720976 HTTP/1.1" 200 2917 "-" "Mozilla/5.0 AppleWebKit/537.36 (KHTML, like Gecko; compatible; bingbot/2.0; +http://www.bing.com/bingbot.htm) Chrome/116.0.1938.76 Safari/537.36"
2a03:2880:f800:2a:: - - [16/Dec/2025:12:25:30 +0000] "GET /shop/voyeurism/netts5858415709.html HTTP/1.1" 200 2917 "-" "meta-externalagent/1.1 (+https://developers.facebook.com/docs/sharing/webmasters/crawler)"
2a03:2880:f800:27:: - - [16/Dec/2025:12:25:31 +0000] "GET /shop/indimensional/irreproachableness5858467954.html HTTP/1.1" 200 2917 "-" "meta-externalagent/1.1 (+https://developers.facebook.com/docs/sharing/webmasters/crawler)"
2a03:2880:f800:12:: - - [16/Dec/2025:12:25:31 +0000] "GET /shop/unexalting/volcanological21203246570.html HTTP/1.1" 200 2917 "-" "meta-externalagent/1.1 (+https://developers.facebook.com/docs/sharing/webmasters/crawler)"
2a03:2880:f800:4a:: - - [16/Dec/2025:12:25:31 +0000] "GET /shop/ungruesome/pyknotic2120343386.html HTTP/1.1" 200 2917 "-" "meta-externalagent/1.1 (+https://developers.facebook.com/docs/sharing/webmasters/crawler)"
2a03:2880:f800:45:: - - [16/Dec/2025:12:25:32 +0000] "GET /shop/pocky/overtasked58584375801.html HTTP/1.1" 200 2917 "-" "meta-externalagent/1.1 (+https://developers.facebook.com/docs/sharing/webmasters/crawler)"
2a03:2880:f800:38:: - - [16/Dec/2025:12:25:33 +0000] "GET /shop/canthathari/fallaway109336389.html HTTP/1.1" 200 2917 "-" "meta-externalagent/1.1 (+https://developers.facebook.com/docs/sharing/webmasters/crawler)"
2a03:2880:f800:4:: - - [16/Dec/2025:12:25:33 +0000] "GET /shop/pepla/phantomnation10933183166.html HTTP/1.1" 200 2917 "-" "meta-externalagent/1.1 (+https://developers.facebook.com/docs/sharing/webmasters/crawler)"
2a03:2880:f800:27:: - - [16/Dec/2025:12:25:34 +0000] "GET /shop/burian/midsentence24870278907.html HTTP/1.1" 200 2917 "-" "meta-externalagent/1.1 (+https://developers.facebook.com/docs/sharing/webmasters/crawler)"
2a03:2880:f800:28:: - - [16/Dec/2025:12:25:34 +0000] "GET /shop/triticeous/dipneumones24870369796.html HTTP/1.1" 200 2917 "-" "meta-externalagent/1.1 (+https://developers.facebook.com/docs/sharing/webmasters/crawler)"
207.46.13.51 - - [16/Dec/2025:12:25:35 +0000] "GET /p/prod-14ne-667485 HTTP/1.1" 200 2917 "-" "Mozilla/5.0 AppleWebKit/537.36 (KHTML, like Gecko; compatible; bingbot/2.0; +http://www.bing.com/bingbot.htm) Chrome/116.0.1938.76 Safari/537.36"
2a03:2880:f800:3:: - - [16/Dec/2025:12:25:35 +0000] "GET /shop/whing/clavieristic1072916753.html HTTP/1.1" 200 2917 "-" "meta-externalagent/1.1 (+https://developers.facebook.com/docs/sharing/webmasters/crawler)"
2a03:2880:f800:5:: - - [16/Dec/2025:12:25:35 +0000] "GET /shop/chided/staphylomycosis46560100827.html HTTP/1.1" 200 2917 "-" "meta-externalagent/1.1 (+https://developers.facebook.com/docs/sharing/webmasters/crawler)"
207.46.13.51 - - [16/Dec/2025:12:25:36 +0000] "GET /p/prod-14ne-251912 HTTP/1.1" 200 2917 "-" "Mozilla/5.0 AppleWebKit/537.36 (KHTML, like Gecko; compatible; bingbot/2.0; +http://www.bing.com/bingbot.htm) Chrome/116.0.1938.76 Safari/537.36"
2a03:2880:f800:3a:: - - [16/Dec/2025:12:25:36 +0000] "GET /shop/mistemper/dissimilating24870400002.html HTTP/1.1" 200 2917 "-" "meta-externalagent/1.1 (+https://developers.facebook.com/docs/sharing/webmasters/crawler)"
2a03:2880:f800:4b:: - - [16/Dec/2025:12:25:36 +0000] "GET /shop/hawknosed/intratropical21414252210.html HTTP/1.1" 200 2917 "-" "meta-externalagent/1.1 (+https://developers.facebook.com/docs/sharing/webmasters/crawler)"
2a03:2880:f800:31:: - - [16/Dec/2025:12:25:37 +0000] "GET /shop/cachinate/insincerely45451325432.html HTTP/1.1" 200 2917 "-" "meta-externalagent/1.1 (+https://developers.facebook.com/docs/sharing/webmasters/crawler)"
2a03:2880:f800:4:: - - [16/Dec/2025:12:25:37 +0000] "GET /shop/nonrestrictedly/unstaginess21203411208.html HTTP/1.1" 200 2917 "-" "meta-externalagent/1.1 (+https://developers.facebook.com/docs/sharing/webmasters/crawler)"
2a03:2880:f800:34:: - - [16/Dec/2025:12:25:37 +0000] "GET /shop/superdainty/postdiastolic4656025428.html HTTP/1.1" 200 2917 "-" "meta-externalagent/1.1 (+https://developers.facebook.com/docs/sharing/webmasters/crawler)"
2a03:2880:f800:14:: - - [16/Dec/2025:12:25:38 +0000] "GET /shop/instressed/cuinfo24870230559.html HTTP/1.1" 200 2917 "-" "meta-externalagent/1.1 (+https://developers.facebook.com/docs/sharing/webmasters/crawler)"
40.77.167.243 - - [16/Dec/2025:12:25:39 +0000] "GET /p/prod-14ne-4727137 HTTP/1.1" 200 2917 "-" "Mozilla/5.0 AppleWebKit/537.36 (KHTML, like Gecko; compatible; bingbot/2.0; +http://www.bing.com/bingbot.htm) Chrome/116.0.1938.76 Safari/537.36"
2a03:2880:f800:2f:: - - [16/Dec/2025:12:25:39 +0000] "GET /shop/alantolic/tabularia21414132170.html HTTP/1.1" 200 2917 "-" "meta-externalagent/1.1 (+https://developers.facebook.com/docs/sharing/webmasters/crawler)"
2a03:2880:f800:3a:: - - [16/Dec/2025:12:25:39 +0000] "GET /shop/aulostoma/bonkers58584368913.html HTTP/1.1" 200 2917 "-" "meta-externalagent/1.1 (+https://developers.facebook.com/docs/sharing/webmasters/crawler)"
2a03:2880:f800:7:: - - [16/Dec/2025:12:25:40 +0000] "GET /shop/festoonery/bajardo45451386994.html HTTP/1.1" 200 2917 "-" "meta-externalagent/1.1 (+https://developers.facebook.com/docs/sharing/webmasters/crawler)"
2a03:2880:f800:16:: - - [16/Dec/2025:12:25:40 +0000] "GET /shop/picosecond/reaggravation45451346548.html HTTP/1.1" 200 2917 "-" "meta-externalagent/1.1 (+https://developers.facebook.com/docs/sharing/webmasters/crawler)"
2a03:2880:f800:1d:: - - [16/Dec/2025:12:25:40 +0000] "GET /shop/glub/joule58584358628.html HTTP/1.1" 200 2917 "-" "meta-externalagent/1.1 (+https://developers.facebook.com/docs/sharing/webmasters/crawler)"
2a03:2880:f800:38:: - - [16/Dec/2025:12:25:41 +0000] "GET /shop/amygdaloid/whistness21203384953.html HTTP/1.1" 200 2917 "-" "meta-externalagent/1.1 (+https://developers.facebook.com/docs/sharing/webmasters/crawler)"
2a03:2880:f800:1d:: - - [16/Dec/2025:12:25:42 +0000] "GET /shop/unhopefulness/graftage28905336657.html HTTP/1.1" 200 2917 "-" "meta-externalagent/1.1 (+https://developers.facebook.com/docs/sharing/webmasters/crawler)"
2a03:2880:f800:5:: - - [16/Dec/2025:12:25:42 +0000] "GET /shop/pantheists/missend31648336111.html HTTP/1.1" 200 2917 "-" "meta-externalagent/1.1 (+https://developers.facebook.com/docs/sharing/webmasters/crawler)"
2a03:2880:f800:22:: - - [16/Dec/2025:12:25:43 +0000] "GET /shop/ciphony/phoresis4545180064.html HTTP/1.1" 200 2917 "-" "meta-externalagent/1.1 (+https://developers.facebook.com/docs/sharing/webmasters/crawler)"
2a03:2880:f800:32:: - - [16/Dec/2025:12:25:43 +0000] "GET /shop/scriptwriter/newfish2890561699.html HTTP/1.1" 200 2917 "-" "meta-externalagent/1.1 (+https://developers.facebook.com/docs/sharing/webmasters/crawler)"
2a03:2880:f800:3a:: - - [16/Dec/2025:12:25:44 +0000] "GET /shop/arborolatry/attain31648304510.html HTTP/1.1" 200 2917 "-" "meta-externalagent/1.1 (+https://developers.facebook.com/docs/sharing/webmasters/crawler)"
2a03:2880:f800:7:: - - [16/Dec/2025:12:25:44 +0000] "GET /shop/stepdames/vocalises21414273171.html HTTP/1.1" 200 2917 "-" "meta-externalagent/1.1 (+https://developers.facebook.com/docs/sharing/webmasters/crawler)"
2a03:2880:f800:35:: - - [16/Dec/2025:12:25:44 +0000] "GET /shop/improbatory/bringall21203400847.html HTTP/1.1" 200 2917 "-" "meta-externalagent/1.1 (+https://developers.facebook.com/docs/sharing/webmasters/crawler)"
157.55.39.200 - - [16/Dec/2025:12:25:45 +0000] "GET /p/prod-14ne-4243642 HTTP/1.1" 200 2917 "-" "Mozilla/5.0 AppleWebKit/537.36 (KHTML, like Gecko; compatible; bingbot/2.0; +http://www.bing.com/bingbot.htm) Chrome/116.0.1938.76 Safari/537.36"
40.77.167.27 - - [16/Dec/2025:12:25:45 +0000] "GET /p/prod-54ne-49179 HTTP/1.1" 200 2917 "-" "Mozilla/5.0 AppleWebKit/537.36 (KHTML, like Gecko; compatible; bingbot/2.0; +http://www.bing.com/bingbot.htm) Chrome/116.0.1938.76 Safari/537.36"
157.55.39.200 - - [16/Dec/2025:12:25:46 +0000] "GET /p/prod-14ne-788712 HTTP/1.1" 200 2917 "-" "Mozilla/5.0 AppleWebKit/537.36 (KHTML, like Gecko; compatible; bingbot/2.0; +http://www.bing.com/bingbot.htm) Chrome/116.0.1938.76 Safari/537.36"
2a03:2880:f800:26:: - - [16/Dec/2025:12:25:46 +0000] "GET /shop/schoolmarm/imperious31648197644.html HTTP/1.1" 200 2917 "-" "meta-externalagent/1.1 (+https://developers.facebook.com/docs/sharing/webmasters/crawler)"
