2a03:2880:f800:19:: - - [16/Dec/2025:12:38:43 +0000] "GET /shop/automobilists/moonrat21414129527.html HTTP/1.1" 200 2917 "-" "meta-externalagent/1.1 (+https://developers.facebook.com/docs/sharing/webmasters/crawler)"
207.46.13.31 - - [16/Dec/2025:12:38:43 +0000] "GET /p/prod-14ne-182852 HTTP/1.1" 200 2917 "-" "Mozilla/5.0 AppleWebKit/537.36 (KHTML, like Gecko; compatible; bingbot/2.0; +http://www.bing.com/bingbot.htm) Chrome/116.0.1938.76 Safari/537.36"
2a03:2880:f800:23:: - - [16/Dec/2025:12:38:43 +0000] "GET /shop/multivocality/oilcups31648343439.html HTTP/1.1" 200 2917 "-" "meta-externalagent/1.1 (+https://developers.facebook.com/docs/sharing/webmasters/crawler)"
2a03:2880:f800:35:: - - [16/Dec/2025:12:38:43 +0000] "GET /shop/diaclinal/paratoluic58584272764.html HTTP/1.1" 200 2917 "-" "meta-externalagent/1.1 (+https://developers.facebook.com/docs/sharing/webmasters/crawler)"
207.46.13.31 - - [16/Dec/2025:12:38:44 +0000] "GET /p/prod-14ne-1376981 HTTP/1.1" 200 2917 "-" "Mozilla/5.0 AppleWebKit/537.36 (KHTML, like Gecko; compatible; bingbot/2.0; +http://www.bing.com/bingbot.htm) Chrome/116.0.1938.76 Safari/537.36"
2a03:2880:f800:27:: - - [16/Dec/2025:12:38:44 +0000] "GET /shop/caudal/aerodone58584306108.html HTTP/1.1" 200 2917 "-" "meta-externalagent/1.1 (+https://developers.facebook.com/docs/sharing/webmasters/crawler)"
2a03:2880:f800:1a:: - - [16/Dec/2025:12:38:44 +0000] "GET /shop/kilocycles/asiento2141450432.html HTTP/1.1" 200 2917 "-" "meta-externalagent/1.1 (+https://developers.facebook.com/docs/sharing/webmasters/crawler)"
2a03:2880:f800:37:: - - [16/Dec/2025:12:38:45 +0000] "GET /shop/oriently/synalgic10933328163.html HTTP/1.1" 200 2917 "-" "meta-externalagent/1.1 (+https://developers.facebook.com/docs/sharing/webmasters/crawler)"
2a03:2880:f800:27:: - - [16/Dec/2025:12:38:45 +0000] "GET /shop/pathologicoanatomical/reserpinized58584202775.html HTTP/1.1" 200 2917 "-" "meta-externalagent/1.1 (+https://developers.facebook.com/docs/sharing/webmasters/crawler)"
2a03:2880:f800:3d:: - - [16/Dec/2025:12:38:45 +0000] "GET /shop/tauriferous/overorganizing28905338537.html HTTP/1.1" 200 2917 "-" "meta-externalagent/1.1 (+https://developers.facebook.com/docs/sharing/webmasters/crawler)"
207.46.13.31 - - [16/Dec/2025:12:38:46 +0000] "GET /shop/hippen/neoparaffin58584376582.html HTTP/1.1" 200 2917 "-" "Mozilla/5.0 AppleWebKit/537.36 (KHTML, like Gecko; compatible; bingbot/2.0; +http://www.bing.com/bingbot.htm) Chrome/116.0.1938.76 Safari/537.36"
2a03:2880:f800:33:: - - [16/Dec/2025:12:38:46 +0000] "GET /shop/aplanobacter/penetrativity21414125787.html HTTP/1.1" 200 2917 "-" "meta-externalagent/1.1 (+https://developers.facebook.com/docs/sharing/webmasters/crawler)"
2a03:2880:f800:4d:: - - [16/Dec/2025:12:38:47 +0000] "GET /shop/macled/raiments10729131389.html HTTP/1.1" 200 2917 "-" "meta-externalagent/1.1 (+https://developers.facebook.com/docs/sharing/webmasters/crawler)"
2a03:2880:f800:36:: - - [16/Dec/2025:12:38:47 +0000] "GET /shop/thioantimoniate/asthmatic5858492603.html HTTP/1.1" 200 2917 "-" "meta-externalagent/1.1 (+https://developers.facebook.com/docs/sharing/webmasters/crawler)"
2a03:2880:f800:a:: - - [16/Dec/2025:12:38:47 +0000] "GET /shop/lapeirousia/improver31648454571.html HTTP/1.1" 200 2917 "-" "meta-externalagent/1.1 (+https://developers.facebook.com/docs/sharing/webmasters/crawler)"
2a03:2880:f800:25:: - - [16/Dec/2025:12:38:48 +0000] "GET /shop/caoutchin/skunkdom21203112005.html HTTP/1.1" 200 2917 "-" "meta-externalagent/1.1 (+https://developers.facebook.com/docs/sharing/webmasters/crawler)"
2a03:2880:f800:1:: - - [16/Dec/2025:12:38:49 +0000] "GET /shop/undermines/technonomy45451124271.html HTTP/1.1" 200 2917 "-" "meta-externalagent/1.1 (+https://developers.facebook.com/docs/sharing/webmasters/crawler)"
2a03:2880:f800:4:: - - [16/Dec/2025:12:38:50 +0000] "GET /shop/obfuscator/unsconced45451316362.html HTTP/1.1" 200 2917 "-" "meta-externalagent/1.1 (+https://developers.facebook.com/docs/sharing/webmasters/crawler)"
2a03:2880:f800:9:: - - [16/Dec/2025:12:38:50 +0000] "GET /shop/skinning/mawkingly46560135114.html HTTP/1.1" 200 2917 "-" "meta-externalagent/1.1 (+https://developers.facebook.com/docs/sharing/webmasters/crawler)"
2a03:2880:f800:24:: - - [16/Dec/2025:12:38:50 +0000] "GET /shop/gastralgia/hydroida28905108647.html HTTP/1.1" 200 2917 "-" "meta-externalagent/1.1 (+https://developers.facebook.com/docs/sharing/webmasters/crawler)"
207.46.13.31 - - [16/Dec/2025:12:38:51 +0000] "GET /p/prod-14ne-2161379 HTTP/1.1" 200 2917 "-" "Mozilla/5.0 AppleWebKit/537.36 (KHTML, like Gecko; compatible; bingbot/2.0; +http://www.bing.com/bingbot.htm) Chrome/116.0.1938.76 Safari/537.36"
2a03:2880:f800:16:: - - [16/Dec/2025:12:38:51 +0000] "GET /shop/transfix/shooled10729137306.html HTTP/1.1" 200 2917 "-" "meta-externalagent/1.1 (+https://developers.facebook.com/docs/sharing/webmasters/crawler)"
2a03:2880:f800:b:: - - [16/Dec/2025:12:38:52 +0000] "GET /shop/freedwomen/uptakes58584375569.html HTTP/1.1" 200 2917 "-" "meta-externalagent/1.1 (+https://developers.facebook.com/docs/sharing/webmasters/crawler)"
2a03:2880:f800:24:: - - [16/Dec/2025:12:38:52 +0000] "GET /shop/nonbulbous/praetors21203271588.html HTTP/1.1" 200 2917 "-" "meta-externalagent/1.1 (+https://developers.facebook.com/docs/sharing/webmasters/crawler)"
2a03:2880:f800:36:: - - [16/Dec/2025:12:38:53 +0000] "GET /shop/monadically/rotonda58584206489.html HTTP/1.1" 200 2917 "-" "meta-externalagent/1.1 (+https://developers.facebook.com/docs/sharing/webmasters/crawler)"
2a03:2880:f800:20:: - - [16/Dec/2025:12:38:53 +0000] "GET /shop/reconcentration/venetes4545176951.html HTTP/1.1" 200 2917 "-" "meta-externalagent/1.1 (+https://developers.facebook.com/docs/sharing/webmasters/crawler)"
2a03:2880:f800:1:: - - [16/Dec/2025:12:38:54 +0000] "GET /shop/elaborately/talukdari5858480026.html HTTP/1.1" 200 2917 "-" "meta-externalagent/1.1 (+https://developers.facebook.com/docs/sharing/webmasters/crawler)"
2a03:2880:f800:33:: - - [16/Dec/2025:12:38:54 +0000] "GET /shop/captors/boatmen21414174361.html HTTP/1.1" 200 2917 "-" "meta-externalagent/1.1 (+https://developers.facebook.com/docs/sharing/webmasters/crawler)"
2a03:2880:f800:30:: - - [16/Dec/2025:12:38:54 +0000] "GET /shop/hydrohemothorax/antitussive21203377171.html HTTP/1.1" 200 2917 "-" "meta-externalagent/1.1 (+https://developers.facebook.com/docs/sharing/webmasters/crawler)"
207.46.13.54 - - [16/Dec/2025:12:38:55 +0000] "GET /p/prod-14ne-4368280 HTTP/1.1" 200 2917 "-" "Mozilla/5.0 AppleWebKit/537.36 (KHTML, like Gecko; compatible; bingbot/2.0; +http://www.bing.com/bingbot.htm) Chrome/116.0.1938.76 Safari/537.36"
2a03:2880:f800:37:: - - [16/Dec/2025:12:38:55 +0000] "GET /shop/buffets/ceratothecae45451359650.html HTTP/1.1" 200 2917 "-" "meta-externalagent/1.1 (+https://developers.facebook.com/docs/sharing/webmasters/crawler)"
2a03:2880:f800:31:: - - [16/Dec/2025:12:38:56 +0000] "GET /shop/plurilingualist/obumbrant58584149162.html HTTP/1.1" 200 2917 "-" "meta-externalagent/1.1 (+https://developers.facebook.com/docs/sharing/webmasters/crawler)"
2a03:2880:f800:19:: - - [16/Dec/2025:12:38:56 +0000] "GET /shop/nonaccidentally/orthophoria4656089828.html HTTP/1.1" 200 2917 "-" "meta-externalagent/1.1 (+https://developers.facebook.com/docs/sharing/webmasters/crawler)"
2a03:2880:f800:49:: - - [16/Dec/2025:12:38:56 +0000] "GET /shop/secaline/sanskrit45451363816.html HTTP/1.1" 200 2917 "-" "meta-externalagent/1.1 (+https://developers.facebook.com/docs/sharing/webmasters/crawler)"
2a03:2880:f800:23:: - - [16/Dec/2025:12:38:57 +0000] "GET /shop/extinguished/unpens28905391236.html HTTP/1.1" 200 2917 "-" "meta-externalagent/1.1 (+https://developers.facebook.com/docs/sharing/webmasters/crawler)"
2a03:2880:f800:4c:: - - [16/Dec/2025:12:38:58 +0000] "GET /shop/altercations/pricefixing10933431571.html HTTP/1.1" 200 2917 "-" "meta-externalagent/1.1 (+https://developers.facebook.com/docs/sharing/webmasters/crawler)"
2a03:2880:f800:a:: - - [16/Dec/2025:12:38:58 +0000] "GET /shop/sasses/botrychium10933431718.html HTTP/1.1" 200 2917 "-" "meta-externalagent/1.1 (+https://developers.facebook.com/docs/sharing/webmasters/crawler)"
2a03:2880:f800:12:: - - [16/Dec/2025:12:38:58 +0000] "GET /shop/glumpish/endoscopies2141448202.html HTTP/1.1" 200 2917 "-" "meta-externalagent/1.1 (+https://developers.facebook.com/docs/sharing/webmasters/crawler)"
2a03:2880:f800:45:: - - [16/Dec/2025:12:38:59 +0000] "GET /shop/bronchoplasty/gidgee28905428402.html HTTP/1.1" 200 2917 "-" "meta-externalagent/1.1 (+https://developers.facebook.com/docs/sharing/webmasters/crawler)"
2a03:2880:f800:e:: - - [16/Dec/2025:12:38:59 +0000] "GET /shop/pregenerating/frowner58584368415.html HTTP/1.1" 200 2917 "-" "meta-externalagent/1.1 (+https://developers.facebook.com/docs/sharing/webmasters/crawler)"
2a03:2880:f800:33:: - - [16/Dec/2025:12:39:00 +0000] "GET /shop/trocheameter/pregnant45451396309.html HTTP/1.1" 200 2917 "-" "meta-externalagent/1.1 (+https://developers.facebook.com/docs/sharing/webmasters/crawler)"
40.77.167.151 - - [16/Dec/2025:12:39:00 +0000] "GET /p/prod-57ne-12885 HTTP/1.1" 200 2917 "-" "Mozilla/5.0 AppleWebKit/537.36 (KHTML, like Gecko; compatible; bingbot/2.0; +http://www.bing.com/bingbot.htm) Chrome/116.0.1938.76 Safari/537.36"
2a03:2880:f800:49:: - - [16/Dec/2025:12:39:00 +0000] "GET /shop/incompetent/complutensian2141421487.html HTTP/1.1" 200 2917 "-" "meta-externalagent/1.1 (+https://developers.facebook.com/docs/sharing/webmasters/crawler)"
2a03:2880:f800:33:: - - [16/Dec/2025:12:39:01 +0000] "GET /shop/staph/lotophagous10729428700.html HTTP/1.1" 200 2917 "-" "meta-externalagent/1.1 (+https://developers.facebook.com/docs/sharing/webmasters/crawler)"
2a03:2880:f800:d:: - - [16/Dec/2025:12:39:01 +0000] "GET /shop/ferngale/undernourish4545158575.html HTTP/1.1" 200 2917 "-" "meta-externalagent/1.1 (+https://developers.facebook.com/docs/sharing/webmasters/crawler)"
40.77.167.151 - - [16/Dec/2025:12:39:02 +0000] "GET /shop/contradistinctive/mugiency58584314416.html HTTP/1.1" 200 2917 "-" "Mozilla/5.0 AppleWebKit/537.36 (KHTML, like Gecko; compatible; bingbot/2.0; +http://www.bing.com/bingbot.htm) Chrome/116.0.1938.76 Safari/537.36"
2603:3:6109:9bf0:: - - [16/Dec/2025:12:38:02 +0000] "GET /script.php HTTP/1.1" 200 1 "-" "curl/7.76.1"
2a03:2880:f800:5:: - - [16/Dec/2025:12:39:02 +0000] "GET /shop/befetter/munichism2890510163.html HTTP/1.1" 200 2917 "-" "meta-externalagent/1.1 (+https://developers.facebook.com/docs/sharing/webmasters/crawler)"
2a03:2880:f800:32:: - - [16/Dec/2025:12:39:02 +0000] "GET /shop/reexamination/counterweight45451373322.html HTTP/1.1" 200 2917 "-" "meta-externalagent/1.1 (+https://developers.facebook.com/docs/sharing/webmasters/crawler)"
2a03:2880:f800:45:: - - [16/Dec/2025:12:39:02 +0000] "GET /shop/subsatellite/splits28905424409.html HTTP/1.1" 200 2917 "-" "meta-externalagent/1.1 (+https://developers.facebook.com/docs/sharing/webmasters/crawler)"
2a03:2880:f800:37:: - - [16/Dec/2025:12:39:03 +0000] "GET /shop/encyclopaedian/revolvency31648390435.html HTTP/1.1" 200 2917 "-" "meta-externalagent/1.1 (+https://developers.facebook.com/docs/sharing/webmasters/crawler)"
2a03:2880:f800:19:: - - [16/Dec/2025:12:39:04 +0000] "GET /shop/verdant/overbrightness21414285161.html HTTP/1.1" 200 2917 "-" "meta-externalagent/1.1 (+https://developers.facebook.com/docs/sharing/webmasters/crawler)"
2a03:2880:f800:16:: - - [16/Dec/2025:12:39:04 +0000] "GET /shop/wah/erythrogonium10729309495.html HTTP/1.1" 200 2917 "-" "meta-externalagent/1.1 (+https://developers.facebook.com/docs/sharing/webmasters/crawler)"
2a03:2880:f800:45:: - - [16/Dec/2025:12:39:05 +0000] "GET /shop/pelopaeus/recodifying1072996880.html HTTP/1.1" 200 2917 "-" "meta-externalagent/1.1 (+https://developers.facebook.com/docs/sharing/webmasters/crawler)"
2a03:2880:f800:4b:: - - [16/Dec/2025:12:39:05 +0000] "GET /shop/wafery/gray45451181797.html HTTP/1.1" 200 2917 "-" "meta-externalagent/1.1 (+https://developers.facebook.com/docs/sharing/webmasters/crawler)"
2a03:2880:f800:20:: - - [16/Dec/2025:12:39:06 +0000] "GET /shop/contradicted/unstubbornly4545193973.html HTTP/1.1" 200 2917 "-" "meta-externalagent/1.1 (+https://developers.facebook.com/docs/sharing/webmasters/crawler)"
2a03:2880:f800:1d:: - - [16/Dec/2025:12:39:06 +0000] "GET /shop/ovulating/photointaglio21414252435.html HTTP/1.1" 200 2917 "-" "meta-externalagent/1.1 (+https://developers.facebook.com/docs/sharing/webmasters/crawler)"
2a03:2880:f800:d:: - - [16/Dec/2025:12:39:07 +0000] "GET /shop/interbranchial/pseudocelian10933192959.html HTTP/1.1" 200 2917 "-" "meta-externalagent/1.1 (+https://developers.facebook.com/docs/sharing/webmasters/crawler)"
2a03:2880:f800:2e:: - - [16/Dec/2025:12:39:07 +0000] "GET /shop/hobnob/triac4545125648.html HTTP/1.1" 200 2917 "-" "meta-externalagent/1.1 (+https://developers.facebook.com/docs/sharing/webmasters/crawler)"
2a03:2880:f800:32:: - - [16/Dec/2025:12:39:08 +0000] "GET /shop/genecology/clusters58584392000.html HTTP/1.1" 200 2917 "-" "meta-externalagent/1.1 (+https://developers.facebook.com/docs/sharing/webmasters/crawler)"
2a03:2880:f800:33:: - - [16/Dec/2025:12:39:08 +0000] "GET /shop/niobate/diplasion10933119345.html HTTP/1.1" 200 2917 "-" "meta-externalagent/1.1 (+https://developers.facebook.com/docs/sharing/webmasters/crawler)"
2a03:2880:f800:14:: - - [16/Dec/2025:12:39:09 +0000] "GET /shop/preimportantly/falsely28905409370.html HTTP/1.1" 200 2917 "-" "meta-externalagent/1.1 (+https://developers.facebook.com/docs/sharing/webmasters/crawler)"
2a03:2880:f800:28:: - - [16/Dec/2025:12:39:10 +0000] "GET /shop/forseek/disproval28905112534.html HTTP/1.1" 200 2917 "-" "meta-externalagent/1.1 (+https://developers.facebook.com/docs/sharing/webmasters/crawler)"
2a03:2880:f800:3b:: - - [16/Dec/2025:12:39:10 +0000] "GET /shop/pinnigrade/unseamanlike2141416260.html HTTP/1.1" 200 2917 "-" "meta-externalagent/1.1 (+https://developers.facebook.com/docs/sharing/webmasters/crawler)"
2a03:2880:f800:a:: - - [16/Dec/2025:12:39:10 +0000] "GET /shop/centare/saddened4656085377.html HTTP/1.1" 200 2917 "-" "meta-externalagent/1.1 (+https://developers.facebook.com/docs/sharing/webmasters/crawler)"
2a03:2880:f800:48:: - - [16/Dec/2025:12:39:11 +0000] "GET /shop/antthrush/kongsbergite58584376003.html HTTP/1.1" 200 2917 "-" "meta-externalagent/1.1 (+https://developers.facebook.com/docs/sharing/webmasters/crawler)"
207.46.13.31 - - [16/Dec/2025:12:39:11 +0000] "GET /shop/guaican/firlot45451115153.html HTTP/1.1" 200 2917 "-" "Mozilla/5.0 AppleWebKit/537.36 (KHTML, like Gecko; compatible; bingbot/2.0; +http://www.bing.com/bingbot.htm) Chrome/116.0.1938.76 Safari/537.36"
2a03:2880:f800:8:: - - [16/Dec/2025:12:39:11 +0000] "GET /shop/welfaristic/fitten10933432818.html HTTP/1.1" 200 2917 "-" "meta-externalagent/1.1 (+https://developers.facebook.com/docs/sharing/webmasters/crawler)"
2a03:2880:f800:2a:: - - [16/Dec/2025:12:39:12 +0000] "GET /shop/savonarolist/paludinal2890520686.html HTTP/1.1" 200 2917 "-" "meta-externalagent/1.1 (+https://developers.facebook.com/docs/sharing/webmasters/crawler)"
207.46.13.31 - - [16/Dec/2025:12:39:12 +0000] "GET /shop/plangency/verjuices31648425294.html HTTP/1.1" 200 2917 "-" "Mozilla/5.0 AppleWebKit/537.36 (KHTML, like Gecko; compatible; bingbot/2.0; +http://www.bing.com/bingbot.htm) Chrome/116.0.1938.76 Safari/537.36"
2a03:2880:f800:4c:: - - [16/Dec/2025:12:39:13 +0000] "GET /shop/sapan/haemodialysis2120328579.html HTTP/1.1" 200 2917 "-" "meta-externalagent/1.1 (+https://developers.facebook.com/docs/sharing/webmasters/crawler)"
2a03:2880:f800:2d:: - - [16/Dec/2025:12:39:13 +0000] "GET /shop/nebularize/underbed31648258839.html HTTP/1.1" 200 2917 "-" "meta-externalagent/1.1 (+https://developers.facebook.com/docs/sharing/webmasters/crawler)"
2a03:2880:f800:16:: - - [16/Dec/2025:12:39:13 +0000] "GET /shop/advertize/superattendant21414157131.html HTTP/1.1" 200 2917 "-" "meta-externalagent/1.1 (+https://developers.facebook.com/docs/sharing/webmasters/crawler)"
2a03:2880:f800:6:: - - [16/Dec/2025:12:39:14 +0000] "GET /shop/peps/inponderable58584349182.html HTTP/1.1" 200 2917 "-" "meta-externalagent/1.1 (+https://developers.facebook.com/docs/sharing/webmasters/crawler)"
2a03:2880:f800:45:: - - [16/Dec/2025:12:39:14 +0000] "GET /shop/wonderlandish/animalculism28905448186.html HTTP/1.1" 200 2917 "-" "meta-externalagent/1.1 (+https://developers.facebook.com/docs/sharing/webmasters/crawler)"
2a03:2880:f800:1c:: - - [16/Dec/2025:12:39:15 +0000] "GET /shop/asaprol/intercommunional10933249897.html HTTP/1.1" 200 2917 "-" "meta-externalagent/1.1 (+https://developers.facebook.com/docs/sharing/webmasters/crawler)"
2a03:2880:f800:1c:: - - [16/Dec/2025:12:39:15 +0000] "GET /shop/antidynasty/cantilenes58584331815.html HTTP/1.1" 200 2917 "-" "meta-externalagent/1.1 (+https://developers.facebook.com/docs/sharing/webmasters/crawler)"
207.46.13.31 - - [16/Dec/2025:12:39:16 +0000] "GET /p/prod-14ne-5469726 HTTP/1.1" 200 2917 "-" "Mozilla/5.0 AppleWebKit/537.36 (KHTML, like Gecko; compatible; bingbot/2.0; +http://www.bing.com/bingbot.htm) Chrome/116.0.1938.76 Safari/537.36"
2a03:2880:f800:3d:: - - [16/Dec/2025:12:39:16 +0000] "GET /shop/paintiness/rhodium58584178564.html HTTP/1.1" 200 2917 "-" "meta-externalagent/1.1 (+https://developers.facebook.com/docs/sharing/webmasters/crawler)"
2a03:2880:f800:16:: - - [16/Dec/2025:12:39:16 +0000] "GET /shop/porkwoods/handhaving24870138253.html HTTP/1.1" 200 2917 "-" "meta-externalagent/1.1 (+https://developers.facebook.com/docs/sharing/webmasters/crawler)"
2a03:2880:f800:44:: - - [16/Dec/2025:12:39:17 +0000] "GET /shop/unyieldingness/psychologistic24870300795.html HTTP/1.1" 200 2917 "-" "meta-externalagent/1.1 (+https://developers.facebook.com/docs/sharing/webmasters/crawler)"
2a03:2880:f800:e:: - - [16/Dec/2025:12:39:17 +0000] "GET /shop/dacryocystotome/roomful24870367025.html HTTP/1.1" 200 2917 "-" "meta-externalagent/1.1 (+https://developers.facebook.com/docs/sharing/webmasters/crawler)"
2a03:2880:f800:1b:: - - [16/Dec/2025:12:39:18 +0000] "GET /shop/predigestion/saver21414230851.html HTTP/1.1" 200 2917 "-" "meta-externalagent/1.1 (+https://developers.facebook.com/docs/sharing/webmasters/crawler)"
2a03:2880:f800:9:: - - [16/Dec/2025:12:39:18 +0000] "GET /shop/phrasemonger/puritanlike21203253961.html HTTP/1.1" 200 2917 "-" "meta-externalagent/1.1 (+https://developers.facebook.com/docs/sharing/webmasters/crawler)"
2a03:2880:f800:d:: - - [16/Dec/2025:12:39:19 +0000] "GET /shop/assise/tryphosa24870417423.html HTTP/1.1" 200 2917 "-" "meta-externalagent/1.1 (+https://developers.facebook.com/docs/sharing/webmasters/crawler)"
2a03:2880:f800:2a:: - - [16/Dec/2025:12:39:19 +0000] "GET /shop/gyronny/projacient10933321377.html HTTP/1.1" 200 2917 "-" "meta-externalagent/1.1 (+https://developers.facebook.com/docs/sharing/webmasters/crawler)"
2a03:2880:f800:15:: - - [16/Dec/2025:12:39:20 +0000] "GET /shop/gramophones/unsingularly585845708.html HTTP/1.1" 200 2917 "-" "meta-externalagent/1.1 (+https://developers.facebook.com/docs/sharing/webmasters/crawler)"
2a03:2880:f800:44:: - - [16/Dec/2025:12:39:20 +0000] "GET /shop/quashee/nanaimo3164817821.html HTTP/1.1" 200 2917 "-" "meta-externalagent/1.1 (+https://developers.facebook.com/docs/sharing/webmasters/crawler)"
2a03:2880:f800:21:: - - [16/Dec/2025:12:39:21 +0000] "GET /shop/sentimentalities/damselflies31648309703.html HTTP/1.1" 200 2917 "-" "meta-externalagent/1.1 (+https://developers.facebook.com/docs/sharing/webmasters/crawler)"
2a03:2880:f800:23:: - - [16/Dec/2025:12:39:21 +0000] "GET /shop/opsonology/hydrastis4545118867.html HTTP/1.1" 200 2917 "-" "meta-externalagent/1.1 (+https://developers.facebook.com/docs/sharing/webmasters/crawler)"
2a03:2880:f800:7:: - - [16/Dec/2025:12:39:21 +0000] "GET /shop/unsheathe/unestablish21203181373.html HTTP/1.1" 200 2917 "-" "meta-externalagent/1.1 (+https://developers.facebook.com/docs/sharing/webmasters/crawler)"
2a03:2880:f800:16:: - - [16/Dec/2025:12:39:22 +0000] "GET /shop/loopful/displeasant31648313613.html HTTP/1.1" 200 2917 "-" "meta-externalagent/1.1 (+https://developers.facebook.com/docs/sharing/webmasters/crawler)"
2a03:2880:f800:3b:: - - [16/Dec/2025:12:39:23 +0000] "GET /shop/seldor/chemicopharmaceutical21203405889.html HTTP/1.1" 200 2917 "-" "meta-externalagent/1.1 (+https://developers.facebook.com/docs/sharing/webmasters/crawler)"
2a03:2880:f800:23:: - - [16/Dec/2025:12:39:23 +0000] "GET /shop/musha/uncinatum24870143153.html HTTP/1.1" 200 2917 "-" "meta-externalagent/1.1 (+https://developers.facebook.com/docs/sharing/webmasters/crawler)"
207.46.13.54 - - [16/Dec/2025:12:39:23 +0000] "GET /shop/intent/azureous45451359810.html HTTP/1.1" 200 2917 "-" "Mozilla/5.0 AppleWebKit/537.36 (KHTML, like Gecko; compatible; bingbot/2.0; +http://www.bing.com/bingbot.htm) Chrome/116.0.1938.76 Safari/537.36"
2a03:2880:f800:a:: - - [16/Dec/2025:12:39:23 +0000] "GET /shop/verbals/stanchel2120316680.html HTTP/1.1" 200 2917 "-" "meta-externalagent/1.1 (+https://developers.facebook.com/docs/sharing/webmasters/crawler)"
2a03:2880:f800:3:: - - [16/Dec/2025:12:39:24 +0000] "GET /shop/undersignalmen/tasteless45451286615.html HTTP/1.1" 200 2917 "-" "meta-externalagent/1.1 (+https://developers.facebook.com/docs/sharing/webmasters/crawler)"
207.46.13.54 - - [16/Dec/2025:12:39:24 +0000] "GET /shop/budgerow/inguklimiut24870149375.html HTTP/1.1" 200 2917 "-" "Mozilla/5.0 AppleWebKit/537.36 (KHTML, like Gecko; compatible; bingbot/2.0; +http://www.bing.com/bingbot.htm) Chrome/116.0.1938.76 Safari/537.36"
2a03:2880:f800:7:: - - [16/Dec/2025:12:39:25 +0000] "GET /shop/cacophonically/linamarin31648188303.html HTTP/1.1" 200 2917 "-" "meta-externalagent/1.1 (+https://developers.facebook.com/docs/sharing/webmasters/crawler)"
2a03:2880:f800:13:: - - [16/Dec/2025:12:39:25 +0000] "GET /shop/midis/hailse21203470933.html HTTP/1.1" 200 2917 "-" "meta-externalagent/1.1 (+https://developers.facebook.com/docs/sharing/webmasters/crawler)"
2a03:2880:f800:3b:: - - [16/Dec/2025:12:39:26 +0000] "GET /shop/pocosin/grecians2487080567.html HTTP/1.1" 200 2917 "-" "meta-externalagent/1.1 (+https://developers.facebook.com/docs/sharing/webmasters/crawler)"
207.46.13.54 - - [16/Dec/2025:12:39:26 +0000] "GET /shop/awaitlala/ireful21203288965.html HTTP/1.1" 200 2917 "-" "Mozilla/5.0 AppleWebKit/537.36 (KHTML, like Gecko; compatible; bingbot/2.0; +http://www.bing.com/bingbot.htm) Chrome/116.0.1938.76 Safari/537.36"
2a03:2880:f800:d:: - - [16/Dec/2025:12:39:27 +0000] "GET /shop/bibliothecae/zamicrus10729111020.html HTTP/1.1" 200 2917 "-" "meta-externalagent/1.1 (+https://developers.facebook.com/docs/sharing/webmasters/crawler)"
2a03:2880:f800:38:: - - [16/Dec/2025:12:39:27 +0000] "GET /shop/lh/poetastery28905109515.html HTTP/1.1" 200 2917 "-" "meta-externalagent/1.1 (+https://developers.facebook.com/docs/sharing/webmasters/crawler)"
2a03:2880:f800:7:: - - [16/Dec/2025:12:39:27 +0000] "GET /shop/clours/nonmanifestation454516372.html HTTP/1.1" 200 2917 "-" "meta-externalagent/1.1 (+https://developers.facebook.com/docs/sharing/webmasters/crawler)"
2a03:2880:f800:2:: - - [16/Dec/2025:12:39:29 +0000] "GET /shop/irrorate/pupilarity31648290751.html HTTP/1.1" 200 2917 "-" "meta-externalagent/1.1 (+https://developers.facebook.com/docs/sharing/webmasters/crawler)"
2a03:2880:f800:c:: - - [16/Dec/2025:12:39:29 +0000] "GET /shop/securings/clancularly58584395321.html HTTP/1.1" 200 2917 "-" "meta-externalagent/1.1 (+https://developers.facebook.com/docs/sharing/webmasters/crawler)"
2a03:2880:f800:49:: - - [16/Dec/2025:12:39:29 +0000] "GET /shop/assessed/arthrosia31648357796.html HTTP/1.1" 200 2917 "-" "meta-externalagent/1.1 (+https://developers.facebook.com/docs/sharing/webmasters/crawler)"
2a03:2880:f800:25:: - - [16/Dec/2025:12:39:29 +0000] "GET /shop/flagmen/totalises58584336146.html HTTP/1.1" 200 2917 "-" "meta-externalagent/1.1 (+https://developers.facebook.com/docs/sharing/webmasters/crawler)"
2a03:2880:f800:1f:: - - [16/Dec/2025:12:39:30 +0000] "GET /shop/hawsers/brake4545118639.html HTTP/1.1" 200 2917 "-" "meta-externalagent/1.1 (+https://developers.facebook.com/docs/sharing/webmasters/crawler)"
2a03:2880:f800:14:: - - [16/Dec/2025:12:39:30 +0000] "GET /shop/pairt/bactericide21414111360.html HTTP/1.1" 200 2917 "-" "meta-externalagent/1.1 (+https://developers.facebook.com/docs/sharing/webmasters/crawler)"
2a03:2880:f800:e:: - - [16/Dec/2025:12:39:31 +0000] "GET /shop/eleutherodactyli/outsnores21203204972.html HTTP/1.1" 200 2917 "-" "meta-externalagent/1.1 (+https://developers.facebook.com/docs/sharing/webmasters/crawler)"
2a03:2880:f800:d:: - - [16/Dec/2025:12:39:31 +0000] "GET /shop/christianize/saururaceae10729423476.html HTTP/1.1" 200 2917 "-" "meta-externalagent/1.1 (+https://developers.facebook.com/docs/sharing/webmasters/crawler)"
2a03:2880:f800:29:: - - [16/Dec/2025:12:39:32 +0000] "GET /shop/superpurgation/noncongruence31648203603.html HTTP/1.1" 200 2917 "-" "meta-externalagent/1.1 (+https://developers.facebook.com/docs/sharing/webmasters/crawler)"
2a03:2880:f800:4d:: - - [16/Dec/2025:12:39:33 +0000] "GET /shop/calyptra/syncopal58584388380.html HTTP/1.1" 200 2917 "-" "meta-externalagent/1.1 (+https://developers.facebook.com/docs/sharing/webmasters/crawler)"
2a03:2880:f800:1b:: - - [16/Dec/2025:12:39:33 +0000] "GET /shop/trapezophoron/triacetate2141465676.html HTTP/1.1" 200 2917 "-" "meta-externalagent/1.1 (+https://developers.facebook.com/docs/sharing/webmasters/crawler)"
2a03:2880:f800:9:: - - [16/Dec/2025:12:39:33 +0000] "GET /shop/astrologer/galeiform58584212037.html HTTP/1.1" 200 2917 "-" "meta-externalagent/1.1 (+https://developers.facebook.com/docs/sharing/webmasters/crawler)"
207.46.13.31 - - [16/Dec/2025:12:39:33 +0000] "GET /shop/terzet/cumulate24870388230.html HTTP/1.1" 200 2917 "-" "Mozilla/5.0 AppleWebKit/537.36 (KHTML, like Gecko; compatible; bingbot/2.0; +http://www.bing.com/bingbot.htm) Chrome/116.0.1938.76 Safari/537.36"
85.208.96.206 - - [16/Dec/2025:12:39:34 +0000] "GET /shop/wedge/tutoyered1072985453.html HTTP/1.1" 200 2917 "-" "Mozilla/5.0 (compatible; SemrushBot/7~bl; +http://www.semrush.com/bot.html)"
2a03:2880:f800:8:: - - [16/Dec/2025:12:39:34 +0000] "GET /shop/unearned/glossoplegia2890531392.html HTTP/1.1" 200 2917 "-" "meta-externalagent/1.1 (+https://developers.facebook.com/docs/sharing/webmasters/crawler)"
2a03:2880:f800:2:: - - [16/Dec/2025:12:39:34 +0000] "GET /shop/batholiths/coagulator45451379341.html HTTP/1.1" 200 2917 "-" "meta-externalagent/1.1 (+https://developers.facebook.com/docs/sharing/webmasters/crawler)"
2a03:2880:f800:20:: - - [16/Dec/2025:12:39:35 +0000] "GET /shop/molossic/satyashodak28905457828.html HTTP/1.1" 200 2917 "-" "meta-externalagent/1.1 (+https://developers.facebook.com/docs/sharing/webmasters/crawler)"
2a03:2880:f800:a:: - - [16/Dec/2025:12:39:35 +0000] "GET /shop/zygopteris/assigning24870335282.html HTTP/1.1" 200 2917 "-" "meta-externalagent/1.1 (+https://developers.facebook.com/docs/sharing/webmasters/crawler)"
2a03:2880:f800:48:: - - [16/Dec/2025:12:39:36 +0000] "GET /shop/sepicolous/empyocele21414193835.html HTTP/1.1" 200 2917 "-" "meta-externalagent/1.1 (+https://developers.facebook.com/docs/sharing/webmasters/crawler)"
2a03:2880:f800:2e:: - - [16/Dec/2025:12:39:36 +0000] "GET /shop/culmiferous/ambrettolide2890590298.html HTTP/1.1" 200 2917 "-" "meta-externalagent/1.1 (+https://developers.facebook.com/docs/sharing/webmasters/crawler)"
2a03:2880:f800:3d:: - - [16/Dec/2025:12:39:37 +0000] "GET /shop/nimbostratus/uniter28905227210.html HTTP/1.1" 200 2917 "-" "meta-externalagent/1.1 (+https://developers.facebook.com/docs/sharing/webmasters/crawler)"
2a03:2880:f800:e:: - - [16/Dec/2025:12:39:38 +0000] "GET /shop/epicoracohumeral/flammiferous2141465104.html HTTP/1.1" 200 2917 "-" "meta-externalagent/1.1 (+https://developers.facebook.com/docs/sharing/webmasters/crawler)"
139.59.247.64 - - [16/Dec/2025:12:39:38 +0000] "GET / HTTP/1.1" 200 8395 "-" "Mozilla/5.0 (Windows NT 10.0; Win64; x64) AppleWebKit/537.36 (KHTML, like Gecko) Chrome/95.0.4638.69 Safari/537.36"
2a03:2880:f800:3:: - - [16/Dec/2025:12:39:38 +0000] "GET /shop/mgr/xenophontian58584322479.html HTTP/1.1" 200 2917 "-" "meta-externalagent/1.1 (+https://developers.facebook.com/docs/sharing/webmasters/crawler)"
139.59.247.64 - - [16/Dec/2025:12:39:38 +0000] "GET /wp-includes/ID3/license.txt HTTP/1.1" 200 8395 "-" "Mozilla/5.0 (Windows NT 10.0; Win64; x64) AppleWebKit/537.36 (KHTML, like Gecko) Chrome/95.0.4638.69 Safari/537.36"
139.59.247.64 - - [16/Dec/2025:12:39:38 +0000] "GET /feed/ HTTP/1.1" 200 8395 "-" "Mozilla/5.0 (Windows NT 10.0; Win64; x64) AppleWebKit/537.36 (KHTML, like Gecko) Chrome/95.0.4638.69 Safari/537.36"
52.167.144.156 - - [16/Dec/2025:12:39:38 +0000] "GET /p/prod-14ne-1474250 HTTP/1.1" 200 2917 "-" "Mozilla/5.0 AppleWebKit/537.36 (KHTML, like Gecko; compatible; bingbot/2.0; +http://www.bing.com/bingbot.htm) Chrome/116.0.1938.76 Safari/537.36"
2a03:2880:f800:18:: - - [16/Dec/2025:12:39:38 +0000] "GET /shop/causey/oxidiser24870347255.html HTTP/1.1" 200 2917 "-" "meta-externalagent/1.1 (+https://developers.facebook.com/docs/sharing/webmasters/crawler)"
139.59.247.64 - - [16/Dec/2025:12:39:38 +0000] "GET /xmlrpc.php?rsd HTTP/1.1" 200 8395 "-" "Mozilla/5.0 (Windows NT 10.0; Win64; x64) AppleWebKit/537.36 (KHTML, like Gecko) Chrome/95.0.4638.69 Safari/537.36"
139.59.247.64 - - [16/Dec/2025:12:39:38 +0000] "GET /blog/wp-includes/wlwmanifest.xml HTTP/1.1" 200 8395 "-" "Mozilla/5.0 (Windows NT 10.0; Win64; x64) AppleWebKit/537.36 (KHTML, like Gecko) Chrome/95.0.4638.69 Safari/537.36"
2a03:2880:f800:24:: - - [16/Dec/2025:12:39:38 +0000] "GET /shop/selfsustainingly/guha31648217344.html HTTP/1.1" 200 2917 "-" "meta-externalagent/1.1 (+https://developers.facebook.com/docs/sharing/webmasters/crawler)"
139.59.247.64 - - [16/Dec/2025:12:39:39 +0000] "GET /web/wp-includes/wlwmanifest.xml HTTP/1.1" 200 8395 "-" "Mozilla/5.0 (Windows NT 10.0; Win64; x64) AppleWebKit/537.36 (KHTML, like Gecko) Chrome/95.0.4638.69 Safari/537.36"
139.59.247.64 - - [16/Dec/2025:12:39:39 +0000] "GET /wordpress/wp-includes/wlwmanifest.xml HTTP/1.1" 200 8395 "-" "Mozilla/5.0 (Windows NT 10.0; Win64; x64) AppleWebKit/537.36 (KHTML, like Gecko) Chrome/95.0.4638.69 Safari/537.36"
2a03:2880:f800:3a:: - - [16/Dec/2025:12:39:39 +0000] "GET /shop/perirectitis/neurofil28905309105.html HTTP/1.1" 200 2917 "-" "meta-externalagent/1.1 (+https://developers.facebook.com/docs/sharing/webmasters/crawler)"
52.167.144.156 - - [16/Dec/2025:12:39:39 +0000] "GET /p/prod-14ne-3577422 HTTP/1.1" 200 2917 "-" "Mozilla/5.0 AppleWebKit/537.36 (KHTML, like Gecko; compatible; bingbot/2.0; +http://www.bing.com/bingbot.htm) Chrome/116.0.1938.76 Safari/537.36"
139.59.247.64 - - [16/Dec/2025:12:39:39 +0000] "GET /wp/wp-includes/wlwmanifest.xml HTTP/1.1" 200 8395 "-" "Mozilla/5.0 (Windows NT 10.0; Win64; x64) AppleWebKit/537.36 (KHTML, like Gecko) Chrome/95.0.4638.69 Safari/537.36"
139.59.247.64 - - [16/Dec/2025:12:39:39 +0000] "GET /2020/wp-includes/wlwmanifest.xml HTTP/1.1" 200 8395 "-" "Mozilla/5.0 (Windows NT 10.0; Win64; x64) AppleWebKit/537.36 (KHTML, like Gecko) Chrome/95.0.4638.69 Safari/537.36"
139.59.247.64 - - [16/Dec/2025:12:39:40 +0000] "GET /2019/wp-includes/wlwmanifest.xml HTTP/1.1" 200 8395 "-" "Mozilla/5.0 (Windows NT 10.0; Win64; x64) AppleWebKit/537.36 (KHTML, like Gecko) Chrome/95.0.4638.69 Safari/537.36"
139.59.247.64 - - [16/Dec/2025:12:39:40 +0000] "GET /2021/wp-includes/wlwmanifest.xml HTTP/1.1" 200 8395 "-" "Mozilla/5.0 (Windows NT 10.0; Win64; x64) AppleWebKit/537.36 (KHTML, like Gecko) Chrome/95.0.4638.69 Safari/537.36"
139.59.247.64 - - [16/Dec/2025:12:39:40 +0000] "GET /shop/wp-includes/wlwmanifest.xml HTTP/1.1" 200 8395 "-" "Mozilla/5.0 (Windows NT 10.0; Win64; x64) AppleWebKit/537.36 (KHTML, like Gecko) Chrome/95.0.4638.69 Safari/537.36"
2a03:2880:f800:23:: - - [16/Dec/2025:12:39:40 +0000] "GET /shop/authenticated/fluffy21414154198.html HTTP/1.1" 200 2917 "-" "meta-externalagent/1.1 (+https://developers.facebook.com/docs/sharing/webmasters/crawler)"
139.59.247.64 - - [16/Dec/2025:12:39:40 +0000] "GET /wp1/wp-includes/wlwmanifest.xml HTTP/1.1" 200 8395 "-" "Mozilla/5.0 (Windows NT 10.0; Win64; x64) AppleWebKit/537.36 (KHTML, like Gecko) Chrome/95.0.4638.69 Safari/537.36"
2a03:2880:f800:31:: - - [16/Dec/2025:12:39:40 +0000] "GET /shop/catamenial/unperipherally58584105101.html HTTP/1.1" 200 2917 "-" "meta-externalagent/1.1 (+https://developers.facebook.com/docs/sharing/webmasters/crawler)"
139.59.247.64 - - [16/Dec/2025:12:39:40 +0000] "GET /test/wp-includes/wlwmanifest.xml HTTP/1.1" 200 8395 "-" "Mozilla/5.0 (Windows NT 10.0; Win64; x64) AppleWebKit/537.36 (KHTML, like Gecko) Chrome/95.0.4638.69 Safari/537.36"
139.59.247.64 - - [16/Dec/2025:12:39:41 +0000] "GET /site/wp-includes/wlwmanifest.xml HTTP/1.1" 200 8395 "-" "Mozilla/5.0 (Windows NT 10.0; Win64; x64) AppleWebKit/537.36 (KHTML, like Gecko) Chrome/95.0.4638.69 Safari/537.36"
139.59.247.64 - - [16/Dec/2025:12:39:41 +0000] "GET /cms/wp-includes/wlwmanifest.xml HTTP/1.1" 200 8395 "-" "Mozilla/5.0 (Windows NT 10.0; Win64; x64) AppleWebKit/537.36 (KHTML, like Gecko) Chrome/95.0.4638.69 Safari/537.36"
52.167.144.156 - - [16/Dec/2025:12:39:41 +0000] "GET /p/prod-14ne-3365354 HTTP/1.1" 200 2917 "-" "Mozilla/5.0 AppleWebKit/537.36 (KHTML, like Gecko; compatible; bingbot/2.0; +http://www.bing.com/bingbot.htm) Chrome/116.0.1938.76 Safari/537.36"
2a03:2880:f800:17:: - - [16/Dec/2025:12:39:41 +0000] "GET /shop/commonsensically/holostomata4656068671.html HTTP/1.1" 200 2917 "-" "meta-externalagent/1.1 (+https://developers.facebook.com/docs/sharing/webmasters/crawler)"
2a03:2880:f800:1f:: - - [16/Dec/2025:12:39:41 +0000] "GET /shop/gynostemium/ichthyographic4656033999.html HTTP/1.1" 200 2917 "-" "meta-externalagent/1.1 (+https://developers.facebook.com/docs/sharing/webmasters/crawler)"
2a03:2880:f800:39:: - - [16/Dec/2025:12:39:41 +0000] "GET /shop/hieratica/backrush10933379564.html HTTP/1.1" 200 2917 "-" "meta-externalagent/1.1 (+https://developers.facebook.com/docs/sharing/webmasters/crawler)"
2a03:2880:f800:a:: - - [16/Dec/2025:12:39:42 +0000] "GET /shop/subdistinctions/huntedly2120369211.html HTTP/1.1" 200 2917 "-" "meta-externalagent/1.1 (+https://developers.facebook.com/docs/sharing/webmasters/crawler)"
2a03:2880:f800:1e:: - - [16/Dec/2025:12:39:43 +0000] "GET /shop/strunting/upperhandism21414300777.html HTTP/1.1" 200 2917 "-" "meta-externalagent/1.1 (+https://developers.facebook.com/docs/sharing/webmasters/crawler)"
2a03:2880:f800:15:: - - [16/Dec/2025:12:39:43 +0000] "GET /shop/japan/nonimpressionability58584218143.html HTTP/1.1" 200 2917 "-" "meta-externalagent/1.1 (+https://developers.facebook.com/docs/sharing/webmasters/crawler)"
2a03:2880:f800:13:: - - [16/Dec/2025:12:39:44 +0000] "GET /shop/gazebos/flexuoseness21414212310.html HTTP/1.1" 200 2917 "-" "meta-externalagent/1.1 (+https://developers.facebook.com/docs/sharing/webmasters/crawler)"
52.167.144.156 - - [16/Dec/2025:12:39:44 +0000] "GET /p/prod-14ne-2527622 HTTP/1.1" 200 2917 "-" "Mozilla/5.0 AppleWebKit/537.36 (KHTML, like Gecko; compatible; bingbot/2.0; +http://www.bing.com/bingbot.htm) Chrome/116.0.1938.76 Safari/537.36"
2a03:2880:f800:1:: - - [16/Dec/2025:12:39:45 +0000] "GET /shop/mezair/overnormalizing28905167705.html HTTP/1.1" 200 2917 "-" "meta-externalagent/1.1 (+https://developers.facebook.com/docs/sharing/webmasters/crawler)"
2a03:2880:f800:1d:: - - [16/Dec/2025:12:39:45 +0000] "GET /shop/qiviuts/unconstipated21414162426.html HTTP/1.1" 200 2917 "-" "meta-externalagent/1.1 (+https://developers.facebook.com/docs/sharing/webmasters/crawler)"
52.167.144.156 - - [16/Dec/2025:12:39:45 +0000] "GET /shop/goldsmithery/unwwove28905103677.html HTTP/1.1" 200 2917 "-" "Mozilla/5.0 AppleWebKit/537.36 (KHTML, like Gecko; compatible; bingbot/2.0; +http://www.bing.com/bingbot.htm) Chrome/116.0.1938.76 Safari/537.36"
2a03:2880:f800:44:: - - [16/Dec/2025:12:39:45 +0000] "GET /shop/contragredience/heavinsogme45451303629.html HTTP/1.1" 200 2917 "-" "meta-externalagent/1.1 (+https://developers.facebook.com/docs/sharing/webmasters/crawler)"
2a03:2880:f800:1d:: - - [16/Dec/2025:12:39:46 +0000] "GET /shop/pleasurefulness/outfitter10933153003.html HTTP/1.1" 200 2917 "-" "meta-externalagent/1.1 (+https://developers.facebook.com/docs/sharing/webmasters/crawler)"
2a03:2880:f800:11:: - - [16/Dec/2025:12:39:46 +0000] "GET /shop/cachinnatory/bushy58584327632.html HTTP/1.1" 200 2917 "-" "meta-externalagent/1.1 (+https://developers.facebook.com/docs/sharing/webmasters/crawler)"
2a03:2880:f800:17:: - - [16/Dec/2025:12:39:47 +0000] "GET /shop/chalcone/affixers58584292808.html HTTP/1.1" 200 2917 "-" "meta-externalagent/1.1 (+https://developers.facebook.com/docs/sharing/webmasters/crawler)"
2a03:2880:f800:25:: - - [16/Dec/2025:12:39:47 +0000] "GET /shop/proctorship/narcoma4656094687.html HTTP/1.1" 200 2917 "-" "meta-externalagent/1.1 (+https://developers.facebook.com/docs/sharing/webmasters/crawler)"
2a03:2880:f800:16:: - - [16/Dec/2025:12:39:48 +0000] "GET /shop/fluidist/toxicophidia4656087671.html HTTP/1.1" 200 2917 "-" "meta-externalagent/1.1 (+https://developers.facebook.com/docs/sharing/webmasters/crawler)"
2a03:2880:f800:49:: - - [16/Dec/2025:12:39:49 +0000] "GET /shop/epinyctis/citation10729282945.html HTTP/1.1" 200 2917 "-" "meta-externalagent/1.1 (+https://developers.facebook.com/docs/sharing/webmasters/crawler)"
2a03:2880:f800:26:: - - [16/Dec/2025:12:39:49 +0000] "GET /shop/cravenhearted/borating2120348640.html HTTP/1.1" 200 2917 "-" "meta-externalagent/1.1 (+https://developers.facebook.com/docs/sharing/webmasters/crawler)"
2a03:2880:f800:f:: - - [16/Dec/2025:12:39:49 +0000] "GET /shop/nonenunciative/interpellate10729214851.html HTTP/1.1" 200 2917 "-" "meta-externalagent/1.1 (+https://developers.facebook.com/docs/sharing/webmasters/crawler)"
2a03:2880:f800:22:: - - [16/Dec/2025:12:39:50 +0000] "GET /shop/recalcine/amylophosphate10729312088.html HTTP/1.1" 200 2917 "-" "meta-externalagent/1.1 (+https://developers.facebook.com/docs/sharing/webmasters/crawler)"
2a03:2880:f800:37:: - - [16/Dec/2025:12:39:50 +0000] "GET /shop/pimping/restate2487045171.html HTTP/1.1" 200 2917 "-" "meta-externalagent/1.1 (+https://developers.facebook.com/docs/sharing/webmasters/crawler)"
2a03:2880:f800:30:: - - [16/Dec/2025:12:39:51 +0000] "GET /shop/unprotect/bookbinders10729416796.html HTTP/1.1" 200 2917 "-" "meta-externalagent/1.1 (+https://developers.facebook.com/docs/sharing/webmasters/crawler)"
2a03:2880:f800:4b:: - - [16/Dec/2025:12:39:51 +0000] "GET /shop/sulphantimonite/gageable58584402604.html HTTP/1.1" 200 2917 "-" "meta-externalagent/1.1 (+https://developers.facebook.com/docs/sharing/webmasters/crawler)"
207.46.13.31 - - [16/Dec/2025:12:39:52 +0000] "GET /shop/avoyer/somepart10729174875.html HTTP/1.1" 200 2917 "-" "Mozilla/5.0 AppleWebKit/537.36 (KHTML, like Gecko; compatible; bingbot/2.0; +http://www.bing.com/bingbot.htm) Chrome/116.0.1938.76 Safari/537.36"
2a03:2880:f800:36:: - - [16/Dec/2025:12:39:52 +0000] "GET /shop/correctitude/abjections21414128345.html HTTP/1.1" 200 2917 "-" "meta-externalagent/1.1 (+https://developers.facebook.com/docs/sharing/webmasters/crawler)"
207.46.13.31 - - [16/Dec/2025:12:39:52 +0000] "GET /shop/coopted/cabrito2120369622.html HTTP/1.1" 200 2917 "-" "Mozilla/5.0 AppleWebKit/537.36 (KHTML, like Gecko; compatible; bingbot/2.0; +http://www.bing.com/bingbot.htm) Chrome/116.0.1938.76 Safari/537.36"
2a03:2880:f800:5:: - - [16/Dec/2025:12:39:53 +0000] "GET /shop/phosphorhidrosis/campshed21203445414.html HTTP/1.1" 200 2917 "-" "meta-externalagent/1.1 (+https://developers.facebook.com/docs/sharing/webmasters/crawler)"
2a03:2880:f800:4c:: - - [16/Dec/2025:12:39:53 +0000] "GET /shop/thoracohumeral/unfurthersome31648151331.html HTTP/1.1" 200 2917 "-" "meta-externalagent/1.1 (+https://developers.facebook.com/docs/sharing/webmasters/crawler)"
2a03:2880:f800:8:: - - [16/Dec/2025:12:39:53 +0000] "GET /shop/ektexine/nonsportingly31648392771.html HTTP/1.1" 200 2917 "-" "meta-externalagent/1.1 (+https://developers.facebook.com/docs/sharing/webmasters/crawler)"
2a03:2880:f800:23:: - - [16/Dec/2025:12:39:54 +0000] "GET /shop/peculiarsome/stratfordian21414131942.html HTTP/1.1" 200 2917 "-" "meta-externalagent/1.1 (+https://developers.facebook.com/docs/sharing/webmasters/crawler)"
2a03:2880:f800:c:: - - [16/Dec/2025:12:39:54 +0000] "GET /shop/homeochromatic/triphenyl31648446883.html HTTP/1.1" 200 2917 "-" "meta-externalagent/1.1 (+https://developers.facebook.com/docs/sharing/webmasters/crawler)"
2a03:2880:f800:48:: - - [16/Dec/2025:12:39:55 +0000] "GET /shop/liquors/recounted31648155946.html HTTP/1.1" 200 2917 "-" "meta-externalagent/1.1 (+https://developers.facebook.com/docs/sharing/webmasters/crawler)"
2a03:2880:f800:3d:: - - [16/Dec/2025:12:39:55 +0000] "GET /shop/physiognomonically/swanwort10933341212.html HTTP/1.1" 200 2917 "-" "meta-externalagent/1.1 (+https://developers.facebook.com/docs/sharing/webmasters/crawler)"
2a03:2880:f800:44:: - - [16/Dec/2025:12:39:56 +0000] "GET /shop/metaphorical/frenchless28905397119.html HTTP/1.1" 200 2917 "-" "meta-externalagent/1.1 (+https://developers.facebook.com/docs/sharing/webmasters/crawler)"
2a03:2880:f800:3:: - - [16/Dec/2025:12:39:56 +0000] "GET /shop/apache/uncaustic45451229454.html HTTP/1.1" 200 2917 "-" "meta-externalagent/1.1 (+https://developers.facebook.com/docs/sharing/webmasters/crawler)"
2a03:2880:f800:24:: - - [16/Dec/2025:12:39:57 +0000] "GET /shop/rootage/tetremimeral24870421519.html HTTP/1.1" 200 2917 "-" "meta-externalagent/1.1 (+https://developers.facebook.com/docs/sharing/webmasters/crawler)"
2a03:2880:f800:1d:: - - [16/Dec/2025:12:39:57 +0000] "GET /shop/pyloristenosis/tarkashi31648119247.html HTTP/1.1" 200 2917 "-" "meta-externalagent/1.1 (+https://developers.facebook.com/docs/sharing/webmasters/crawler)"
2a03:2880:f800:1c:: - - [16/Dec/2025:12:39:58 +0000] "GET /shop/tinters/unplotting24870306307.html HTTP/1.1" 200 2917 "-" "meta-externalagent/1.1 (+https://developers.facebook.com/docs/sharing/webmasters/crawler)"
2a03:2880:f800:28:: - - [16/Dec/2025:12:39:59 +0000] "GET /shop/wallow/interties58584120863.html HTTP/1.1" 200 2917 "-" "meta-externalagent/1.1 (+https://developers.facebook.com/docs/sharing/webmasters/crawler)"
2a03:2880:f800:23:: - - [16/Dec/2025:12:39:59 +0000] "GET /shop/cachectical/gnow2487023053.html HTTP/1.1" 200 2917 "-" "meta-externalagent/1.1 (+https://developers.facebook.com/docs/sharing/webmasters/crawler)"
2a03:2880:f800:36:: - - [16/Dec/2025:12:39:59 +0000] "GET /shop/sena/deforcement4656097453.html HTTP/1.1" 200 2917 "-" "meta-externalagent/1.1 (+https://developers.facebook.com/docs/sharing/webmasters/crawler)"
2a03:2880:f800:3d:: - - [16/Dec/2025:12:40:00 +0000] "GET /shop/cobwebby/justices4545170525.html HTTP/1.1" 200 2917 "-" "meta-externalagent/1.1 (+https://developers.facebook.com/docs/sharing/webmasters/crawler)"
2a03:2880:f800:1d:: - - [16/Dec/2025:12:40:00 +0000] "GET /shop/almemor/semiforbidding58584180677.html HTTP/1.1" 200 2917 "-" "meta-externalagent/1.1 (+https://developers.facebook.com/docs/sharing/webmasters/crawler)"
2a03:2880:f800:6:: - - [16/Dec/2025:12:40:01 +0000] "GET /shop/westward/physiol31648355682.html HTTP/1.1" 200 2917 "-" "meta-externalagent/1.1 (+https://developers.facebook.com/docs/sharing/webmasters/crawler)"
2a03:2880:f800:1c:: - - [16/Dec/2025:12:40:02 +0000] "GET /shop/murders/snocat28905302290.html HTTP/1.1" 200 2917 "-" "meta-externalagent/1.1 (+https://developers.facebook.com/docs/sharing/webmasters/crawler)"
2a03:2880:f800:4c:: - - [16/Dec/2025:12:40:03 +0000] "GET /shop/songs/pinitannic28905136222.html HTTP/1.1" 200 2917 "-" "meta-externalagent/1.1 (+https://developers.facebook.com/docs/sharing/webmasters/crawler)"
2a03:2880:f800:21:: - - [16/Dec/2025:12:40:03 +0000] "GET /shop/tame/calenture21203326814.html HTTP/1.1" 200 2917 "-" "meta-externalagent/1.1 (+https://developers.facebook.com/docs/sharing/webmasters/crawler)"
2a03:2880:f800:a:: - - [16/Dec/2025:12:40:03 +0000] "GET /shop/illeviable/crevassing31648101175.html HTTP/1.1" 200 2917 "-" "meta-externalagent/1.1 (+https://developers.facebook.com/docs/sharing/webmasters/crawler)"
2a03:2880:f800:36:: - - [16/Dec/2025:12:40:03 +0000] "GET /shop/fumatories/berkeleyism3164864109.html HTTP/1.1" 200 2917 "-" "meta-externalagent/1.1 (+https://developers.facebook.com/docs/sharing/webmasters/crawler)"
2a03:2880:f800:23:: - - [16/Dec/2025:12:40:04 +0000] "GET /shop/clangour/climatic316488831.html HTTP/1.1" 200 2917 "-" "meta-externalagent/1.1 (+https://developers.facebook.com/docs/sharing/webmasters/crawler)"
207.46.13.54 - - [16/Dec/2025:12:40:04 +0000] "GET /p/prod-14ne-4346276 HTTP/1.1" 200 2917 "-" "Mozilla/5.0 AppleWebKit/537.36 (KHTML, like Gecko; compatible; bingbot/2.0; +http://www.bing.com/bingbot.htm) Chrome/116.0.1938.76 Safari/537.36"
207.46.13.54 - - [16/Dec/2025:12:40:04 +0000] "GET /p/prod-14ne-5453046 HTTP/1.1" 200 2917 "-" "Mozilla/5.0 AppleWebKit/537.36 (KHTML, like Gecko; compatible; bingbot/2.0; +http://www.bing.com/bingbot.htm) Chrome/116.0.1938.76 Safari/537.36"
185.191.171.6 - - [16/Dec/2025:12:40:05 +0000] "GET /shop/autogenic/outkeeps2141454068.html HTTP/1.1" 200 2917 "-" "Mozilla/5.0 (compatible; SemrushBot/7~bl; +http://www.semrush.com/bot.html)"
2a03:2880:f800:8:: - - [16/Dec/2025:12:40:05 +0000] "GET /shop/progeniture/obsessively58584410345.html HTTP/1.1" 200 2917 "-" "meta-externalagent/1.1 (+https://developers.facebook.com/docs/sharing/webmasters/crawler)"
2a03:2880:f800:49:: - - [16/Dec/2025:12:40:05 +0000] "GET /shop/coelicolist/circumcinct21414155195.html HTTP/1.1" 200 2917 "-" "meta-externalagent/1.1 (+https://developers.facebook.com/docs/sharing/webmasters/crawler)"
2a03:2880:f800:2e:: - - [16/Dec/2025:12:40:05 +0000] "GET /shop/citronellic/paradoxidian46560139661.html HTTP/1.1" 200 2917 "-" "meta-externalagent/1.1 (+https://developers.facebook.com/docs/sharing/webmasters/crawler)"
2603:3:6109:9bf0:: - - [16/Dec/2025:12:39:06 +0000] "GET /script.php HTTP/1.1" 200 1 "-" "curl/7.76.1"
2a03:2880:f800:19:: - - [16/Dec/2025:12:40:06 +0000] "GET /shop/ripeness/albarello5858421447.html HTTP/1.1" 200 2917 "-" "meta-externalagent/1.1 (+https://developers.facebook.com/docs/sharing/webmasters/crawler)"
2a03:2880:f800:11:: - - [16/Dec/2025:12:40:06 +0000] "GET /shop/assuagements/prospectiveness58584412312.html HTTP/1.1" 200 2917 "-" "meta-externalagent/1.1 (+https://developers.facebook.com/docs/sharing/webmasters/crawler)"
207.46.13.54 - - [16/Dec/2025:12:40:06 +0000] "GET /p/prod-14ne-4537319 HTTP/1.1" 200 2917 "-" "Mozilla/5.0 AppleWebKit/537.36 (KHTML, like Gecko; compatible; bingbot/2.0; +http://www.bing.com/bingbot.htm) Chrome/116.0.1938.76 Safari/537.36"
2a03:2880:f800:1:: - - [16/Dec/2025:12:40:06 +0000] "GET /shop/pythonomorphic/unaccusing31648123965.html HTTP/1.1" 200 2917 "-" "meta-externalagent/1.1 (+https://developers.facebook.com/docs/sharing/webmasters/crawler)"
2a03:2880:f800:23:: - - [16/Dec/2025:12:40:08 +0000] "GET /shop/equipollency/atmidalbumin2890571146.html HTTP/1.1" 200 2917 "-" "meta-externalagent/1.1 (+https://developers.facebook.com/docs/sharing/webmasters/crawler)"
2a03:2880:f800:23:: - - [16/Dec/2025:12:40:08 +0000] "GET /shop/jointress/coliuria45451402099.html HTTP/1.1" 200 2917 "-" "meta-externalagent/1.1 (+https://developers.facebook.com/docs/sharing/webmasters/crawler)"
2a03:2880:f800:5:: - - [16/Dec/2025:12:40:08 +0000] "GET /shop/stotinka/equimomental10729394191.html HTTP/1.1" 200 2917 "-" "meta-externalagent/1.1 (+https://developers.facebook.com/docs/sharing/webmasters/crawler)"
2a03:2880:f800:30:: - - [16/Dec/2025:12:40:09 +0000] "GET /shop/restiaceous/insinuating21203253986.html HTTP/1.1" 200 2917 "-" "meta-externalagent/1.1 (+https://developers.facebook.com/docs/sharing/webmasters/crawler)"
2a03:2880:f800:29:: - - [16/Dec/2025:12:40:09 +0000] "GET /shop/nonmandatories/damyankee46560192694.html HTTP/1.1" 200 2917 "-" "meta-externalagent/1.1 (+https://developers.facebook.com/docs/sharing/webmasters/crawler)"
2a03:2880:f800:11:: - - [16/Dec/2025:12:40:09 +0000] "GET /shop/arguing/caricography2120326601.html HTTP/1.1" 200 2917 "-" "meta-externalagent/1.1 (+https://developers.facebook.com/docs/sharing/webmasters/crawler)"
2a03:2880:f800:4:: - - [16/Dec/2025:12:40:10 +0000] "GET /shop/transvection/dunged45451398621.html HTTP/1.1" 200 2917 "-" "meta-externalagent/1.1 (+https://developers.facebook.com/docs/sharing/webmasters/crawler)"
2a03:2880:f800:3e:: - - [16/Dec/2025:12:40:11 +0000] "GET /shop/dichotic/concludence21203221126.html HTTP/1.1" 200 2917 "-" "meta-externalagent/1.1 (+https://developers.facebook.com/docs/sharing/webmasters/crawler)"
2a03:2880:f800:3d:: - - [16/Dec/2025:12:40:12 +0000] "GET /shop/nonelliptical/archmediocrity2487082702.html HTTP/1.1" 200 2917 "-" "meta-externalagent/1.1 (+https://developers.facebook.com/docs/sharing/webmasters/crawler)"
2a03:2880:f800:10:: - - [16/Dec/2025:12:40:12 +0000] "GET /shop/loobies/abducted45451215681.html HTTP/1.1" 200 2917 "-" "meta-externalagent/1.1 (+https://developers.facebook.com/docs/sharing/webmasters/crawler)"
2a03:2880:f800:f:: - - [16/Dec/2025:12:40:13 +0000] "GET /shop/cadets/funicles21203203979.html HTTP/1.1" 200 2917 "-" "meta-externalagent/1.1 (+https://developers.facebook.com/docs/sharing/webmasters/crawler)"
2a03:2880:f800:c:: - - [16/Dec/2025:12:40:13 +0000] "GET /shop/overstalely/nightwake21203391535.html HTTP/1.1" 200 2917 "-" "meta-externalagent/1.1 (+https://developers.facebook.com/docs/sharing/webmasters/crawler)"
2a03:2880:f800:1f:: - - [16/Dec/2025:12:40:13 +0000] "GET /shop/unscenic/radiolucence2141423004.html HTTP/1.1" 200 2917 "-" "meta-externalagent/1.1 (+https://developers.facebook.com/docs/sharing/webmasters/crawler)"
2a03:2880:f800:4:: - - [16/Dec/2025:12:40:14 +0000] "GET /shop/reweigher/floristic58584351038.html HTTP/1.1" 200 2917 "-" "meta-externalagent/1.1 (+https://developers.facebook.com/docs/sharing/webmasters/crawler)"
