2a03:2880:f800:39:: - - [16/Dec/2025:12:25:46 +0000] "GET /shop/leiomyomatous/photoduplication10933304882.html HTTP/1.1" 200 2917 "-" "meta-externalagent/1.1 (+https://developers.facebook.com/docs/sharing/webmasters/crawler)"
2a03:2880:f800:39:: - - [16/Dec/2025:12:25:46 +0000] "GET /shop/buisson/intermediate24870275594.html HTTP/1.1" 200 2917 "-" "meta-externalagent/1.1 (+https://developers.facebook.com/docs/sharing/webmasters/crawler)"
2a03:2880:f800:1e:: - - [16/Dec/2025:12:25:46 +0000] "GET /shop/hooves/weigela31648103738.html HTTP/1.1" 200 2917 "-" "meta-externalagent/1.1 (+https://developers.facebook.com/docs/sharing/webmasters/crawler)"
2a03:2880:f800:33:: - - [16/Dec/2025:12:25:47 +0000] "GET /shop/tardies/segregator4656050569.html HTTP/1.1" 200 2917 "-" "meta-externalagent/1.1 (+https://developers.facebook.com/docs/sharing/webmasters/crawler)"
2a03:2880:f800:25:: - - [16/Dec/2025:12:25:47 +0000] "GET /shop/nondenseness/outplanned28905103624.html HTTP/1.1" 200 2917 "-" "meta-externalagent/1.1 (+https://developers.facebook.com/docs/sharing/webmasters/crawler)"
157.55.39.200 - - [16/Dec/2025:12:25:48 +0000] "GET /shop/venomly/overmoisture4656017821.html HTTP/1.1" 200 2917 "-" "Mozilla/5.0 AppleWebKit/537.36 (KHTML, like Gecko; compatible; bingbot/2.0; +http://www.bing.com/bingbot.htm) Chrome/116.0.1938.76 Safari/537.36"
2a03:2880:f800:30:: - - [16/Dec/2025:12:25:48 +0000] "GET /shop/detax/tubber2120316989.html HTTP/1.1" 200 2917 "-" "meta-externalagent/1.1 (+https://developers.facebook.com/docs/sharing/webmasters/crawler)"
2a03:2880:f800:45:: - - [16/Dec/2025:12:25:48 +0000] "GET /shop/sulfur/hoster10933239274.html HTTP/1.1" 200 2917 "-" "meta-externalagent/1.1 (+https://developers.facebook.com/docs/sharing/webmasters/crawler)"
2a03:2880:f800:1b:: - - [16/Dec/2025:12:25:49 +0000] "GET /shop/elegized/occurring28905374037.html HTTP/1.1" 200 2917 "-" "meta-externalagent/1.1 (+https://developers.facebook.com/docs/sharing/webmasters/crawler)"
2a03:2880:f800:a:: - - [16/Dec/2025:12:25:50 +0000] "GET /shop/uncredibly/unannexedness10933386536.html HTTP/1.1" 200 2917 "-" "meta-externalagent/1.1 (+https://developers.facebook.com/docs/sharing/webmasters/crawler)"
157.55.39.200 - - [16/Dec/2025:12:25:50 +0000] "GET /shop/val/superexcellence4545130810.html HTTP/1.1" 200 2917 "-" "Mozilla/5.0 AppleWebKit/537.36 (KHTML, like Gecko; compatible; bingbot/2.0; +http://www.bing.com/bingbot.htm) Chrome/116.0.1938.76 Safari/537.36"
2a03:2880:f800:1e:: - - [16/Dec/2025:12:25:50 +0000] "GET /shop/unity/entrancing10933410411.html HTTP/1.1" 200 2917 "-" "meta-externalagent/1.1 (+https://developers.facebook.com/docs/sharing/webmasters/crawler)"
2a03:2880:f800:3b:: - - [16/Dec/2025:12:25:50 +0000] "GET /shop/nomogenist/ahimsa21414608.html HTTP/1.1" 200 2917 "-" "meta-externalagent/1.1 (+https://developers.facebook.com/docs/sharing/webmasters/crawler)"
157.55.39.200 - - [16/Dec/2025:12:25:51 +0000] "GET /shop/transfusively/regurgitates2141474614.html HTTP/1.1" 200 2917 "-" "Mozilla/5.0 AppleWebKit/537.36 (KHTML, like Gecko; compatible; bingbot/2.0; +http://www.bing.com/bingbot.htm) Chrome/116.0.1938.76 Safari/537.36"
2a03:2880:f800:2d:: - - [16/Dec/2025:12:25:51 +0000] "GET /shop/rear/osteotrophic21203327735.html HTTP/1.1" 200 2917 "-" "meta-externalagent/1.1 (+https://developers.facebook.com/docs/sharing/webmasters/crawler)"
2a03:2880:f800:2e:: - - [16/Dec/2025:12:25:52 +0000] "GET /shop/recrementitial/testibrachial45451397638.html HTTP/1.1" 200 2917 "-" "meta-externalagent/1.1 (+https://developers.facebook.com/docs/sharing/webmasters/crawler)"
2a03:2880:f800:39:: - - [16/Dec/2025:12:25:52 +0000] "GET /shop/nonreasonableness/unstrict4545118681.html HTTP/1.1" 200 2917 "-" "meta-externalagent/1.1 (+https://developers.facebook.com/docs/sharing/webmasters/crawler)"
2a03:2880:f800:c:: - - [16/Dec/2025:12:25:53 +0000] "GET /shop/replume/nonpliancy45451398848.html HTTP/1.1" 200 2917 "-" "meta-externalagent/1.1 (+https://developers.facebook.com/docs/sharing/webmasters/crawler)"
2a03:2880:f800:25:: - - [16/Dec/2025:12:25:53 +0000] "GET /shop/reweaving/outstation24870224342.html HTTP/1.1" 200 2917 "-" "meta-externalagent/1.1 (+https://developers.facebook.com/docs/sharing/webmasters/crawler)"
2a03:2880:f800:2f:: - - [16/Dec/2025:12:25:54 +0000] "GET /shop/ninetyknot/breadstuff21203275971.html HTTP/1.1" 200 2917 "-" "meta-externalagent/1.1 (+https://developers.facebook.com/docs/sharing/webmasters/crawler)"
2a03:2880:f800:31:: - - [16/Dec/2025:12:25:54 +0000] "GET /shop/wellheads/abdominal21414262153.html HTTP/1.1" 200 2917 "-" "meta-externalagent/1.1 (+https://developers.facebook.com/docs/sharing/webmasters/crawler)"
2a03:2880:f800:23:: - - [16/Dec/2025:12:25:54 +0000] "GET /shop/pupidae/urceiform5858476986.html HTTP/1.1" 200 2917 "-" "meta-externalagent/1.1 (+https://developers.facebook.com/docs/sharing/webmasters/crawler)"
2a03:2880:f800:2b:: - - [16/Dec/2025:12:25:55 +0000] "GET /shop/dispiriting/outspend46560118985.html HTTP/1.1" 200 2917 "-" "meta-externalagent/1.1 (+https://developers.facebook.com/docs/sharing/webmasters/crawler)"
2a03:2880:f800:8:: - - [16/Dec/2025:12:25:55 +0000] "GET /shop/cathexis/counteracter31648378132.html HTTP/1.1" 200 2917 "-" "meta-externalagent/1.1 (+https://developers.facebook.com/docs/sharing/webmasters/crawler)"
2a03:2880:f800:10:: - - [16/Dec/2025:12:25:56 +0000] "GET /shop/palatization/conidiophore31648311886.html HTTP/1.1" 200 2917 "-" "meta-externalagent/1.1 (+https://developers.facebook.com/docs/sharing/webmasters/crawler)"
2a03:2880:f800:31:: - - [16/Dec/2025:12:25:57 +0000] "GET /shop/acetylperoxide/pharyngobranch21414117325.html HTTP/1.1" 200 2917 "-" "meta-externalagent/1.1 (+https://developers.facebook.com/docs/sharing/webmasters/crawler)"
2a03:2880:f800:2c:: - - [16/Dec/2025:12:25:57 +0000] "GET /shop/cymation/jerked31648157434.html HTTP/1.1" 200 2917 "-" "meta-externalagent/1.1 (+https://developers.facebook.com/docs/sharing/webmasters/crawler)"
2603:3:6109:9bf0:: - - [16/Dec/2025:12:25:02 +0000] "GET /script.php HTTP/1.1" 200 1 "-" "curl/7.76.1"
2a03:2880:f800:3d:: - - [16/Dec/2025:12:25:58 +0000] "GET /shop/powerlessly/staidest214141846.html HTTP/1.1" 200 2917 "-" "meta-externalagent/1.1 (+https://developers.facebook.com/docs/sharing/webmasters/crawler)"
2a03:2880:f800:1a:: - - [16/Dec/2025:12:25:58 +0000] "GET /shop/cursedest/sensibility45451211167.html HTTP/1.1" 200 2917 "-" "meta-externalagent/1.1 (+https://developers.facebook.com/docs/sharing/webmasters/crawler)"
2a03:2880:f800:21:: - - [16/Dec/2025:12:25:59 +0000] "GET /shop/verbose/undenotable31648295062.html HTTP/1.1" 200 2917 "-" "meta-externalagent/1.1 (+https://developers.facebook.com/docs/sharing/webmasters/crawler)"
2a03:2880:f800:7:: - - [16/Dec/2025:12:25:59 +0000] "GET /shop/bitchy/keddahs58584258512.html HTTP/1.1" 200 2917 "-" "meta-externalagent/1.1 (+https://developers.facebook.com/docs/sharing/webmasters/crawler)"
40.77.167.243 - - [16/Dec/2025:12:25:59 +0000] "GET /p/prod-14ne-2274572 HTTP/1.1" 200 2917 "-" "Mozilla/5.0 AppleWebKit/537.36 (KHTML, like Gecko; compatible; bingbot/2.0; +http://www.bing.com/bingbot.htm) Chrome/116.0.1938.76 Safari/537.36"
2a03:2880:f800:32:: - - [16/Dec/2025:12:26:00 +0000] "GET /shop/ogreism/meninx21203232130.html HTTP/1.1" 200 2917 "-" "meta-externalagent/1.1 (+https://developers.facebook.com/docs/sharing/webmasters/crawler)"
2a03:2880:f800:2a:: - - [16/Dec/2025:12:26:01 +0000] "GET /shop/faitours/cavel31648296781.html HTTP/1.1" 200 2917 "-" "meta-externalagent/1.1 (+https://developers.facebook.com/docs/sharing/webmasters/crawler)"
40.77.167.243 - - [16/Dec/2025:12:26:01 +0000] "GET /p/prod-14ne-1198124 HTTP/1.1" 200 2917 "-" "Mozilla/5.0 AppleWebKit/537.36 (KHTML, like Gecko; compatible; bingbot/2.0; +http://www.bing.com/bingbot.htm) Chrome/116.0.1938.76 Safari/537.36"
2a03:2880:f800:25:: - - [16/Dec/2025:12:26:01 +0000] "GET /shop/nigrosins/damselflies10933243152.html HTTP/1.1" 200 2917 "-" "meta-externalagent/1.1 (+https://developers.facebook.com/docs/sharing/webmasters/crawler)"
2a03:2880:f800:14:: - - [16/Dec/2025:12:26:01 +0000] "GET /shop/galactidrosis/specky21414201467.html HTTP/1.1" 200 2917 "-" "meta-externalagent/1.1 (+https://developers.facebook.com/docs/sharing/webmasters/crawler)"
2a03:2880:f800:: - - [16/Dec/2025:12:26:01 +0000] "GET /shop/putter/scrutation58584413356.html HTTP/1.1" 200 2917 "-" "meta-externalagent/1.1 (+https://developers.facebook.com/docs/sharing/webmasters/crawler)"
2a03:2880:f800:4:: - - [16/Dec/2025:12:26:02 +0000] "GET /shop/keratinization/undiminished10933415892.html HTTP/1.1" 200 2917 "-" "meta-externalagent/1.1 (+https://developers.facebook.com/docs/sharing/webmasters/crawler)"
2a03:2880:f800:2d:: - - [16/Dec/2025:12:26:02 +0000] "GET /shop/trunkfuls/epipharynx2487063240.html HTTP/1.1" 200 2917 "-" "meta-externalagent/1.1 (+https://developers.facebook.com/docs/sharing/webmasters/crawler)"
2a03:2880:f800:13:: - - [16/Dec/2025:12:26:03 +0000] "GET /shop/sorose/rodwood2890576047.html HTTP/1.1" 200 2917 "-" "meta-externalagent/1.1 (+https://developers.facebook.com/docs/sharing/webmasters/crawler)"
40.77.167.243 - - [16/Dec/2025:12:26:03 +0000] "GET /p/prod-14ne-4332633 HTTP/1.1" 200 2917 "-" "Mozilla/5.0 AppleWebKit/537.36 (KHTML, like Gecko; compatible; bingbot/2.0; +http://www.bing.com/bingbot.htm) Chrome/116.0.1938.76 Safari/537.36"
2a03:2880:f800:e:: - - [16/Dec/2025:12:26:04 +0000] "GET /shop/pseudomodest/overconcentrated31648335726.html HTTP/1.1" 200 2917 "-" "meta-externalagent/1.1 (+https://developers.facebook.com/docs/sharing/webmasters/crawler)"
157.55.39.10 - - [16/Dec/2025:12:26:04 +0000] "GET /p/prod-14ne-217420 HTTP/1.1" 200 2917 "-" "Mozilla/5.0 AppleWebKit/537.36 (KHTML, like Gecko; compatible; bingbot/2.0; +http://www.bing.com/bingbot.htm) Chrome/116.0.1938.76 Safari/537.36"
2a03:2880:f800:e:: - - [16/Dec/2025:12:26:04 +0000] "GET /shop/amphisbaena/conformance21203439556.html HTTP/1.1" 200 2917 "-" "meta-externalagent/1.1 (+https://developers.facebook.com/docs/sharing/webmasters/crawler)"
2a03:2880:f800:24:: - - [16/Dec/2025:12:26:05 +0000] "GET /shop/opinioned/stoicisms24870394256.html HTTP/1.1" 200 2917 "-" "meta-externalagent/1.1 (+https://developers.facebook.com/docs/sharing/webmasters/crawler)"
2a03:2880:f800:11:: - - [16/Dec/2025:12:26:05 +0000] "GET /shop/nectarine/firmland58584100871.html HTTP/1.1" 200 2917 "-" "meta-externalagent/1.1 (+https://developers.facebook.com/docs/sharing/webmasters/crawler)"
2a03:2880:f800:1e:: - - [16/Dec/2025:12:26:05 +0000] "GET /shop/reginas/anthesteriac58584302290.html HTTP/1.1" 200 2917 "-" "meta-externalagent/1.1 (+https://developers.facebook.com/docs/sharing/webmasters/crawler)"
2a03:2880:f800:2c:: - - [16/Dec/2025:12:26:06 +0000] "GET /shop/japanizes/unbalancing2120313041.html HTTP/1.1" 200 2917 "-" "meta-externalagent/1.1 (+https://developers.facebook.com/docs/sharing/webmasters/crawler)"
157.55.39.10 - - [16/Dec/2025:12:26:06 +0000] "GET /shop/polygamian/goudy31648301698.html HTTP/1.1" 200 2917 "-" "Mozilla/5.0 AppleWebKit/537.36 (KHTML, like Gecko; compatible; bingbot/2.0; +http://www.bing.com/bingbot.htm) Chrome/116.0.1938.76 Safari/537.36"
2a03:2880:f800:32:: - - [16/Dec/2025:12:26:06 +0000] "GET /shop/hobbler/indignity28905324173.html HTTP/1.1" 200 2917 "-" "meta-externalagent/1.1 (+https://developers.facebook.com/docs/sharing/webmasters/crawler)"
2a03:2880:f800:31:: - - [16/Dec/2025:12:26:07 +0000] "GET /shop/cuniform/staghunt2141462599.html HTTP/1.1" 200 2917 "-" "meta-externalagent/1.1 (+https://developers.facebook.com/docs/sharing/webmasters/crawler)"
2a03:2880:f800:7:: - - [16/Dec/2025:12:26:08 +0000] "GET /shop/phrenologic/ancience28905104901.html HTTP/1.1" 200 2917 "-" "meta-externalagent/1.1 (+https://developers.facebook.com/docs/sharing/webmasters/crawler)"
2a03:2880:f800:7:: - - [16/Dec/2025:12:26:08 +0000] "GET /shop/bitumed/constructivism24870807.html HTTP/1.1" 200 2917 "-" "meta-externalagent/1.1 (+https://developers.facebook.com/docs/sharing/webmasters/crawler)"
2a03:2880:f800:19:: - - [16/Dec/2025:12:26:09 +0000] "GET /shop/sylphid/briared2141456306.html HTTP/1.1" 200 2917 "-" "meta-externalagent/1.1 (+https://developers.facebook.com/docs/sharing/webmasters/crawler)"
2a03:2880:f800:2:: - - [16/Dec/2025:12:26:09 +0000] "GET /shop/derust/capsulogenous46560170121.html HTTP/1.1" 200 2917 "-" "meta-externalagent/1.1 (+https://developers.facebook.com/docs/sharing/webmasters/crawler)"
2a03:2880:f800:4d:: - - [16/Dec/2025:12:26:10 +0000] "GET /shop/miscript/baviaantje31648378384.html HTTP/1.1" 200 2917 "-" "meta-externalagent/1.1 (+https://developers.facebook.com/docs/sharing/webmasters/crawler)"
157.55.39.200 - - [16/Dec/2025:12:26:10 +0000] "GET /p/prod-14ne-1986665 HTTP/1.1" 200 2917 "-" "Mozilla/5.0 AppleWebKit/537.36 (KHTML, like Gecko; compatible; bingbot/2.0; +http://www.bing.com/bingbot.htm) Chrome/116.0.1938.76 Safari/537.36"
2a03:2880:f800:49:: - - [16/Dec/2025:12:26:10 +0000] "GET /shop/foreshift/ommatea45451370618.html HTTP/1.1" 200 2917 "-" "meta-externalagent/1.1 (+https://developers.facebook.com/docs/sharing/webmasters/crawler)"
157.55.39.200 - - [16/Dec/2025:12:26:11 +0000] "GET /p/prod-14ne-4458130 HTTP/1.1" 200 2917 "-" "Mozilla/5.0 AppleWebKit/537.36 (KHTML, like Gecko; compatible; bingbot/2.0; +http://www.bing.com/bingbot.htm) Chrome/116.0.1938.76 Safari/537.36"
185.191.171.9 - - [16/Dec/2025:12:26:11 +0000] "GET /shop/electrogild/masculinization10729206746.html HTTP/1.1" 200 2917 "-" "Mozilla/5.0 (compatible; SemrushBot/7~bl; +http://www.semrush.com/bot.html)"
2a03:2880:f800:21:: - - [16/Dec/2025:12:26:11 +0000] "GET /shop/unwheedled/afret28905176560.html HTTP/1.1" 200 2917 "-" "meta-externalagent/1.1 (+https://developers.facebook.com/docs/sharing/webmasters/crawler)"
2a03:2880:f800:14:: - - [16/Dec/2025:12:26:12 +0000] "GET /shop/polymyarian/pseudacusis28905397878.html HTTP/1.1" 200 2917 "-" "meta-externalagent/1.1 (+https://developers.facebook.com/docs/sharing/webmasters/crawler)"
2a03:2880:f800:2c:: - - [16/Dec/2025:12:26:12 +0000] "GET /shop/devs/illimitate31648162295.html HTTP/1.1" 200 2917 "-" "meta-externalagent/1.1 (+https://developers.facebook.com/docs/sharing/webmasters/crawler)"
2a03:2880:f800:30:: - - [16/Dec/2025:12:26:12 +0000] "GET /shop/vinic/assassinist4656058245.html HTTP/1.1" 200 2917 "-" "meta-externalagent/1.1 (+https://developers.facebook.com/docs/sharing/webmasters/crawler)"
2a03:2880:f800:1:: - - [16/Dec/2025:12:26:13 +0000] "GET /shop/chondroskeleton/outflow10933377158.html HTTP/1.1" 200 2917 "-" "meta-externalagent/1.1 (+https://developers.facebook.com/docs/sharing/webmasters/crawler)"
2a03:2880:f800:13:: - - [16/Dec/2025:12:26:13 +0000] "GET /shop/septime/kiho10933356671.html HTTP/1.1" 200 2917 "-" "meta-externalagent/1.1 (+https://developers.facebook.com/docs/sharing/webmasters/crawler)"
2a03:2880:f800:4:: - - [16/Dec/2025:12:26:14 +0000] "GET /shop/unconcerted/interpolated24870404912.html HTTP/1.1" 200 2917 "-" "meta-externalagent/1.1 (+https://developers.facebook.com/docs/sharing/webmasters/crawler)"
2a03:2880:f800:44:: - - [16/Dec/2025:12:26:14 +0000] "GET /shop/subconnect/critism58584400881.html HTTP/1.1" 200 2917 "-" "meta-externalagent/1.1 (+https://developers.facebook.com/docs/sharing/webmasters/crawler)"
185.191.171.11 - - [16/Dec/2025:12:26:14 +0000] "GET /shop/mashru/truckmaster2141462039.html HTTP/1.1" 200 2917 "-" "Mozilla/5.0 (compatible; SemrushBot/7~bl; +http://www.semrush.com/bot.html)"
157.55.39.200 - - [16/Dec/2025:12:26:15 +0000] "GET /p/4-5-shoe-size-in-european-14ne-55439 HTTP/1.1" 200 2917 "-" "Mozilla/5.0 AppleWebKit/537.36 (KHTML, like Gecko; compatible; bingbot/2.0; +http://www.bing.com/bingbot.htm) Chrome/116.0.1938.76 Safari/537.36"
2a03:2880:f800:31:: - - [16/Dec/2025:12:26:15 +0000] "GET /shop/gushiest/overdeeply21414234009.html HTTP/1.1" 200 2917 "-" "meta-externalagent/1.1 (+https://developers.facebook.com/docs/sharing/webmasters/crawler)"
2a03:2880:f800:2a:: - - [16/Dec/2025:12:26:15 +0000] "GET /shop/ephesians/pellety31648264355.html HTTP/1.1" 200 2917 "-" "meta-externalagent/1.1 (+https://developers.facebook.com/docs/sharing/webmasters/crawler)"
2a03:2880:f800:3b:: - - [16/Dec/2025:12:26:16 +0000] "GET /shop/platycerium/phosgenite46560175098.html HTTP/1.1" 200 2917 "-" "meta-externalagent/1.1 (+https://developers.facebook.com/docs/sharing/webmasters/crawler)"
2a03:2880:f800:3e:: - - [16/Dec/2025:12:26:16 +0000] "GET /shop/clampers/deflocculating24870386936.html HTTP/1.1" 200 2917 "-" "meta-externalagent/1.1 (+https://developers.facebook.com/docs/sharing/webmasters/crawler)"
2a03:2880:f800:31:: - - [16/Dec/2025:12:26:17 +0000] "GET /shop/puddliest/reconnoitringly5858457297.html HTTP/1.1" 200 2917 "-" "meta-externalagent/1.1 (+https://developers.facebook.com/docs/sharing/webmasters/crawler)"
185.191.171.9 - - [16/Dec/2025:12:26:17 +0000] "GET /shop/hydnocarpus/variator1093343894.html HTTP/1.1" 200 2917 "-" "Mozilla/5.0 (compatible; SemrushBot/7~bl; +http://www.semrush.com/bot.html)"
2a03:2880:f800:30:: - - [16/Dec/2025:12:26:17 +0000] "GET /shop/wheelway/forehead10729303835.html HTTP/1.1" 200 2917 "-" "meta-externalagent/1.1 (+https://developers.facebook.com/docs/sharing/webmasters/crawler)"
2a03:2880:f800:3e:: - - [16/Dec/2025:12:26:18 +0000] "GET /shop/bisulc/rootworm10933160500.html HTTP/1.1" 200 2917 "-" "meta-externalagent/1.1 (+https://developers.facebook.com/docs/sharing/webmasters/crawler)"
2a03:2880:f800:36:: - - [16/Dec/2025:12:26:18 +0000] "GET /shop/expenthesis/hennes21203258099.html HTTP/1.1" 200 2917 "-" "meta-externalagent/1.1 (+https://developers.facebook.com/docs/sharing/webmasters/crawler)"
2a03:2880:f800:25:: - - [16/Dec/2025:12:26:18 +0000] "GET /shop/hodmen/sufficiencies2141466349.html HTTP/1.1" 200 2917 "-" "meta-externalagent/1.1 (+https://developers.facebook.com/docs/sharing/webmasters/crawler)"
2a03:2880:f800:2c:: - - [16/Dec/2025:12:26:19 +0000] "GET /shop/croci/trombonists2890579049.html HTTP/1.1" 200 2917 "-" "meta-externalagent/1.1 (+https://developers.facebook.com/docs/sharing/webmasters/crawler)"
2a03:2880:f800:3d:: - - [16/Dec/2025:12:26:19 +0000] "GET /shop/clavered/effeminateness10933187647.html HTTP/1.1" 200 2917 "-" "meta-externalagent/1.1 (+https://developers.facebook.com/docs/sharing/webmasters/crawler)"
2a03:2880:f800:2:: - - [16/Dec/2025:12:26:20 +0000] "GET /shop/domal/raphias10933414683.html HTTP/1.1" 200 2917 "-" "meta-externalagent/1.1 (+https://developers.facebook.com/docs/sharing/webmasters/crawler)"
2a03:2880:f800:18:: - - [16/Dec/2025:12:26:20 +0000] "GET /shop/inermous/microhenries46560114351.html HTTP/1.1" 200 2917 "-" "meta-externalagent/1.1 (+https://developers.facebook.com/docs/sharing/webmasters/crawler)"
157.55.39.200 - - [16/Dec/2025:12:26:21 +0000] "GET /p/prod-14ne-2341718 HTTP/1.1" 200 2917 "-" "Mozilla/5.0 AppleWebKit/537.36 (KHTML, like Gecko; compatible; bingbot/2.0; +http://www.bing.com/bingbot.htm) Chrome/116.0.1938.76 Safari/537.36"
2a03:2880:f800:a:: - - [16/Dec/2025:12:26:22 +0000] "GET /shop/dodger/furthermore58584348124.html HTTP/1.1" 200 2917 "-" "meta-externalagent/1.1 (+https://developers.facebook.com/docs/sharing/webmasters/crawler)"
2a03:2880:f800:6:: - - [16/Dec/2025:12:26:22 +0000] "GET /shop/hypoacusia/schmitz21203289177.html HTTP/1.1" 200 2917 "-" "meta-externalagent/1.1 (+https://developers.facebook.com/docs/sharing/webmasters/crawler)"
2a03:2880:f800:33:: - - [16/Dec/2025:12:26:22 +0000] "GET /shop/pledgee/bicondylar31648428247.html HTTP/1.1" 200 2917 "-" "meta-externalagent/1.1 (+https://developers.facebook.com/docs/sharing/webmasters/crawler)"
2a03:2880:f800:2a:: - - [16/Dec/2025:12:26:23 +0000] "GET /shop/declines/phiz24870260047.html HTTP/1.1" 200 2917 "-" "meta-externalagent/1.1 (+https://developers.facebook.com/docs/sharing/webmasters/crawler)"
2a03:2880:f800:2d:: - - [16/Dec/2025:12:26:23 +0000] "GET /shop/hyalite/loppering28905227695.html HTTP/1.1" 200 2917 "-" "meta-externalagent/1.1 (+https://developers.facebook.com/docs/sharing/webmasters/crawler)"
2a03:2880:f800:32:: - - [16/Dec/2025:12:26:24 +0000] "GET /shop/brassish/uniatism4545195646.html HTTP/1.1" 200 2917 "-" "meta-externalagent/1.1 (+https://developers.facebook.com/docs/sharing/webmasters/crawler)"
2a03:2880:f800:b:: - - [16/Dec/2025:12:26:24 +0000] "GET /shop/addeem/stimulatingly46560185149.html HTTP/1.1" 200 2917 "-" "meta-externalagent/1.1 (+https://developers.facebook.com/docs/sharing/webmasters/crawler)"
2a03:2880:f800:25:: - - [16/Dec/2025:12:26:24 +0000] "GET /shop/adrenosterone/souchie21203246234.html HTTP/1.1" 200 2917 "-" "meta-externalagent/1.1 (+https://developers.facebook.com/docs/sharing/webmasters/crawler)"
2a03:2880:f800:2f:: - - [16/Dec/2025:12:26:25 +0000] "GET /shop/crimsoning/planetarian28905169659.html HTTP/1.1" 200 2917 "-" "meta-externalagent/1.1 (+https://developers.facebook.com/docs/sharing/webmasters/crawler)"
157.55.39.10 - - [16/Dec/2025:12:26:25 +0000] "GET /p/prod-53ne-12464 HTTP/1.1" 200 2917 "-" "Mozilla/5.0 AppleWebKit/537.36 (KHTML, like Gecko; compatible; bingbot/2.0; +http://www.bing.com/bingbot.htm) Chrome/116.0.1938.76 Safari/537.36"
2a03:2880:f800:28:: - - [16/Dec/2025:12:26:26 +0000] "GET /shop/nonhedonically/resue21203357881.html HTTP/1.1" 200 2917 "-" "meta-externalagent/1.1 (+https://developers.facebook.com/docs/sharing/webmasters/crawler)"
2a03:2880:f800:4c:: - - [16/Dec/2025:12:26:26 +0000] "GET /shop/unsaliently/nonconsultative31648371988.html HTTP/1.1" 200 2917 "-" "meta-externalagent/1.1 (+https://developers.facebook.com/docs/sharing/webmasters/crawler)"
2a03:2880:f800:21:: - - [16/Dec/2025:12:26:26 +0000] "GET /shop/outraved/revictualled10729102730.html HTTP/1.1" 200 2917 "-" "meta-externalagent/1.1 (+https://developers.facebook.com/docs/sharing/webmasters/crawler)"
2a03:2880:f800:33:: - - [16/Dec/2025:12:26:27 +0000] "GET /shop/bloomsburian/unsanction465601137.html HTTP/1.1" 200 2917 "-" "meta-externalagent/1.1 (+https://developers.facebook.com/docs/sharing/webmasters/crawler)"
157.55.39.10 - - [16/Dec/2025:12:26:27 +0000] "GET /p/prod-14ne-3815308 HTTP/1.1" 200 2917 "-" "Mozilla/5.0 AppleWebKit/537.36 (KHTML, like Gecko; compatible; bingbot/2.0; +http://www.bing.com/bingbot.htm) Chrome/116.0.1938.76 Safari/537.36"
2a03:2880:f800:15:: - - [16/Dec/2025:12:26:28 +0000] "GET /shop/coccochromatic/chinafish31648328609.html HTTP/1.1" 200 2917 "-" "meta-externalagent/1.1 (+https://developers.facebook.com/docs/sharing/webmasters/crawler)"
2a03:2880:f800:6:: - - [16/Dec/2025:12:26:28 +0000] "GET /shop/overdyes/equilibrist10729411231.html HTTP/1.1" 200 2917 "-" "meta-externalagent/1.1 (+https://developers.facebook.com/docs/sharing/webmasters/crawler)"
157.55.39.10 - - [16/Dec/2025:12:26:28 +0000] "GET /p/prod-14ne-570856 HTTP/1.1" 200 2917 "-" "Mozilla/5.0 AppleWebKit/537.36 (KHTML, like Gecko; compatible; bingbot/2.0; +http://www.bing.com/bingbot.htm) Chrome/116.0.1938.76 Safari/537.36"
2a03:2880:f800:c:: - - [16/Dec/2025:12:26:29 +0000] "GET /shop/runback/prevalued2487016584.html HTTP/1.1" 200 2917 "-" "meta-externalagent/1.1 (+https://developers.facebook.com/docs/sharing/webmasters/crawler)"
2a03:2880:f800:44:: - - [16/Dec/2025:12:26:29 +0000] "GET /shop/valedictory/yankeeland31648404348.html HTTP/1.1" 200 2917 "-" "meta-externalagent/1.1 (+https://developers.facebook.com/docs/sharing/webmasters/crawler)"
2a03:2880:f800:1a:: - - [16/Dec/2025:12:26:30 +0000] "GET /shop/degenerated/teenfuls24870329594.html HTTP/1.1" 200 2917 "-" "meta-externalagent/1.1 (+https://developers.facebook.com/docs/sharing/webmasters/crawler)"
2a03:2880:f800:33:: - - [16/Dec/2025:12:26:30 +0000] "GET /shop/roentgenometries/tributable28905382614.html HTTP/1.1" 200 2917 "-" "meta-externalagent/1.1 (+https://developers.facebook.com/docs/sharing/webmasters/crawler)"
2a03:2880:f800:5:: - - [16/Dec/2025:12:26:31 +0000] "GET /shop/copraemic/cephaloauricular10933171510.html HTTP/1.1" 200 2917 "-" "meta-externalagent/1.1 (+https://developers.facebook.com/docs/sharing/webmasters/crawler)"
2a03:2880:f800:30:: - - [16/Dec/2025:12:26:31 +0000] "GET /shop/unchalky/physiotherapy24870362671.html HTTP/1.1" 200 2917 "-" "meta-externalagent/1.1 (+https://developers.facebook.com/docs/sharing/webmasters/crawler)"
2a03:2880:f800:13:: - - [16/Dec/2025:12:26:32 +0000] "GET /shop/usufructs/ba21203115136.html HTTP/1.1" 200 2917 "-" "meta-externalagent/1.1 (+https://developers.facebook.com/docs/sharing/webmasters/crawler)"
2a03:2880:f800:38:: - - [16/Dec/2025:12:26:32 +0000] "GET /shop/dressiest/harangue28905404919.html HTTP/1.1" 200 2917 "-" "meta-externalagent/1.1 (+https://developers.facebook.com/docs/sharing/webmasters/crawler)"
157.55.39.10 - - [16/Dec/2025:12:26:32 +0000] "GET /shop/divulging/gelatinisation31648373934.html HTTP/1.1" 200 2917 "-" "Mozilla/5.0 AppleWebKit/537.36 (KHTML, like Gecko; compatible; bingbot/2.0; +http://www.bing.com/bingbot.htm) Chrome/116.0.1938.76 Safari/537.36"
2a03:2880:f800:39:: - - [16/Dec/2025:12:26:32 +0000] "GET /shop/bogyism/schnorchel58584322186.html HTTP/1.1" 200 2917 "-" "meta-externalagent/1.1 (+https://developers.facebook.com/docs/sharing/webmasters/crawler)"
2a03:2880:f800:31:: - - [16/Dec/2025:12:26:33 +0000] "GET /shop/nietzscheism/jaghire21203164874.html HTTP/1.1" 200 2917 "-" "meta-externalagent/1.1 (+https://developers.facebook.com/docs/sharing/webmasters/crawler)"
2a03:2880:f800:c:: - - [16/Dec/2025:12:26:34 +0000] "GET /shop/avocat/unprecautioned10933316829.html HTTP/1.1" 200 2917 "-" "meta-externalagent/1.1 (+https://developers.facebook.com/docs/sharing/webmasters/crawler)"
2a03:2880:f800:f:: - - [16/Dec/2025:12:26:34 +0000] "GET /shop/juramenta/dishabilitation2141410897.html HTTP/1.1" 200 2917 "-" "meta-externalagent/1.1 (+https://developers.facebook.com/docs/sharing/webmasters/crawler)"
85.208.96.202 - - [16/Dec/2025:12:26:34 +0000] "GET /shop/budgy/libeling45451124368.html HTTP/1.1" 200 2917 "-" "Mozilla/5.0 (compatible; SemrushBot/7~bl; +http://www.semrush.com/bot.html)"
2a03:2880:f800:22:: - - [16/Dec/2025:12:26:34 +0000] "GET /shop/hypes/adenocystomatous24870133924.html HTTP/1.1" 200 2917 "-" "meta-externalagent/1.1 (+https://developers.facebook.com/docs/sharing/webmasters/crawler)"
2a03:2880:f800:34:: - - [16/Dec/2025:12:26:35 +0000] "GET /shop/grallatores/nonimposition58584229952.html HTTP/1.1" 200 2917 "-" "meta-externalagent/1.1 (+https://developers.facebook.com/docs/sharing/webmasters/crawler)"
2a03:2880:f800:15:: - - [16/Dec/2025:12:26:36 +0000] "GET /shop/falser/hearths21203117966.html HTTP/1.1" 200 2917 "-" "meta-externalagent/1.1 (+https://developers.facebook.com/docs/sharing/webmasters/crawler)"
2a03:2880:f800:5:: - - [16/Dec/2025:12:26:36 +0000] "GET /shop/orchiocele/derk45451310411.html HTTP/1.1" 200 2917 "-" "meta-externalagent/1.1 (+https://developers.facebook.com/docs/sharing/webmasters/crawler)"
40.77.167.243 - - [16/Dec/2025:12:26:36 +0000] "GET /p/prod-14ne-1538258 HTTP/1.1" 200 2917 "-" "Mozilla/5.0 AppleWebKit/537.36 (KHTML, like Gecko; compatible; bingbot/2.0; +http://www.bing.com/bingbot.htm) Chrome/116.0.1938.76 Safari/537.36"
2a03:2880:f800:22:: - - [16/Dec/2025:12:26:37 +0000] "GET /shop/nevoid/jeewhillikens31648446595.html HTTP/1.1" 200 2917 "-" "meta-externalagent/1.1 (+https://developers.facebook.com/docs/sharing/webmasters/crawler)"
2a03:2880:f800:f:: - - [16/Dec/2025:12:26:37 +0000] "GET /shop/balata/uncontentious28905187620.html HTTP/1.1" 200 2917 "-" "meta-externalagent/1.1 (+https://developers.facebook.com/docs/sharing/webmasters/crawler)"
40.77.167.243 - - [16/Dec/2025:12:26:37 +0000] "GET /p/prod-14ne-426756 HTTP/1.1" 200 2917 "-" "Mozilla/5.0 AppleWebKit/537.36 (KHTML, like Gecko; compatible; bingbot/2.0; +http://www.bing.com/bingbot.htm) Chrome/116.0.1938.76 Safari/537.36"
2a03:2880:f800:1b:: - - [16/Dec/2025:12:26:38 +0000] "GET /shop/gurglingly/misvalued3164828718.html HTTP/1.1" 200 2917 "-" "meta-externalagent/1.1 (+https://developers.facebook.com/docs/sharing/webmasters/crawler)"
2a03:2880:f800:48:: - - [16/Dec/2025:12:26:38 +0000] "GET /shop/playgoing/smudgeproof58584406784.html HTTP/1.1" 200 2917 "-" "meta-externalagent/1.1 (+https://developers.facebook.com/docs/sharing/webmasters/crawler)"
2a03:2880:f800:4b:: - - [16/Dec/2025:12:26:39 +0000] "GET /shop/bredstitch/cogitos4545132099.html HTTP/1.1" 200 2917 "-" "meta-externalagent/1.1 (+https://developers.facebook.com/docs/sharing/webmasters/crawler)"
40.77.167.243 - - [16/Dec/2025:12:26:39 +0000] "GET /p/prod-14ne-1480263 HTTP/1.1" 200 2917 "-" "Mozilla/5.0 AppleWebKit/537.36 (KHTML, like Gecko; compatible; bingbot/2.0; +http://www.bing.com/bingbot.htm) Chrome/116.0.1938.76 Safari/537.36"
2a03:2880:f800:2e:: - - [16/Dec/2025:12:26:39 +0000] "GET /shop/stomatodynia/haznadar21203118379.html HTTP/1.1" 200 2917 "-" "meta-externalagent/1.1 (+https://developers.facebook.com/docs/sharing/webmasters/crawler)"
2a03:2880:f800:31:: - - [16/Dec/2025:12:26:40 +0000] "GET /shop/faits/arthropathy45451226135.html HTTP/1.1" 200 2917 "-" "meta-externalagent/1.1 (+https://developers.facebook.com/docs/sharing/webmasters/crawler)"
40.77.167.243 - - [16/Dec/2025:12:26:40 +0000] "GET /p/prod-14ne-5269899 HTTP/1.1" 200 2917 "-" "Mozilla/5.0 AppleWebKit/537.36 (KHTML, like Gecko; compatible; bingbot/2.0; +http://www.bing.com/bingbot.htm) Chrome/116.0.1938.76 Safari/537.36"
2a03:2880:f800:32:: - - [16/Dec/2025:12:26:41 +0000] "GET /shop/tricliniarch/matutine21203376484.html HTTP/1.1" 200 2917 "-" "meta-externalagent/1.1 (+https://developers.facebook.com/docs/sharing/webmasters/crawler)"
2a03:2880:f800:13:: - - [16/Dec/2025:12:26:41 +0000] "GET /shop/herbarbaria/viridene21414178333.html HTTP/1.1" 200 2917 "-" "meta-externalagent/1.1 (+https://developers.facebook.com/docs/sharing/webmasters/crawler)"
2a03:2880:f800:1f:: - - [16/Dec/2025:12:26:41 +0000] "GET /shop/lankness/glamors10933177056.html HTTP/1.1" 200 2917 "-" "meta-externalagent/1.1 (+https://developers.facebook.com/docs/sharing/webmasters/crawler)"
2a03:2880:f800:45:: - - [16/Dec/2025:12:26:41 +0000] "GET /shop/familial/impairment2141473148.html HTTP/1.1" 200 2917 "-" "meta-externalagent/1.1 (+https://developers.facebook.com/docs/sharing/webmasters/crawler)"
2a03:2880:f800:1c:: - - [16/Dec/2025:12:26:42 +0000] "GET /shop/ventroaxial/retrade45451324155.html HTTP/1.1" 200 2917 "-" "meta-externalagent/1.1 (+https://developers.facebook.com/docs/sharing/webmasters/crawler)"
157.55.39.200 - - [16/Dec/2025:12:26:42 +0000] "GET /shop/thermoanesthesia/limnophilid28905348237.html HTTP/1.1" 200 2917 "-" "Mozilla/5.0 AppleWebKit/537.36 (KHTML, like Gecko; compatible; bingbot/2.0; +http://www.bing.com/bingbot.htm) Chrome/116.0.1938.76 Safari/537.36"
2a03:2880:f800:c:: - - [16/Dec/2025:12:26:42 +0000] "GET /shop/bandog/yakitoris58584101193.html HTTP/1.1" 200 2917 "-" "meta-externalagent/1.1 (+https://developers.facebook.com/docs/sharing/webmasters/crawler)"
2a03:2880:f800:4d:: - - [16/Dec/2025:12:26:43 +0000] "GET /shop/fangy/tricotee28905452344.html HTTP/1.1" 200 2917 "-" "meta-externalagent/1.1 (+https://developers.facebook.com/docs/sharing/webmasters/crawler)"
2a03:2880:f800:35:: - - [16/Dec/2025:12:26:44 +0000] "GET /shop/transponders/ambergris10729227339.html HTTP/1.1" 200 2917 "-" "meta-externalagent/1.1 (+https://developers.facebook.com/docs/sharing/webmasters/crawler)"
157.55.39.200 - - [16/Dec/2025:12:26:44 +0000] "GET /shop/coroscopy/maladies10729112607.html HTTP/1.1" 200 2917 "-" "Mozilla/5.0 AppleWebKit/537.36 (KHTML, like Gecko; compatible; bingbot/2.0; +http://www.bing.com/bingbot.htm) Chrome/116.0.1938.76 Safari/537.36"
2a03:2880:f800:9:: - - [16/Dec/2025:12:26:44 +0000] "GET /shop/appendices/diarhemia45451144963.html HTTP/1.1" 200 2917 "-" "meta-externalagent/1.1 (+https://developers.facebook.com/docs/sharing/webmasters/crawler)"
2a03:2880:f800:18:: - - [16/Dec/2025:12:26:45 +0000] "GET /shop/opiniastre/throbbers28905400346.html HTTP/1.1" 200 2917 "-" "meta-externalagent/1.1 (+https://developers.facebook.com/docs/sharing/webmasters/crawler)"
2a03:2880:f800:31:: - - [16/Dec/2025:12:26:45 +0000] "GET /shop/algarot/raias21203396472.html HTTP/1.1" 200 2917 "-" "meta-externalagent/1.1 (+https://developers.facebook.com/docs/sharing/webmasters/crawler)"
157.55.39.200 - - [16/Dec/2025:12:26:45 +0000] "GET /shop/preevident/cauterising31648312644.html HTTP/1.1" 200 2917 "-" "Mozilla/5.0 AppleWebKit/537.36 (KHTML, like Gecko; compatible; bingbot/2.0; +http://www.bing.com/bingbot.htm) Chrome/116.0.1938.76 Safari/537.36"
2a03:2880:f800:1a:: - - [16/Dec/2025:12:26:45 +0000] "GET /shop/wissel/coenact24870209137.html HTTP/1.1" 200 2917 "-" "meta-externalagent/1.1 (+https://developers.facebook.com/docs/sharing/webmasters/crawler)"
2a03:2880:f800:f:: - - [16/Dec/2025:12:26:46 +0000] "GET /shop/unreminiscent/sponge31648351148.html HTTP/1.1" 200 2917 "-" "meta-externalagent/1.1 (+https://developers.facebook.com/docs/sharing/webmasters/crawler)"
2a03:2880:f800:3:: - - [16/Dec/2025:12:26:47 +0000] "GET /shop/josie/ethanethial31648219898.html HTTP/1.1" 200 2917 "-" "meta-externalagent/1.1 (+https://developers.facebook.com/docs/sharing/webmasters/crawler)"
2a03:2880:f800:31:: - - [16/Dec/2025:12:26:47 +0000] "GET /shop/prothalli/theorizes10729398707.html HTTP/1.1" 200 2917 "-" "meta-externalagent/1.1 (+https://developers.facebook.com/docs/sharing/webmasters/crawler)"
40.77.167.243 - - [16/Dec/2025:12:26:47 +0000] "GET /p/prod-14ne-1122034 HTTP/1.1" 200 2917 "-" "Mozilla/5.0 AppleWebKit/537.36 (KHTML, like Gecko; compatible; bingbot/2.0; +http://www.bing.com/bingbot.htm) Chrome/116.0.1938.76 Safari/537.36"
2a03:2880:f800:5:: - - [16/Dec/2025:12:26:48 +0000] "GET /shop/whory/lifeless31648252504.html HTTP/1.1" 200 2917 "-" "meta-externalagent/1.1 (+https://developers.facebook.com/docs/sharing/webmasters/crawler)"
2a03:2880:f800:11:: - - [16/Dec/2025:12:26:48 +0000] "GET /shop/nabak/pilimiction31648218809.html HTTP/1.1" 200 2917 "-" "meta-externalagent/1.1 (+https://developers.facebook.com/docs/sharing/webmasters/crawler)"
2a03:2880:f800:12:: - - [16/Dec/2025:12:26:48 +0000] "GET /shop/submicroscopically/magniloquence21203192518.html HTTP/1.1" 200 2917 "-" "meta-externalagent/1.1 (+https://developers.facebook.com/docs/sharing/webmasters/crawler)"
2a03:2880:f800:17:: - - [16/Dec/2025:12:26:49 +0000] "GET /shop/rissom/bealtine31648341979.html HTTP/1.1" 200 2917 "-" "meta-externalagent/1.1 (+https://developers.facebook.com/docs/sharing/webmasters/crawler)"
40.77.167.243 - - [16/Dec/2025:12:26:49 +0000] "GET /shop/whuttering/osteolepis2487060743.html HTTP/1.1" 200 2917 "-" "Mozilla/5.0 AppleWebKit/537.36 (KHTML, like Gecko; compatible; bingbot/2.0; +http://www.bing.com/bingbot.htm) Chrome/116.0.1938.76 Safari/537.36"
2a03:2880:f800:18:: - - [16/Dec/2025:12:26:50 +0000] "GET /shop/mellifluous/ironmaster58584372108.html HTTP/1.1" 200 2917 "-" "meta-externalagent/1.1 (+https://developers.facebook.com/docs/sharing/webmasters/crawler)"
40.77.167.243 - - [16/Dec/2025:12:26:50 +0000] "GET /shop/mandatories/metempirically21414190056.html HTTP/1.1" 200 2917 "-" "Mozilla/5.0 AppleWebKit/537.36 (KHTML, like Gecko; compatible; bingbot/2.0; +http://www.bing.com/bingbot.htm) Chrome/116.0.1938.76 Safari/537.36"
2a03:2880:f800:48:: - - [16/Dec/2025:12:26:50 +0000] "GET /shop/individualism/uneuphonious45451371634.html HTTP/1.1" 200 2917 "-" "meta-externalagent/1.1 (+https://developers.facebook.com/docs/sharing/webmasters/crawler)"
2a03:2880:f800:17:: - - [16/Dec/2025:12:26:51 +0000] "GET /shop/cerulescent/flaunting10933342955.html HTTP/1.1" 200 2917 "-" "meta-externalagent/1.1 (+https://developers.facebook.com/docs/sharing/webmasters/crawler)"
2a03:2880:f800:37:: - - [16/Dec/2025:12:26:51 +0000] "GET /shop/whomble/tailpipe21203419245.html HTTP/1.1" 200 2917 "-" "meta-externalagent/1.1 (+https://developers.facebook.com/docs/sharing/webmasters/crawler)"
2a03:2880:f800:a:: - - [16/Dec/2025:12:26:51 +0000] "GET /shop/hierographic/alizarin2487013505.html HTTP/1.1" 200 2917 "-" "meta-externalagent/1.1 (+https://developers.facebook.com/docs/sharing/webmasters/crawler)"
2a03:2880:f800:a:: - - [16/Dec/2025:12:26:52 +0000] "GET /shop/sprinkler/maidlike2890520291.html HTTP/1.1" 200 2917 "-" "meta-externalagent/1.1 (+https://developers.facebook.com/docs/sharing/webmasters/crawler)"
157.55.39.200 - - [16/Dec/2025:12:26:52 +0000] "GET /shop/tunny/hebdomadary2890588073.html HTTP/1.1" 200 2917 "-" "Mozilla/5.0 AppleWebKit/537.36 (KHTML, like Gecko; compatible; bingbot/2.0; +http://www.bing.com/bingbot.htm) Chrome/116.0.1938.76 Safari/537.36"
2a03:2880:f800:f:: - - [16/Dec/2025:12:26:53 +0000] "GET /shop/aplenty/undegenerate31648315738.html HTTP/1.1" 200 2917 "-" "meta-externalagent/1.1 (+https://developers.facebook.com/docs/sharing/webmasters/crawler)"
2a03:2880:f800:31:: - - [16/Dec/2025:12:26:53 +0000] "GET /shop/triforia/underlings21203385191.html HTTP/1.1" 200 2917 "-" "meta-externalagent/1.1 (+https://developers.facebook.com/docs/sharing/webmasters/crawler)"
2a03:2880:f800:36:: - - [16/Dec/2025:12:26:54 +0000] "GET /shop/nigresceous/tribromoacetaldehyde2141496506.html HTTP/1.1" 200 2917 "-" "meta-externalagent/1.1 (+https://developers.facebook.com/docs/sharing/webmasters/crawler)"
2a03:2880:f800:1:: - - [16/Dec/2025:12:26:54 +0000] "GET /shop/magellan/pseudoaccidental21203107579.html HTTP/1.1" 200 2917 "-" "meta-externalagent/1.1 (+https://developers.facebook.com/docs/sharing/webmasters/crawler)"
2a03:2880:f800:18:: - - [16/Dec/2025:12:26:55 +0000] "GET /shop/dialystely/flakily58584237055.html HTTP/1.1" 200 2917 "-" "meta-externalagent/1.1 (+https://developers.facebook.com/docs/sharing/webmasters/crawler)"
2a03:2880:f800:23:: - - [16/Dec/2025:12:26:55 +0000] "GET /shop/gearless/deindividuate28905398190.html HTTP/1.1" 200 2917 "-" "meta-externalagent/1.1 (+https://developers.facebook.com/docs/sharing/webmasters/crawler)"
2a03:2880:f800:1f:: - - [16/Dec/2025:12:26:56 +0000] "GET /shop/nonobservant/preconseccrating10933312877.html HTTP/1.1" 200 2917 "-" "meta-externalagent/1.1 (+https://developers.facebook.com/docs/sharing/webmasters/crawler)"
2a03:2880:f800:4d:: - - [16/Dec/2025:12:26:56 +0000] "GET /shop/mias/abend28905308147.html HTTP/1.1" 200 2917 "-" "meta-externalagent/1.1 (+https://developers.facebook.com/docs/sharing/webmasters/crawler)"
2a03:2880:f800:2a:: - - [16/Dec/2025:12:26:56 +0000] "GET /shop/philocalist/gluttonize21203374314.html HTTP/1.1" 200 2917 "-" "meta-externalagent/1.1 (+https://developers.facebook.com/docs/sharing/webmasters/crawler)"
2a03:2880:f800:26:: - - [16/Dec/2025:12:26:57 +0000] "GET /shop/myrmecological/yallock10933321444.html HTTP/1.1" 200 2917 "-" "meta-externalagent/1.1 (+https://developers.facebook.com/docs/sharing/webmasters/crawler)"
40.77.167.243 - - [16/Dec/2025:12:26:57 +0000] "GET /shop/unadjustment/irreverentialism2120362587.html HTTP/1.1" 200 2917 "-" "Mozilla/5.0 AppleWebKit/537.36 (KHTML, like Gecko; compatible; bingbot/2.0; +http://www.bing.com/bingbot.htm) Chrome/116.0.1938.76 Safari/537.36"
2a03:2880:f800:31:: - - [16/Dec/2025:12:26:58 +0000] "GET /shop/belabors/scorched10729369799.html HTTP/1.1" 200 2917 "-" "meta-externalagent/1.1 (+https://developers.facebook.com/docs/sharing/webmasters/crawler)"
2a03:2880:f800:3:: - - [16/Dec/2025:12:26:58 +0000] "GET /shop/reversos/vendibilities10729426546.html HTTP/1.1" 200 2917 "-" "meta-externalagent/1.1 (+https://developers.facebook.com/docs/sharing/webmasters/crawler)"
2a03:2880:f800:48:: - - [16/Dec/2025:12:26:58 +0000] "GET /shop/dermatopathophobia/beggaring28905146553.html HTTP/1.1" 200 2917 "-" "meta-externalagent/1.1 (+https://developers.facebook.com/docs/sharing/webmasters/crawler)"
2603:3:6109:9bf0:: - - [16/Dec/2025:12:26:02 +0000] "GET /script.php HTTP/1.1" 200 1 "-" "curl/7.76.1"
2a03:2880:f800:2a:: - - [16/Dec/2025:12:26:59 +0000] "GET /shop/dualist/boyardom2141452857.html HTTP/1.1" 200 2917 "-" "meta-externalagent/1.1 (+https://developers.facebook.com/docs/sharing/webmasters/crawler)"
2a03:2880:f800:6:: - - [16/Dec/2025:12:27:00 +0000] "GET /shop/sistrums/thiozonid4656062070.html HTTP/1.1" 200 2917 "-" "meta-externalagent/1.1 (+https://developers.facebook.com/docs/sharing/webmasters/crawler)"
2a03:2880:f800:23:: - - [16/Dec/2025:12:27:00 +0000] "GET /shop/portor/peripety24870180145.html HTTP/1.1" 200 2917 "-" "meta-externalagent/1.1 (+https://developers.facebook.com/docs/sharing/webmasters/crawler)"
2a03:2880:f800:22:: - - [16/Dec/2025:12:27:01 +0000] "GET /shop/bowne/nucleli24870293.html HTTP/1.1" 200 2917 "-" "meta-externalagent/1.1 (+https://developers.facebook.com/docs/sharing/webmasters/crawler)"
2a03:2880:f800:32:: - - [16/Dec/2025:12:27:01 +0000] "GET /shop/microfluidal/vocalizing24870133368.html HTTP/1.1" 200 2917 "-" "meta-externalagent/1.1 (+https://developers.facebook.com/docs/sharing/webmasters/crawler)"
2a03:2880:f800:b:: - - [16/Dec/2025:12:27:02 +0000] "GET /shop/rosewood/galeche45451272646.html HTTP/1.1" 200 2917 "-" "meta-externalagent/1.1 (+https://developers.facebook.com/docs/sharing/webmasters/crawler)"
157.55.39.200 - - [16/Dec/2025:12:27:02 +0000] "GET /p/prod-14ne-5195915 HTTP/1.1" 200 2917 "-" "Mozilla/5.0 AppleWebKit/537.36 (KHTML, like Gecko; compatible; bingbot/2.0; +http://www.bing.com/bingbot.htm) Chrome/116.0.1938.76 Safari/537.36"
2a03:2880:f800:35:: - - [16/Dec/2025:12:27:02 +0000] "GET /shop/phytobiological/snowbelt31648274370.html HTTP/1.1" 200 2917 "-" "meta-externalagent/1.1 (+https://developers.facebook.com/docs/sharing/webmasters/crawler)"
2a03:2880:f800:23:: - - [16/Dec/2025:12:27:03 +0000] "GET /shop/scallawag/stallingken21414129175.html HTTP/1.1" 200 2917 "-" "meta-externalagent/1.1 (+https://developers.facebook.com/docs/sharing/webmasters/crawler)"
2a03:2880:f800:16:: - - [16/Dec/2025:12:27:03 +0000] "GET /shop/treated/chiasmi2120397890.html HTTP/1.1" 200 2917 "-" "meta-externalagent/1.1 (+https://developers.facebook.com/docs/sharing/webmasters/crawler)"
2a03:2880:f800:2:: - - [16/Dec/2025:12:27:04 +0000] "GET /shop/argyraspides/counterstimulate10729304951.html HTTP/1.1" 200 2917 "-" "meta-externalagent/1.1 (+https://developers.facebook.com/docs/sharing/webmasters/crawler)"
2a03:2880:f800:31:: - - [16/Dec/2025:12:27:04 +0000] "GET /shop/hookaroon/autobolide2890531649.html HTTP/1.1" 200 2917 "-" "meta-externalagent/1.1 (+https://developers.facebook.com/docs/sharing/webmasters/crawler)"
157.55.39.200 - - [16/Dec/2025:12:27:04 +0000] "GET /p/prod-55ne-22401 HTTP/1.1" 200 2917 "-" "Mozilla/5.0 AppleWebKit/537.36 (KHTML, like Gecko; compatible; bingbot/2.0; +http://www.bing.com/bingbot.htm) Chrome/116.0.1938.76 Safari/537.36"
2a03:2880:f800:1d:: - - [16/Dec/2025:12:27:05 +0000] "GET /shop/uglified/michaelmastide31648202425.html HTTP/1.1" 200 2917 "-" "meta-externalagent/1.1 (+https://developers.facebook.com/docs/sharing/webmasters/crawler)"
2a03:2880:f800:37:: - - [16/Dec/2025:12:27:05 +0000] "GET /shop/wonderfulness/synantherology45451187950.html HTTP/1.1" 200 2917 "-" "meta-externalagent/1.1 (+https://developers.facebook.com/docs/sharing/webmasters/crawler)"
157.55.39.200 - - [16/Dec/2025:12:27:05 +0000] "GET /shop/steamship/rayed2890594241.html HTTP/1.1" 200 2917 "-" "Mozilla/5.0 AppleWebKit/537.36 (KHTML, like Gecko; compatible; bingbot/2.0; +http://www.bing.com/bingbot.htm) Chrome/116.0.1938.76 Safari/537.36"
2a03:2880:f800:2f:: - - [16/Dec/2025:12:27:05 +0000] "GET /shop/milly/northeasters24870351706.html HTTP/1.1" 200 2917 "-" "meta-externalagent/1.1 (+https://developers.facebook.com/docs/sharing/webmasters/crawler)"
2a03:2880:f800:24:: - - [16/Dec/2025:12:27:06 +0000] "GET /shop/sumen/bogard2141452912.html HTTP/1.1" 200 2917 "-" "meta-externalagent/1.1 (+https://developers.facebook.com/docs/sharing/webmasters/crawler)"
2a03:2880:f800:34:: - - [16/Dec/2025:12:27:07 +0000] "GET /shop/bullyingly/xanthisma21203295166.html HTTP/1.1" 200 2917 "-" "meta-externalagent/1.1 (+https://developers.facebook.com/docs/sharing/webmasters/crawler)"
2a03:2880:f800:1e:: - - [16/Dec/2025:12:27:07 +0000] "GET /shop/alsinaceae/leotard31648257295.html HTTP/1.1" 200 2917 "-" "meta-externalagent/1.1 (+https://developers.facebook.com/docs/sharing/webmasters/crawler)"
2a03:2880:f800:10:: - - [16/Dec/2025:12:27:08 +0000] "GET /shop/permeases/primness1072941058.html HTTP/1.1" 200 2917 "-" "meta-externalagent/1.1 (+https://developers.facebook.com/docs/sharing/webmasters/crawler)"
2a03:2880:f800:49:: - - [16/Dec/2025:12:27:08 +0000] "GET /shop/curite/serosae2120341306.html HTTP/1.1" 200 2917 "-" "meta-externalagent/1.1 (+https://developers.facebook.com/docs/sharing/webmasters/crawler)"
2a03:2880:f800:2:: - - [16/Dec/2025:12:27:09 +0000] "GET /shop/archers/medianic31648198026.html HTTP/1.1" 200 2917 "-" "meta-externalagent/1.1 (+https://developers.facebook.com/docs/sharing/webmasters/crawler)"
2a03:2880:f800:34:: - - [16/Dec/2025:12:27:09 +0000] "GET /shop/clysmic/neville10933366066.html HTTP/1.1" 200 2917 "-" "meta-externalagent/1.1 (+https://developers.facebook.com/docs/sharing/webmasters/crawler)"
2a03:2880:f800:31:: - - [16/Dec/2025:12:27:10 +0000] "GET /shop/unsucceeded/masjids10933197377.html HTTP/1.1" 200 2917 "-" "meta-externalagent/1.1 (+https://developers.facebook.com/docs/sharing/webmasters/crawler)"
85.208.96.199 - - [16/Dec/2025:12:27:10 +0000] "GET /shop/orbitolite/bosporan24870327946.html HTTP/1.1" 200 2917 "-" "Mozilla/5.0 (compatible; SemrushBot/7~bl; +http://www.semrush.com/bot.html)"
2a03:2880:f800:3e:: - - [16/Dec/2025:12:27:10 +0000] "GET /shop/poetize/atalayas45451269818.html HTTP/1.1" 200 2917 "-" "meta-externalagent/1.1 (+https://developers.facebook.com/docs/sharing/webmasters/crawler)"
2a03:2880:f800:3e:: - - [16/Dec/2025:12:27:10 +0000] "GET /shop/nonecliptic/nonparalysis10729123269.html HTTP/1.1" 200 2917 "-" "meta-externalagent/1.1 (+https://developers.facebook.com/docs/sharing/webmasters/crawler)"
2a03:2880:f800:24:: - - [16/Dec/2025:12:27:11 +0000] "GET /shop/scolioma/bombinate45451391729.html HTTP/1.1" 200 2917 "-" "meta-externalagent/1.1 (+https://developers.facebook.com/docs/sharing/webmasters/crawler)"
157.55.39.10 - - [16/Dec/2025:12:27:12 +0000] "GET /shop/bullethead/bealtared58584216141.html HTTP/1.1" 200 2917 "-" "Mozilla/5.0 AppleWebKit/537.36 (KHTML, like Gecko; compatible; bingbot/2.0; +http://www.bing.com/bingbot.htm) Chrome/116.0.1938.76 Safari/537.36"
2a03:2880:f800:22:: - - [16/Dec/2025:12:27:12 +0000] "GET /shop/teufit/overhandicap2890515813.html HTTP/1.1" 200 2917 "-" "meta-externalagent/1.1 (+https://developers.facebook.com/docs/sharing/webmasters/crawler)"
2a03:2880:f800:32:: - - [16/Dec/2025:12:27:12 +0000] "GET /shop/umberty/fasten28905257059.html HTTP/1.1" 200 2917 "-" "meta-externalagent/1.1 (+https://developers.facebook.com/docs/sharing/webmasters/crawler)"
157.55.39.10 - - [16/Dec/2025:12:27:13 +0000] "GET /shop/quilleted/disclander10729179233.html HTTP/1.1" 200 2917 "-" "Mozilla/5.0 AppleWebKit/537.36 (KHTML, like Gecko; compatible; bingbot/2.0; +http://www.bing.com/bingbot.htm) Chrome/116.0.1938.76 Safari/537.36"
2a03:2880:f800:30:: - - [16/Dec/2025:12:27:13 +0000] "GET /shop/stager/salubriously24870155969.html HTTP/1.1" 200 2917 "-" "meta-externalagent/1.1 (+https://developers.facebook.com/docs/sharing/webmasters/crawler)"
2a03:2880:f800:31:: - - [16/Dec/2025:12:27:14 +0000] "GET /shop/oxbird/nonimbricated58584200835.html HTTP/1.1" 200 2917 "-" "meta-externalagent/1.1 (+https://developers.facebook.com/docs/sharing/webmasters/crawler)"
2a03:2880:f800:31:: - - [16/Dec/2025:12:27:14 +0000] "GET /shop/anchoritess/neencephala21414284407.html HTTP/1.1" 200 2917 "-" "meta-externalagent/1.1 (+https://developers.facebook.com/docs/sharing/webmasters/crawler)"
2a03:2880:f800:c:: - - [16/Dec/2025:12:27:14 +0000] "GET /shop/nontotalitarian/addy21414239513.html HTTP/1.1" 200 2917 "-" "meta-externalagent/1.1 (+https://developers.facebook.com/docs/sharing/webmasters/crawler)"
2a03:2880:f800:1f:: - - [16/Dec/2025:12:27:15 +0000] "GET /shop/telmatology/pallescent31648317674.html HTTP/1.1" 200 2917 "-" "meta-externalagent/1.1 (+https://developers.facebook.com/docs/sharing/webmasters/crawler)"
2a03:2880:f800:2e:: - - [16/Dec/2025:12:27:15 +0000] "GET /shop/cunicular/acocantherin21414293384.html HTTP/1.1" 200 2917 "-" "meta-externalagent/1.1 (+https://developers.facebook.com/docs/sharing/webmasters/crawler)"
2a03:2880:f800:4b:: - - [16/Dec/2025:12:27:15 +0000] "GET /shop/kindler/intertrade45451330156.html HTTP/1.1" 200 2917 "-" "meta-externalagent/1.1 (+https://developers.facebook.com/docs/sharing/webmasters/crawler)"
2a03:2880:f800:23:: - - [16/Dec/2025:12:27:16 +0000] "GET /shop/cocircularity/tetrarchical2487051200.html HTTP/1.1" 200 2917 "-" "meta-externalagent/1.1 (+https://developers.facebook.com/docs/sharing/webmasters/crawler)"
2a03:2880:f800:18:: - - [16/Dec/2025:12:27:16 +0000] "GET /shop/bisulfid/elpasolite45451288436.html HTTP/1.1" 200 2917 "-" "meta-externalagent/1.1 (+https://developers.facebook.com/docs/sharing/webmasters/crawler)"
2a03:2880:f800:49:: - - [16/Dec/2025:12:27:17 +0000] "GET /shop/glires/unagitatedness24870315192.html HTTP/1.1" 200 2917 "-" "meta-externalagent/1.1 (+https://developers.facebook.com/docs/sharing/webmasters/crawler)"
2a03:2880:f800:1b:: - - [16/Dec/2025:12:27:17 +0000] "GET /shop/whists/outbeggar58584208110.html HTTP/1.1" 200 2917 "-" "meta-externalagent/1.1 (+https://developers.facebook.com/docs/sharing/webmasters/crawler)"
157.55.39.10 - - [16/Dec/2025:12:27:17 +0000] "GET /p/prod-14ne-4800920 HTTP/1.1" 200 2917 "-" "Mozilla/5.0 AppleWebKit/537.36 (KHTML, like Gecko; compatible; bingbot/2.0; +http://www.bing.com/bingbot.htm) Chrome/116.0.1938.76 Safari/537.36"
157.55.39.10 - - [16/Dec/2025:12:27:18 +0000] "GET /p/prod-14ne-2861701 HTTP/1.1" 200 2917 "-" "Mozilla/5.0 AppleWebKit/537.36 (KHTML, like Gecko; compatible; bingbot/2.0; +http://www.bing.com/bingbot.htm) Chrome/116.0.1938.76 Safari/537.36"
