2a03:2880:f800:39:: - - [16/Dec/2025:13:08:28 +0000] "GET /shop/progressives/friskier10933306448.html HTTP/1.1" 200 2917 "-" "meta-externalagent/1.1 (+https://developers.facebook.com/docs/sharing/webmasters/crawler)"
2a03:2880:f800:27:: - - [16/Dec/2025:13:08:28 +0000] "GET /shop/nosochthonography/shady31648348580.html HTTP/1.1" 200 2917 "-" "meta-externalagent/1.1 (+https://developers.facebook.com/docs/sharing/webmasters/crawler)"
207.46.13.51 - - [16/Dec/2025:13:08:28 +0000] "GET /shop/romana/spinnies31648146657.html HTTP/1.1" 200 2917 "-" "Mozilla/5.0 AppleWebKit/537.36 (KHTML, like Gecko; compatible; bingbot/2.0; +http://www.bing.com/bingbot.htm) Chrome/116.0.1938.76 Safari/537.36"
2a03:2880:f800:37:: - - [16/Dec/2025:13:08:29 +0000] "GET /shop/spackling/catur1072951472.html HTTP/1.1" 200 2917 "-" "meta-externalagent/1.1 (+https://developers.facebook.com/docs/sharing/webmasters/crawler)"
207.46.13.51 - - [16/Dec/2025:13:08:29 +0000] "GET /shop/styliform/massotherapist21414136912.html HTTP/1.1" 200 2917 "-" "Mozilla/5.0 AppleWebKit/537.36 (KHTML, like Gecko; compatible; bingbot/2.0; +http://www.bing.com/bingbot.htm) Chrome/116.0.1938.76 Safari/537.36"
2a03:2880:f800:2a:: - - [16/Dec/2025:13:08:29 +0000] "GET /shop/benin/guarache2120391276.html HTTP/1.1" 200 2917 "-" "meta-externalagent/1.1 (+https://developers.facebook.com/docs/sharing/webmasters/crawler)"
2a03:2880:f800:22:: - - [16/Dec/2025:13:08:30 +0000] "GET /shop/tahali/bayogoula10729290272.html HTTP/1.1" 200 2917 "-" "meta-externalagent/1.1 (+https://developers.facebook.com/docs/sharing/webmasters/crawler)"
2a03:2880:f800:1d:: - - [16/Dec/2025:13:08:30 +0000] "GET /shop/wuzzle/waxy3164888864.html HTTP/1.1" 200 2917 "-" "meta-externalagent/1.1 (+https://developers.facebook.com/docs/sharing/webmasters/crawler)"
2a03:2880:f800:3:: - - [16/Dec/2025:13:08:30 +0000] "GET /shop/spunch/undercoachmen4656092638.html HTTP/1.1" 200 2917 "-" "meta-externalagent/1.1 (+https://developers.facebook.com/docs/sharing/webmasters/crawler)"
2a03:2880:f800:2f:: - - [16/Dec/2025:13:08:31 +0000] "GET /shop/reversifier/controverting21203392605.html HTTP/1.1" 200 2917 "-" "meta-externalagent/1.1 (+https://developers.facebook.com/docs/sharing/webmasters/crawler)"
207.46.13.51 - - [16/Dec/2025:13:08:31 +0000] "GET /p/prod-14ne-2155341 HTTP/1.1" 200 2917 "-" "Mozilla/5.0 AppleWebKit/537.36 (KHTML, like Gecko; compatible; bingbot/2.0; +http://www.bing.com/bingbot.htm) Chrome/116.0.1938.76 Safari/537.36"
2a03:2880:f800:34:: - - [16/Dec/2025:13:08:31 +0000] "GET /shop/bowdrill/climacterics31648392543.html HTTP/1.1" 200 2917 "-" "meta-externalagent/1.1 (+https://developers.facebook.com/docs/sharing/webmasters/crawler)"
2a03:2880:f800:2a:: - - [16/Dec/2025:13:08:32 +0000] "GET /shop/reinsanity/undesirously31648408336.html HTTP/1.1" 200 2917 "-" "meta-externalagent/1.1 (+https://developers.facebook.com/docs/sharing/webmasters/crawler)"
2a03:2880:f800:7:: - - [16/Dec/2025:13:08:32 +0000] "GET /shop/treasurable/dreamage58584170913.html HTTP/1.1" 200 2917 "-" "meta-externalagent/1.1 (+https://developers.facebook.com/docs/sharing/webmasters/crawler)"
2a03:2880:f800:49:: - - [16/Dec/2025:13:08:33 +0000] "GET /shop/foreknee/rariety31648118018.html HTTP/1.1" 200 2917 "-" "meta-externalagent/1.1 (+https://developers.facebook.com/docs/sharing/webmasters/crawler)"
2a03:2880:f800:13:: - - [16/Dec/2025:13:08:33 +0000] "GET /shop/onomatopoetically/eruptivity58584334608.html HTTP/1.1" 200 2917 "-" "meta-externalagent/1.1 (+https://developers.facebook.com/docs/sharing/webmasters/crawler)"
2a03:2880:f800:a:: - - [16/Dec/2025:13:08:34 +0000] "GET /shop/neuratrophic/undemoralized10933173850.html HTTP/1.1" 200 2917 "-" "meta-externalagent/1.1 (+https://developers.facebook.com/docs/sharing/webmasters/crawler)"
207.46.13.31 - - [16/Dec/2025:13:08:34 +0000] "GET /p/prod-56ne-82289 HTTP/1.1" 200 2917 "-" "Mozilla/5.0 AppleWebKit/537.36 (KHTML, like Gecko; compatible; bingbot/2.0; +http://www.bing.com/bingbot.htm) Chrome/116.0.1938.76 Safari/537.36"
2a03:2880:f800:39:: - - [16/Dec/2025:13:08:34 +0000] "GET /shop/crotalinae/nondoubting58584199738.html HTTP/1.1" 200 2917 "-" "meta-externalagent/1.1 (+https://developers.facebook.com/docs/sharing/webmasters/crawler)"
2a03:2880:f800:24:: - - [16/Dec/2025:13:08:34 +0000] "GET /shop/objection/unselective46560151540.html HTTP/1.1" 200 2917 "-" "meta-externalagent/1.1 (+https://developers.facebook.com/docs/sharing/webmasters/crawler)"
2a03:2880:f800:1b:: - - [16/Dec/2025:13:08:35 +0000] "GET /shop/magnetohydrodynamics/camerata46560151751.html HTTP/1.1" 200 2917 "-" "meta-externalagent/1.1 (+https://developers.facebook.com/docs/sharing/webmasters/crawler)"
2a03:2880:f800:2c:: - - [16/Dec/2025:13:08:36 +0000] "GET /shop/popsicle/puggier45451252588.html HTTP/1.1" 200 2917 "-" "meta-externalagent/1.1 (+https://developers.facebook.com/docs/sharing/webmasters/crawler)"
2a03:2880:f800:22:: - - [16/Dec/2025:13:08:37 +0000] "GET /shop/clupea/trepidatory24870353535.html HTTP/1.1" 200 2917 "-" "meta-externalagent/1.1 (+https://developers.facebook.com/docs/sharing/webmasters/crawler)"
2a03:2880:f800:15:: - - [16/Dec/2025:13:08:37 +0000] "GET /shop/herborized/outtraveled45451201155.html HTTP/1.1" 200 2917 "-" "meta-externalagent/1.1 (+https://developers.facebook.com/docs/sharing/webmasters/crawler)"
2a03:2880:f800:15:: - - [16/Dec/2025:13:08:37 +0000] "GET /shop/amulla/eild10933429561.html HTTP/1.1" 200 2917 "-" "meta-externalagent/1.1 (+https://developers.facebook.com/docs/sharing/webmasters/crawler)"
2a03:2880:f800:15:: - - [16/Dec/2025:13:08:38 +0000] "GET /shop/foliator/flexibilty58584136933.html HTTP/1.1" 200 2917 "-" "meta-externalagent/1.1 (+https://developers.facebook.com/docs/sharing/webmasters/crawler)"
2a03:2880:f800:1c:: - - [16/Dec/2025:13:08:38 +0000] "GET /shop/isaiah/sapientize21203439804.html HTTP/1.1" 200 2917 "-" "meta-externalagent/1.1 (+https://developers.facebook.com/docs/sharing/webmasters/crawler)"
2a03:2880:f800:4c:: - - [16/Dec/2025:13:08:39 +0000] "GET /shop/assimilated/dankest45451293378.html HTTP/1.1" 200 2917 "-" "meta-externalagent/1.1 (+https://developers.facebook.com/docs/sharing/webmasters/crawler)"
52.167.144.166 - - [16/Dec/2025:13:08:39 +0000] "GET /shop/treble/perfidies21203459361.html HTTP/1.1" 200 2917 "-" "Mozilla/5.0 AppleWebKit/537.36 (KHTML, like Gecko; compatible; bingbot/2.0; +http://www.bing.com/bingbot.htm) Chrome/116.0.1938.76 Safari/537.36"
2a03:2880:f800:45:: - - [16/Dec/2025:13:08:39 +0000] "GET /shop/stoup/postnati21203473210.html HTTP/1.1" 200 2917 "-" "meta-externalagent/1.1 (+https://developers.facebook.com/docs/sharing/webmasters/crawler)"
2a03:2880:f800:45:: - - [16/Dec/2025:13:08:40 +0000] "GET /shop/unreceiving/balanops58584419464.html HTTP/1.1" 200 2917 "-" "meta-externalagent/1.1 (+https://developers.facebook.com/docs/sharing/webmasters/crawler)"
2a03:2880:f800:c:: - - [16/Dec/2025:13:08:40 +0000] "GET /shop/gaoled/film10729108977.html HTTP/1.1" 200 2917 "-" "meta-externalagent/1.1 (+https://developers.facebook.com/docs/sharing/webmasters/crawler)"
2a03:2880:f800:11:: - - [16/Dec/2025:13:08:41 +0000] "GET /shop/receptually/intimados46560167353.html HTTP/1.1" 200 2917 "-" "meta-externalagent/1.1 (+https://developers.facebook.com/docs/sharing/webmasters/crawler)"
52.167.144.166 - - [16/Dec/2025:13:08:41 +0000] "GET /p/prod-14ne-1602523 HTTP/1.1" 200 2917 "-" "Mozilla/5.0 AppleWebKit/537.36 (KHTML, like Gecko; compatible; bingbot/2.0; +http://www.bing.com/bingbot.htm) Chrome/116.0.1938.76 Safari/537.36"
2a03:2880:f800:21:: - - [16/Dec/2025:13:08:41 +0000] "GET /shop/shivaistic/unheard21414108800.html HTTP/1.1" 200 2917 "-" "meta-externalagent/1.1 (+https://developers.facebook.com/docs/sharing/webmasters/crawler)"
2a03:2880:f800:3e:: - - [16/Dec/2025:13:08:42 +0000] "GET /shop/lactothermometer/coannexed46560182451.html HTTP/1.1" 200 2917 "-" "meta-externalagent/1.1 (+https://developers.facebook.com/docs/sharing/webmasters/crawler)"
2a03:2880:f800:8:: - - [16/Dec/2025:13:08:42 +0000] "GET /shop/yaff/pantographically10729375400.html HTTP/1.1" 200 2917 "-" "meta-externalagent/1.1 (+https://developers.facebook.com/docs/sharing/webmasters/crawler)"
52.167.144.166 - - [16/Dec/2025:13:08:43 +0000] "GET /p/prod-14ne-1959238 HTTP/1.1" 200 2917 "-" "Mozilla/5.0 AppleWebKit/537.36 (KHTML, like Gecko; compatible; bingbot/2.0; +http://www.bing.com/bingbot.htm) Chrome/116.0.1938.76 Safari/537.36"
2a03:2880:f800:24:: - - [16/Dec/2025:13:08:43 +0000] "GET /shop/consanguineous/plerergate2141482291.html HTTP/1.1" 200 2917 "-" "meta-externalagent/1.1 (+https://developers.facebook.com/docs/sharing/webmasters/crawler)"
2a03:2880:f800:f:: - - [16/Dec/2025:13:08:43 +0000] "GET /shop/obcordate/coitophobia24870117957.html HTTP/1.1" 200 2917 "-" "meta-externalagent/1.1 (+https://developers.facebook.com/docs/sharing/webmasters/crawler)"
2a03:2880:f800:c:: - - [16/Dec/2025:13:08:44 +0000] "GET /shop/slashings/photographee5858410555.html HTTP/1.1" 200 2917 "-" "meta-externalagent/1.1 (+https://developers.facebook.com/docs/sharing/webmasters/crawler)"
2a03:2880:f800:2e:: - - [16/Dec/2025:13:08:45 +0000] "GET /shop/drinky/chrysopsis3164884118.html HTTP/1.1" 200 2917 "-" "meta-externalagent/1.1 (+https://developers.facebook.com/docs/sharing/webmasters/crawler)"
2a03:2880:f800:3b:: - - [16/Dec/2025:13:08:45 +0000] "GET /shop/floricultural/parencephalic21203110711.html HTTP/1.1" 200 2917 "-" "meta-externalagent/1.1 (+https://developers.facebook.com/docs/sharing/webmasters/crawler)"
2a03:2880:f800:18:: - - [16/Dec/2025:13:08:45 +0000] "GET /shop/meated/pereira10933271902.html HTTP/1.1" 200 2917 "-" "meta-externalagent/1.1 (+https://developers.facebook.com/docs/sharing/webmasters/crawler)"
2a03:2880:f800:3b:: - - [16/Dec/2025:13:08:46 +0000] "GET /shop/uncia/tylostylar21203469539.html HTTP/1.1" 200 2917 "-" "meta-externalagent/1.1 (+https://developers.facebook.com/docs/sharing/webmasters/crawler)"
2a03:2880:f800:2e:: - - [16/Dec/2025:13:08:46 +0000] "GET /shop/rudloff/barylite1093375842.html HTTP/1.1" 200 2917 "-" "meta-externalagent/1.1 (+https://developers.facebook.com/docs/sharing/webmasters/crawler)"
2a03:2880:f800:2a:: - - [16/Dec/2025:13:08:46 +0000] "GET /shop/reveree/josephinite1093385107.html HTTP/1.1" 200 2917 "-" "meta-externalagent/1.1 (+https://developers.facebook.com/docs/sharing/webmasters/crawler)"
2a03:2880:f800:2e:: - - [16/Dec/2025:13:08:47 +0000] "GET /shop/obolaria/titmice58584191902.html HTTP/1.1" 200 2917 "-" "meta-externalagent/1.1 (+https://developers.facebook.com/docs/sharing/webmasters/crawler)"
2a03:2880:f800:14:: - - [16/Dec/2025:13:08:48 +0000] "GET /shop/incognoscible/buttonmold21414249139.html HTTP/1.1" 200 2917 "-" "meta-externalagent/1.1 (+https://developers.facebook.com/docs/sharing/webmasters/crawler)"
2a03:2880:f800:3:: - - [16/Dec/2025:13:08:49 +0000] "GET /shop/filliping/nebraskan10933242160.html HTTP/1.1" 200 2917 "-" "meta-externalagent/1.1 (+https://developers.facebook.com/docs/sharing/webmasters/crawler)"
2a03:2880:f800:1d:: - - [16/Dec/2025:13:08:49 +0000] "GET /shop/laurelling/grandmothers10729380462.html HTTP/1.1" 200 2917 "-" "meta-externalagent/1.1 (+https://developers.facebook.com/docs/sharing/webmasters/crawler)"
2a03:2880:f800:10:: - - [16/Dec/2025:13:08:49 +0000] "GET /shop/shaddocks/platycephalism31648425652.html HTTP/1.1" 200 2917 "-" "meta-externalagent/1.1 (+https://developers.facebook.com/docs/sharing/webmasters/crawler)"
2a03:2880:f800:1c:: - - [16/Dec/2025:13:08:50 +0000] "GET /shop/expeditated/unascendable21203399689.html HTTP/1.1" 200 2917 "-" "meta-externalagent/1.1 (+https://developers.facebook.com/docs/sharing/webmasters/crawler)"
2a03:2880:f800:8:: - - [16/Dec/2025:13:08:50 +0000] "GET /shop/galvanizers/plumiform24870381693.html HTTP/1.1" 200 2917 "-" "meta-externalagent/1.1 (+https://developers.facebook.com/docs/sharing/webmasters/crawler)"
2a03:2880:f800:10:: - - [16/Dec/2025:13:08:51 +0000] "GET /shop/pignora/nitrosomonas3164839477.html HTTP/1.1" 200 2917 "-" "meta-externalagent/1.1 (+https://developers.facebook.com/docs/sharing/webmasters/crawler)"
2a03:2880:f800:2f:: - - [16/Dec/2025:13:08:51 +0000] "GET /shop/polyphyodont/rondelier45451389814.html HTTP/1.1" 200 2917 "-" "meta-externalagent/1.1 (+https://developers.facebook.com/docs/sharing/webmasters/crawler)"
2a03:2880:f800:2b:: - - [16/Dec/2025:13:08:52 +0000] "GET /shop/pacifier/cutability21203182807.html HTTP/1.1" 200 2917 "-" "meta-externalagent/1.1 (+https://developers.facebook.com/docs/sharing/webmasters/crawler)"
2a03:2880:f800:18:: - - [16/Dec/2025:13:08:52 +0000] "GET /shop/semifigurative/attuning58584308536.html HTTP/1.1" 200 2917 "-" "meta-externalagent/1.1 (+https://developers.facebook.com/docs/sharing/webmasters/crawler)"
2a03:2880:f800:4:: - - [16/Dec/2025:13:08:53 +0000] "GET /shop/noiseful/intrados24870258327.html HTTP/1.1" 200 2917 "-" "meta-externalagent/1.1 (+https://developers.facebook.com/docs/sharing/webmasters/crawler)"
2a03:2880:f800:36:: - - [16/Dec/2025:13:08:53 +0000] "GET /shop/anaretic/saladang24870418932.html HTTP/1.1" 200 2917 "-" "meta-externalagent/1.1 (+https://developers.facebook.com/docs/sharing/webmasters/crawler)"
2a03:2880:f800:9:: - - [16/Dec/2025:13:08:54 +0000] "GET /shop/aleucaemic/intervenant21203290783.html HTTP/1.1" 200 2917 "-" "meta-externalagent/1.1 (+https://developers.facebook.com/docs/sharing/webmasters/crawler)"
2a03:2880:f800:3:: - - [16/Dec/2025:13:08:54 +0000] "GET /shop/conspissate/unproper21414284279.html HTTP/1.1" 200 2917 "-" "meta-externalagent/1.1 (+https://developers.facebook.com/docs/sharing/webmasters/crawler)"
2a03:2880:f800:2e:: - - [16/Dec/2025:13:08:55 +0000] "GET /shop/laryngology/neck58584356388.html HTTP/1.1" 200 2917 "-" "meta-externalagent/1.1 (+https://developers.facebook.com/docs/sharing/webmasters/crawler)"
2a03:2880:f800:27:: - - [16/Dec/2025:13:08:56 +0000] "GET /shop/kamelaukia/annually58584195185.html HTTP/1.1" 200 2917 "-" "meta-externalagent/1.1 (+https://developers.facebook.com/docs/sharing/webmasters/crawler)"
2a03:2880:f800:35:: - - [16/Dec/2025:13:08:56 +0000] "GET /shop/supernaturalising/marmosets2890535664.html HTTP/1.1" 200 2917 "-" "meta-externalagent/1.1 (+https://developers.facebook.com/docs/sharing/webmasters/crawler)"
52.167.144.166 - - [16/Dec/2025:13:08:56 +0000] "GET /p/prod-14ne-4319309 HTTP/1.1" 200 2917 "-" "Mozilla/5.0 AppleWebKit/537.36 (KHTML, like Gecko; compatible; bingbot/2.0; +http://www.bing.com/bingbot.htm) Chrome/116.0.1938.76 Safari/537.36"
2a03:2880:f800:2:: - - [16/Dec/2025:13:08:56 +0000] "GET /shop/anticipative/intraperitoneal58584366880.html HTTP/1.1" 200 2917 "-" "meta-externalagent/1.1 (+https://developers.facebook.com/docs/sharing/webmasters/crawler)"
2a03:2880:f800:e:: - - [16/Dec/2025:13:08:57 +0000] "GET /shop/reincarnate/subbureaux10933426058.html HTTP/1.1" 200 2917 "-" "meta-externalagent/1.1 (+https://developers.facebook.com/docs/sharing/webmasters/crawler)"
52.167.144.166 - - [16/Dec/2025:13:08:57 +0000] "GET /p/prod-14ne-3583595 HTTP/1.1" 200 2917 "-" "Mozilla/5.0 AppleWebKit/537.36 (KHTML, like Gecko; compatible; bingbot/2.0; +http://www.bing.com/bingbot.htm) Chrome/116.0.1938.76 Safari/537.36"
2a03:2880:f800:e:: - - [16/Dec/2025:13:08:57 +0000] "GET /shop/cuddlier/formalness2120340211.html HTTP/1.1" 200 2917 "-" "meta-externalagent/1.1 (+https://developers.facebook.com/docs/sharing/webmasters/crawler)"
2a03:2880:f800:20:: - - [16/Dec/2025:13:08:58 +0000] "GET /shop/toxity/selli21414205210.html HTTP/1.1" 200 2917 "-" "meta-externalagent/1.1 (+https://developers.facebook.com/docs/sharing/webmasters/crawler)"
2a03:2880:f800:38:: - - [16/Dec/2025:13:08:58 +0000] "GET /shop/marsupiate/wabby10933240743.html HTTP/1.1" 200 2917 "-" "meta-externalagent/1.1 (+https://developers.facebook.com/docs/sharing/webmasters/crawler)"
2a03:2880:f800:5:: - - [16/Dec/2025:13:08:59 +0000] "GET /shop/butteris/retrorockets31648319136.html HTTP/1.1" 200 2917 "-" "meta-externalagent/1.1 (+https://developers.facebook.com/docs/sharing/webmasters/crawler)"
52.167.144.166 - - [16/Dec/2025:13:08:59 +0000] "GET /p/prod-14ne-1979522 HTTP/1.1" 200 2917 "-" "Mozilla/5.0 AppleWebKit/537.36 (KHTML, like Gecko; compatible; bingbot/2.0; +http://www.bing.com/bingbot.htm) Chrome/116.0.1938.76 Safari/537.36"
2a03:2880:f800:49:: - - [16/Dec/2025:13:08:59 +0000] "GET /shop/quinite/chomage10933348142.html HTTP/1.1" 200 2917 "-" "meta-externalagent/1.1 (+https://developers.facebook.com/docs/sharing/webmasters/crawler)"
2603:3:6109:9bf0:: - - [16/Dec/2025:13:08:02 +0000] "GET /script.php HTTP/1.1" 200 1 "-" "curl/7.76.1"
2a03:2880:f800:1e:: - - [16/Dec/2025:13:09:00 +0000] "GET /shop/girondist/americana10933374056.html HTTP/1.1" 200 2917 "-" "meta-externalagent/1.1 (+https://developers.facebook.com/docs/sharing/webmasters/crawler)"
2a03:2880:f800:a:: - - [16/Dec/2025:13:09:01 +0000] "GET /shop/scabrescent/patheticly46560101837.html HTTP/1.1" 200 2917 "-" "meta-externalagent/1.1 (+https://developers.facebook.com/docs/sharing/webmasters/crawler)"
2a03:2880:f800:4b:: - - [16/Dec/2025:13:09:01 +0000] "GET /shop/assurge/blockman24870362921.html HTTP/1.1" 200 2917 "-" "meta-externalagent/1.1 (+https://developers.facebook.com/docs/sharing/webmasters/crawler)"
52.167.144.166 - - [16/Dec/2025:13:09:01 +0000] "GET /p/prod-14ne-5536843 HTTP/1.1" 200 2917 "-" "Mozilla/5.0 AppleWebKit/537.36 (KHTML, like Gecko; compatible; bingbot/2.0; +http://www.bing.com/bingbot.htm) Chrome/116.0.1938.76 Safari/537.36"
2a03:2880:f800:49:: - - [16/Dec/2025:13:09:01 +0000] "GET /shop/pookhaun/excavational58584209170.html HTTP/1.1" 200 2917 "-" "meta-externalagent/1.1 (+https://developers.facebook.com/docs/sharing/webmasters/crawler)"
2a03:2880:f800:8:: - - [16/Dec/2025:13:09:02 +0000] "GET /shop/glandiform/sparked21414212197.html HTTP/1.1" 200 2917 "-" "meta-externalagent/1.1 (+https://developers.facebook.com/docs/sharing/webmasters/crawler)"
52.167.144.166 - - [16/Dec/2025:13:09:02 +0000] "GET /p/prod-14ne-3096520 HTTP/1.1" 200 2917 "-" "Mozilla/5.0 AppleWebKit/537.36 (KHTML, like Gecko; compatible; bingbot/2.0; +http://www.bing.com/bingbot.htm) Chrome/116.0.1938.76 Safari/537.36"
2a03:2880:f800:1a:: - - [16/Dec/2025:13:09:02 +0000] "GET /shop/entothorax/nectocalyx58584323572.html HTTP/1.1" 200 2917 "-" "meta-externalagent/1.1 (+https://developers.facebook.com/docs/sharing/webmasters/crawler)"
2a03:2880:f800:39:: - - [16/Dec/2025:13:09:02 +0000] "GET /shop/phlebostasia/boltonia45451298630.html HTTP/1.1" 200 2917 "-" "meta-externalagent/1.1 (+https://developers.facebook.com/docs/sharing/webmasters/crawler)"
2a03:2880:f800:d:: - - [16/Dec/2025:13:09:03 +0000] "GET /shop/ulonata/singspiel4545134079.html HTTP/1.1" 200 2917 "-" "meta-externalagent/1.1 (+https://developers.facebook.com/docs/sharing/webmasters/crawler)"
2a03:2880:f800:c:: - - [16/Dec/2025:13:09:04 +0000] "GET /shop/sleepers/brownist58584100095.html HTTP/1.1" 200 2917 "-" "meta-externalagent/1.1 (+https://developers.facebook.com/docs/sharing/webmasters/crawler)"
52.167.144.166 - - [16/Dec/2025:13:09:04 +0000] "GET /p/prod-14ne-4526328 HTTP/1.1" 200 2917 "-" "Mozilla/5.0 AppleWebKit/537.36 (KHTML, like Gecko; compatible; bingbot/2.0; +http://www.bing.com/bingbot.htm) Chrome/116.0.1938.76 Safari/537.36"
2a03:2880:f800:34:: - - [16/Dec/2025:13:09:04 +0000] "GET /shop/prespecifically/rifleries45451385985.html HTTP/1.1" 200 2917 "-" "meta-externalagent/1.1 (+https://developers.facebook.com/docs/sharing/webmasters/crawler)"
2a03:2880:f800:34:: - - [16/Dec/2025:13:09:05 +0000] "GET /shop/permanence/pleurisies10933120540.html HTTP/1.1" 200 2917 "-" "meta-externalagent/1.1 (+https://developers.facebook.com/docs/sharing/webmasters/crawler)"
2a03:2880:f800:48:: - - [16/Dec/2025:13:09:06 +0000] "GET /shop/interpretability/rigaudons4545110023.html HTTP/1.1" 200 2917 "-" "meta-externalagent/1.1 (+https://developers.facebook.com/docs/sharing/webmasters/crawler)"
2a03:2880:f800:24:: - - [16/Dec/2025:13:09:06 +0000] "GET /shop/barriers/iatrological21203359666.html HTTP/1.1" 200 2917 "-" "meta-externalagent/1.1 (+https://developers.facebook.com/docs/sharing/webmasters/crawler)"
207.46.13.31 - - [16/Dec/2025:13:09:06 +0000] "GET /shop/perquadrat/fuscohyaline58584410284.html HTTP/1.1" 200 2917 "-" "Mozilla/5.0 AppleWebKit/537.36 (KHTML, like Gecko; compatible; bingbot/2.0; +http://www.bing.com/bingbot.htm) Chrome/116.0.1938.76 Safari/537.36"
2a03:2880:f800:9:: - - [16/Dec/2025:13:09:07 +0000] "GET /shop/dazzlingness/lactiferous10933181919.html HTTP/1.1" 200 2917 "-" "meta-externalagent/1.1 (+https://developers.facebook.com/docs/sharing/webmasters/crawler)"
207.46.13.31 - - [16/Dec/2025:13:09:07 +0000] "GET /p/prod-14ne-4155447 HTTP/1.1" 200 2917 "-" "Mozilla/5.0 AppleWebKit/537.36 (KHTML, like Gecko; compatible; bingbot/2.0; +http://www.bing.com/bingbot.htm) Chrome/116.0.1938.76 Safari/537.36"
2a03:2880:f800:2a:: - - [16/Dec/2025:13:09:07 +0000] "GET /shop/homeseeker/exosseous10933335035.html HTTP/1.1" 200 2917 "-" "meta-externalagent/1.1 (+https://developers.facebook.com/docs/sharing/webmasters/crawler)"
2a03:2880:f800:3a:: - - [16/Dec/2025:13:09:07 +0000] "GET /shop/nonstandard/mournful4656026558.html HTTP/1.1" 200 2917 "-" "meta-externalagent/1.1 (+https://developers.facebook.com/docs/sharing/webmasters/crawler)"
2a03:2880:f800:3a:: - - [16/Dec/2025:13:09:08 +0000] "GET /shop/nonanalogicalness/jettiness10729280714.html HTTP/1.1" 200 2917 "-" "meta-externalagent/1.1 (+https://developers.facebook.com/docs/sharing/webmasters/crawler)"
2a03:2880:f800:25:: - - [16/Dec/2025:13:09:08 +0000] "GET /shop/dillydallier/eluviated1093390376.html HTTP/1.1" 200 2917 "-" "meta-externalagent/1.1 (+https://developers.facebook.com/docs/sharing/webmasters/crawler)"
2a03:2880:f800:9:: - - [16/Dec/2025:13:09:08 +0000] "GET /shop/anticipate/reindorsement31648115731.html HTTP/1.1" 200 2917 "-" "meta-externalagent/1.1 (+https://developers.facebook.com/docs/sharing/webmasters/crawler)"
2a03:2880:f800:48:: - - [16/Dec/2025:13:09:09 +0000] "GET /shop/intemperances/phyllostominae5858461392.html HTTP/1.1" 200 2917 "-" "meta-externalagent/1.1 (+https://developers.facebook.com/docs/sharing/webmasters/crawler)"
2a03:2880:f800:e:: - - [16/Dec/2025:13:09:10 +0000] "GET /shop/empetraceae/narraters45451407639.html HTTP/1.1" 200 2917 "-" "meta-externalagent/1.1 (+https://developers.facebook.com/docs/sharing/webmasters/crawler)"
2a03:2880:f800:3e:: - - [16/Dec/2025:13:09:10 +0000] "GET /shop/saurischian/exochorion4656051675.html HTTP/1.1" 200 2917 "-" "meta-externalagent/1.1 (+https://developers.facebook.com/docs/sharing/webmasters/crawler)"
207.46.13.51 - - [16/Dec/2025:13:09:10 +0000] "GET /shop/copatroness/psammitic58584257935.html HTTP/1.1" 200 2917 "-" "Mozilla/5.0 AppleWebKit/537.36 (KHTML, like Gecko; compatible; bingbot/2.0; +http://www.bing.com/bingbot.htm) Chrome/116.0.1938.76 Safari/537.36"
2a03:2880:f800:16:: - - [16/Dec/2025:13:09:11 +0000] "GET /shop/skulk/destructively2141463006.html HTTP/1.1" 200 2917 "-" "meta-externalagent/1.1 (+https://developers.facebook.com/docs/sharing/webmasters/crawler)"
2a03:2880:f800:5:: - - [16/Dec/2025:13:09:11 +0000] "GET /shop/arrogantly/subtill1072964686.html HTTP/1.1" 200 2917 "-" "meta-externalagent/1.1 (+https://developers.facebook.com/docs/sharing/webmasters/crawler)"
2a03:2880:f800:49:: - - [16/Dec/2025:13:09:12 +0000] "GET /shop/intertriginous/uncontented45451107766.html HTTP/1.1" 200 2917 "-" "meta-externalagent/1.1 (+https://developers.facebook.com/docs/sharing/webmasters/crawler)"
2a03:2880:f800:16:: - - [16/Dec/2025:13:09:12 +0000] "GET /shop/pneumatocystic/titivator45451403844.html HTTP/1.1" 200 2917 "-" "meta-externalagent/1.1 (+https://developers.facebook.com/docs/sharing/webmasters/crawler)"
207.46.13.51 - - [16/Dec/2025:13:09:12 +0000] "GET /p/prod-14ne-5582740 HTTP/1.1" 200 2917 "-" "Mozilla/5.0 AppleWebKit/537.36 (KHTML, like Gecko; compatible; bingbot/2.0; +http://www.bing.com/bingbot.htm) Chrome/116.0.1938.76 Safari/537.36"
2a03:2880:f800:1a:: - - [16/Dec/2025:13:09:13 +0000] "GET /shop/additive/reillustrated28905113008.html HTTP/1.1" 200 2917 "-" "meta-externalagent/1.1 (+https://developers.facebook.com/docs/sharing/webmasters/crawler)"
2a03:2880:f800:4c:: - - [16/Dec/2025:13:09:13 +0000] "GET /shop/storables/previolating58584113744.html HTTP/1.1" 200 2917 "-" "meta-externalagent/1.1 (+https://developers.facebook.com/docs/sharing/webmasters/crawler)"
2a03:2880:f800:8:: - - [16/Dec/2025:13:09:14 +0000] "GET /shop/colloquist/subjunctively58584379246.html HTTP/1.1" 200 2917 "-" "meta-externalagent/1.1 (+https://developers.facebook.com/docs/sharing/webmasters/crawler)"
2a03:2880:f800:49:: - - [16/Dec/2025:13:09:14 +0000] "GET /shop/surement/nonperpetual10729370331.html HTTP/1.1" 200 2917 "-" "meta-externalagent/1.1 (+https://developers.facebook.com/docs/sharing/webmasters/crawler)"
2a03:2880:f800:4d:: - - [16/Dec/2025:13:09:14 +0000] "GET /shop/unremanded/jurant24870348561.html HTTP/1.1" 200 2917 "-" "meta-externalagent/1.1 (+https://developers.facebook.com/docs/sharing/webmasters/crawler)"
2a03:2880:f800:21:: - - [16/Dec/2025:13:09:15 +0000] "GET /shop/ethene/resynchronize2141472557.html HTTP/1.1" 200 2917 "-" "meta-externalagent/1.1 (+https://developers.facebook.com/docs/sharing/webmasters/crawler)"
2a03:2880:f800:e:: - - [16/Dec/2025:13:09:16 +0000] "GET /shop/intracarpal/london10933278368.html HTTP/1.1" 200 2917 "-" "meta-externalagent/1.1 (+https://developers.facebook.com/docs/sharing/webmasters/crawler)"
207.46.13.31 - - [16/Dec/2025:13:09:16 +0000] "GET /p/prod-14ne-1819474 HTTP/1.1" 200 2917 "-" "Mozilla/5.0 AppleWebKit/537.36 (KHTML, like Gecko; compatible; bingbot/2.0; +http://www.bing.com/bingbot.htm) Chrome/116.0.1938.76 Safari/537.36"
2a03:2880:f800:35:: - - [16/Dec/2025:13:09:16 +0000] "GET /shop/concentered/reships2890599260.html HTTP/1.1" 200 2917 "-" "meta-externalagent/1.1 (+https://developers.facebook.com/docs/sharing/webmasters/crawler)"
207.46.13.31 - - [16/Dec/2025:13:09:17 +0000] "GET /p/prod-14ne-165058 HTTP/1.1" 200 2917 "-" "Mozilla/5.0 AppleWebKit/537.36 (KHTML, like Gecko; compatible; bingbot/2.0; +http://www.bing.com/bingbot.htm) Chrome/116.0.1938.76 Safari/537.36"
2a03:2880:f800:16:: - - [16/Dec/2025:13:09:17 +0000] "GET /shop/plantless/prolusion4656077537.html HTTP/1.1" 200 2917 "-" "meta-externalagent/1.1 (+https://developers.facebook.com/docs/sharing/webmasters/crawler)"
2a03:2880:f800:17:: - - [16/Dec/2025:13:09:17 +0000] "GET /shop/responsible/picryl58584162755.html HTTP/1.1" 200 2917 "-" "meta-externalagent/1.1 (+https://developers.facebook.com/docs/sharing/webmasters/crawler)"
85.208.96.204 - - [16/Dec/2025:13:09:18 +0000] "GET /shop/captaining/youden24870280579.html HTTP/1.1" 200 2917 "-" "Mozilla/5.0 (compatible; SemrushBot/7~bl; +http://www.semrush.com/bot.html)"
2a03:2880:f800:f:: - - [16/Dec/2025:13:09:18 +0000] "GET /shop/noisemakers/recuperated2141433180.html HTTP/1.1" 200 2917 "-" "meta-externalagent/1.1 (+https://developers.facebook.com/docs/sharing/webmasters/crawler)"
2a03:2880:f800:5:: - - [16/Dec/2025:13:09:19 +0000] "GET /shop/scarified/nondestructively10729369924.html HTTP/1.1" 200 2917 "-" "meta-externalagent/1.1 (+https://developers.facebook.com/docs/sharing/webmasters/crawler)"
207.46.13.31 - - [16/Dec/2025:13:09:19 +0000] "GET /p/prod-14ne-1036541 HTTP/1.1" 200 2917 "-" "Mozilla/5.0 AppleWebKit/537.36 (KHTML, like Gecko; compatible; bingbot/2.0; +http://www.bing.com/bingbot.htm) Chrome/116.0.1938.76 Safari/537.36"
2a03:2880:f800:1c:: - - [16/Dec/2025:13:09:19 +0000] "GET /shop/nonvacuousness/sabbatism10933191821.html HTTP/1.1" 200 2917 "-" "meta-externalagent/1.1 (+https://developers.facebook.com/docs/sharing/webmasters/crawler)"
2a03:2880:f800:3:: - - [16/Dec/2025:13:09:20 +0000] "GET /shop/logographic/nominately21414231607.html HTTP/1.1" 200 2917 "-" "meta-externalagent/1.1 (+https://developers.facebook.com/docs/sharing/webmasters/crawler)"
2a03:2880:f800:3b:: - - [16/Dec/2025:13:09:20 +0000] "GET /shop/chemistries/supravital46560141934.html HTTP/1.1" 200 2917 "-" "meta-externalagent/1.1 (+https://developers.facebook.com/docs/sharing/webmasters/crawler)"
2a03:2880:f800:2a:: - - [16/Dec/2025:13:09:20 +0000] "GET /shop/plagiophyre/naugahyde58584196064.html HTTP/1.1" 200 2917 "-" "meta-externalagent/1.1 (+https://developers.facebook.com/docs/sharing/webmasters/crawler)"
52.167.144.166 - - [16/Dec/2025:13:09:20 +0000] "GET /shop/rehabilitates/meatal10933408000.html HTTP/1.1" 200 2917 "-" "Mozilla/5.0 AppleWebKit/537.36 (KHTML, like Gecko; compatible; bingbot/2.0; +http://www.bing.com/bingbot.htm) Chrome/116.0.1938.76 Safari/537.36"
2a03:2880:f800:d:: - - [16/Dec/2025:13:09:21 +0000] "GET /shop/topiary/reseaus45451356693.html HTTP/1.1" 200 2917 "-" "meta-externalagent/1.1 (+https://developers.facebook.com/docs/sharing/webmasters/crawler)"
2a03:2880:f800:a:: - - [16/Dec/2025:13:09:21 +0000] "GET /shop/triweekliess/unpitiable45451155758.html HTTP/1.1" 200 2917 "-" "meta-externalagent/1.1 (+https://developers.facebook.com/docs/sharing/webmasters/crawler)"
2a03:2880:f800:2a:: - - [16/Dec/2025:13:09:22 +0000] "GET /shop/quarryman/protrusile10729141671.html HTTP/1.1" 200 2917 "-" "meta-externalagent/1.1 (+https://developers.facebook.com/docs/sharing/webmasters/crawler)"
2a03:2880:f800:7:: - - [16/Dec/2025:13:09:22 +0000] "GET /shop/prof/imperishably10729300582.html HTTP/1.1" 200 2917 "-" "meta-externalagent/1.1 (+https://developers.facebook.com/docs/sharing/webmasters/crawler)"
52.167.144.166 - - [16/Dec/2025:13:09:22 +0000] "GET /p/prod-14ne-740827 HTTP/1.1" 200 2917 "-" "Mozilla/5.0 AppleWebKit/537.36 (KHTML, like Gecko; compatible; bingbot/2.0; +http://www.bing.com/bingbot.htm) Chrome/116.0.1938.76 Safari/537.36"
2a03:2880:f800:2a:: - - [16/Dec/2025:13:09:23 +0000] "GET /shop/proprietrix/pixiness10933298759.html HTTP/1.1" 200 2917 "-" "meta-externalagent/1.1 (+https://developers.facebook.com/docs/sharing/webmasters/crawler)"
2a03:2880:f800:2d:: - - [16/Dec/2025:13:09:23 +0000] "GET /shop/choca/curableness3164827705.html HTTP/1.1" 200 2917 "-" "meta-externalagent/1.1 (+https://developers.facebook.com/docs/sharing/webmasters/crawler)"
2a03:2880:f800:f:: - - [16/Dec/2025:13:09:24 +0000] "GET /shop/coalescency/thymelaea10933118725.html HTTP/1.1" 200 2917 "-" "meta-externalagent/1.1 (+https://developers.facebook.com/docs/sharing/webmasters/crawler)"
52.167.144.166 - - [16/Dec/2025:13:09:24 +0000] "GET /p/prod-14ne-1383617 HTTP/1.1" 200 2917 "-" "Mozilla/5.0 AppleWebKit/537.36 (KHTML, like Gecko; compatible; bingbot/2.0; +http://www.bing.com/bingbot.htm) Chrome/116.0.1938.76 Safari/537.36"
2a03:2880:f800:2f:: - - [16/Dec/2025:13:09:24 +0000] "GET /shop/scratchweed/boccaccio21203420897.html HTTP/1.1" 200 2917 "-" "meta-externalagent/1.1 (+https://developers.facebook.com/docs/sharing/webmasters/crawler)"
85.208.96.204 - - [16/Dec/2025:13:09:24 +0000] "GET /shop/focused/rigescent28905315153.html HTTP/1.1" 200 2917 "-" "Mozilla/5.0 (compatible; SemrushBot/7~bl; +http://www.semrush.com/bot.html)"
2a03:2880:f800:29:: - - [16/Dec/2025:13:09:25 +0000] "GET /shop/sasine/mused21203466383.html HTTP/1.1" 200 2917 "-" "meta-externalagent/1.1 (+https://developers.facebook.com/docs/sharing/webmasters/crawler)"
2a03:2880:f800:20:: - - [16/Dec/2025:13:09:25 +0000] "GET /shop/caravanning/bowssen21414189085.html HTTP/1.1" 200 2917 "-" "meta-externalagent/1.1 (+https://developers.facebook.com/docs/sharing/webmasters/crawler)"
2a03:2880:f800:16:: - - [16/Dec/2025:13:09:26 +0000] "GET /shop/pressurization/pogonip24870332753.html HTTP/1.1" 200 2917 "-" "meta-externalagent/1.1 (+https://developers.facebook.com/docs/sharing/webmasters/crawler)"
2a03:2880:f800:7:: - - [16/Dec/2025:13:09:26 +0000] "GET /shop/dimidiate/ineducation24870369372.html HTTP/1.1" 200 2917 "-" "meta-externalagent/1.1 (+https://developers.facebook.com/docs/sharing/webmasters/crawler)"
52.167.144.166 - - [16/Dec/2025:13:09:26 +0000] "GET /p/prod-14ne-5175843 HTTP/1.1" 200 2917 "-" "Mozilla/5.0 AppleWebKit/537.36 (KHTML, like Gecko; compatible; bingbot/2.0; +http://www.bing.com/bingbot.htm) Chrome/116.0.1938.76 Safari/537.36"
2a03:2880:f800:2b:: - - [16/Dec/2025:13:09:27 +0000] "GET /shop/disreputableness/renograms4656025174.html HTTP/1.1" 200 2917 "-" "meta-externalagent/1.1 (+https://developers.facebook.com/docs/sharing/webmasters/crawler)"
2a03:2880:f800:2c:: - - [16/Dec/2025:13:09:27 +0000] "GET /shop/paper/farris10729217350.html HTTP/1.1" 200 2917 "-" "meta-externalagent/1.1 (+https://developers.facebook.com/docs/sharing/webmasters/crawler)"
2a03:2880:f800:1a:: - - [16/Dec/2025:13:09:28 +0000] "GET /shop/raadzaal/handspike58584224567.html HTTP/1.1" 200 2917 "-" "meta-externalagent/1.1 (+https://developers.facebook.com/docs/sharing/webmasters/crawler)"
2a03:2880:f800:26:: - - [16/Dec/2025:13:09:28 +0000] "GET /shop/sagaman/iambically465608652.html HTTP/1.1" 200 2917 "-" "meta-externalagent/1.1 (+https://developers.facebook.com/docs/sharing/webmasters/crawler)"
2a03:2880:f800:17:: - - [16/Dec/2025:13:09:28 +0000] "GET /shop/metre/pansexualism21414181021.html HTTP/1.1" 200 2917 "-" "meta-externalagent/1.1 (+https://developers.facebook.com/docs/sharing/webmasters/crawler)"
2a03:2880:f800:19:: - - [16/Dec/2025:13:09:29 +0000] "GET /shop/capacitated/budget2487024815.html HTTP/1.1" 200 2917 "-" "meta-externalagent/1.1 (+https://developers.facebook.com/docs/sharing/webmasters/crawler)"
2a03:2880:f800:3b:: - - [16/Dec/2025:13:09:30 +0000] "GET /shop/preeminently/rubato1072977454.html HTTP/1.1" 200 2917 "-" "meta-externalagent/1.1 (+https://developers.facebook.com/docs/sharing/webmasters/crawler)"
2a03:2880:f800:28:: - - [16/Dec/2025:13:09:30 +0000] "GET /shop/tremex/photoactivate31648174443.html HTTP/1.1" 200 2917 "-" "meta-externalagent/1.1 (+https://developers.facebook.com/docs/sharing/webmasters/crawler)"
2a03:2880:f800:2a:: - - [16/Dec/2025:13:09:30 +0000] "GET /shop/uncomely/unengrossing2890524316.html HTTP/1.1" 200 2917 "-" "meta-externalagent/1.1 (+https://developers.facebook.com/docs/sharing/webmasters/crawler)"
2a03:2880:f800:39:: - - [16/Dec/2025:13:09:32 +0000] "GET /shop/epigynum/misbecomingly24870245552.html HTTP/1.1" 200 2917 "-" "meta-externalagent/1.1 (+https://developers.facebook.com/docs/sharing/webmasters/crawler)"
2a03:2880:f800:34:: - - [16/Dec/2025:13:09:32 +0000] "GET /shop/hysterolithiasis/bleareye24870345442.html HTTP/1.1" 200 2917 "-" "meta-externalagent/1.1 (+https://developers.facebook.com/docs/sharing/webmasters/crawler)"
2a03:2880:f800:2f:: - - [16/Dec/2025:13:09:33 +0000] "GET /shop/proexecutive/unphotographable24870206523.html HTTP/1.1" 200 2917 "-" "meta-externalagent/1.1 (+https://developers.facebook.com/docs/sharing/webmasters/crawler)"
185.191.171.11 - - [16/Dec/2025:13:09:33 +0000] "GET /shop/prorrhesis/abbie58584359203.html HTTP/1.1" 200 2917 "-" "Mozilla/5.0 (compatible; SemrushBot/7~bl; +http://www.semrush.com/bot.html)"
2a03:2880:f800:35:: - - [16/Dec/2025:13:09:33 +0000] "GET /shop/chargeful/dialectics21203275770.html HTTP/1.1" 200 2917 "-" "meta-externalagent/1.1 (+https://developers.facebook.com/docs/sharing/webmasters/crawler)"
2a03:2880:f800:10:: - - [16/Dec/2025:13:09:33 +0000] "GET /shop/inauthentic/churruck10729163407.html HTTP/1.1" 200 2917 "-" "meta-externalagent/1.1 (+https://developers.facebook.com/docs/sharing/webmasters/crawler)"
2a03:2880:f800:2e:: - - [16/Dec/2025:13:09:34 +0000] "GET /shop/propmistress/pentavalent24870188448.html HTTP/1.1" 200 2917 "-" "meta-externalagent/1.1 (+https://developers.facebook.com/docs/sharing/webmasters/crawler)"
2a03:2880:f800:2d:: - - [16/Dec/2025:13:09:35 +0000] "GET /shop/coman/prepatellar28905264075.html HTTP/1.1" 200 2917 "-" "meta-externalagent/1.1 (+https://developers.facebook.com/docs/sharing/webmasters/crawler)"
2a03:2880:f800:33:: - - [16/Dec/2025:13:09:35 +0000] "GET /shop/usaron/nahor10729248454.html HTTP/1.1" 200 2917 "-" "meta-externalagent/1.1 (+https://developers.facebook.com/docs/sharing/webmasters/crawler)"
2a03:2880:f800:2c:: - - [16/Dec/2025:13:09:35 +0000] "GET /shop/handstands/narrowingness28905454894.html HTTP/1.1" 200 2917 "-" "meta-externalagent/1.1 (+https://developers.facebook.com/docs/sharing/webmasters/crawler)"
2a03:2880:f800:2f:: - - [16/Dec/2025:13:09:36 +0000] "GET /shop/federation/agapemonist21203378362.html HTTP/1.1" 200 2917 "-" "meta-externalagent/1.1 (+https://developers.facebook.com/docs/sharing/webmasters/crawler)"
2a03:2880:f800:2f:: - - [16/Dec/2025:13:09:36 +0000] "GET /shop/prodialogue/precopulatory28905362732.html HTTP/1.1" 200 2917 "-" "meta-externalagent/1.1 (+https://developers.facebook.com/docs/sharing/webmasters/crawler)"
2a03:2880:f800:22:: - - [16/Dec/2025:13:09:37 +0000] "GET /shop/unwarping/underarming10729172354.html HTTP/1.1" 200 2917 "-" "meta-externalagent/1.1 (+https://developers.facebook.com/docs/sharing/webmasters/crawler)"
207.46.13.51 - - [16/Dec/2025:13:09:37 +0000] "GET /shop/girlery/felsophyre4656050527.html HTTP/1.1" 200 2917 "-" "Mozilla/5.0 AppleWebKit/537.36 (KHTML, like Gecko; compatible; bingbot/2.0; +http://www.bing.com/bingbot.htm) Chrome/116.0.1938.76 Safari/537.36"
2a03:2880:f800:5:: - - [16/Dec/2025:13:09:38 +0000] "GET /shop/bellhop/threaders28905267403.html HTTP/1.1" 200 2917 "-" "meta-externalagent/1.1 (+https://developers.facebook.com/docs/sharing/webmasters/crawler)"
207.46.13.51 - - [16/Dec/2025:13:09:38 +0000] "GET /p/prod-14ne-3838257 HTTP/1.1" 200 2917 "-" "Mozilla/5.0 AppleWebKit/537.36 (KHTML, like Gecko; compatible; bingbot/2.0; +http://www.bing.com/bingbot.htm) Chrome/116.0.1938.76 Safari/537.36"
2a03:2880:f800:12:: - - [16/Dec/2025:13:09:38 +0000] "GET /shop/cattleless/reclothe2141499634.html HTTP/1.1" 200 2917 "-" "meta-externalagent/1.1 (+https://developers.facebook.com/docs/sharing/webmasters/crawler)"
2a03:2880:f800:20:: - - [16/Dec/2025:13:09:39 +0000] "GET /shop/orthographically/ramekins58584353348.html HTTP/1.1" 200 2917 "-" "meta-externalagent/1.1 (+https://developers.facebook.com/docs/sharing/webmasters/crawler)"
2a03:2880:f800:31:: - - [16/Dec/2025:13:09:39 +0000] "GET /shop/fulgurating/tablehopping24870136070.html HTTP/1.1" 200 2917 "-" "meta-externalagent/1.1 (+https://developers.facebook.com/docs/sharing/webmasters/crawler)"
2a03:2880:f800:3e:: - - [16/Dec/2025:13:09:40 +0000] "GET /shop/terramare/rubbers10933347754.html HTTP/1.1" 200 2917 "-" "meta-externalagent/1.1 (+https://developers.facebook.com/docs/sharing/webmasters/crawler)"
207.46.13.51 - - [16/Dec/2025:13:09:40 +0000] "GET /p/prod-14ne-1985185 HTTP/1.1" 200 2917 "-" "Mozilla/5.0 AppleWebKit/537.36 (KHTML, like Gecko; compatible; bingbot/2.0; +http://www.bing.com/bingbot.htm) Chrome/116.0.1938.76 Safari/537.36"
2a03:2880:f800:38:: - - [16/Dec/2025:13:09:40 +0000] "GET /shop/unsurliness/pachyhaemia24870162252.html HTTP/1.1" 200 2917 "-" "meta-externalagent/1.1 (+https://developers.facebook.com/docs/sharing/webmasters/crawler)"
2a03:2880:f800:9:: - - [16/Dec/2025:13:09:40 +0000] "GET /shop/undiscoverably/cowrie2120375954.html HTTP/1.1" 200 2917 "-" "meta-externalagent/1.1 (+https://developers.facebook.com/docs/sharing/webmasters/crawler)"
2a03:2880:f800:10:: - - [16/Dec/2025:13:09:41 +0000] "GET /shop/unrefusing/polygonometry31648401729.html HTTP/1.1" 200 2917 "-" "meta-externalagent/1.1 (+https://developers.facebook.com/docs/sharing/webmasters/crawler)"
2a03:2880:f800:3b:: - - [16/Dec/2025:13:09:41 +0000] "GET /shop/alchimy/coevolving28905397042.html HTTP/1.1" 200 2917 "-" "meta-externalagent/1.1 (+https://developers.facebook.com/docs/sharing/webmasters/crawler)"
2a03:2880:f800:39:: - - [16/Dec/2025:13:09:42 +0000] "GET /shop/basketry/pumas45451301578.html HTTP/1.1" 200 2917 "-" "meta-externalagent/1.1 (+https://developers.facebook.com/docs/sharing/webmasters/crawler)"
2a03:2880:f800:11:: - - [16/Dec/2025:13:09:43 +0000] "GET /shop/digits/sauropods45451149265.html HTTP/1.1" 200 2917 "-" "meta-externalagent/1.1 (+https://developers.facebook.com/docs/sharing/webmasters/crawler)"
2a03:2880:f800:1b:: - - [16/Dec/2025:13:09:43 +0000] "GET /shop/nomisma/catachrestic2141453339.html HTTP/1.1" 200 2917 "-" "meta-externalagent/1.1 (+https://developers.facebook.com/docs/sharing/webmasters/crawler)"
2a03:2880:f800:20:: - - [16/Dec/2025:13:09:43 +0000] "GET /shop/intraimperial/sententiousness24870324546.html HTTP/1.1" 200 2917 "-" "meta-externalagent/1.1 (+https://developers.facebook.com/docs/sharing/webmasters/crawler)"
2a03:2880:f800:5:: - - [16/Dec/2025:13:09:44 +0000] "GET /shop/slaughtered/boosies10933198831.html HTTP/1.1" 200 2917 "-" "meta-externalagent/1.1 (+https://developers.facebook.com/docs/sharing/webmasters/crawler)"
2a03:2880:f800:26:: - - [16/Dec/2025:13:09:45 +0000] "GET /shop/epicarp/commitment1072922473.html HTTP/1.1" 200 2917 "-" "meta-externalagent/1.1 (+https://developers.facebook.com/docs/sharing/webmasters/crawler)"
2a03:2880:f800:18:: - - [16/Dec/2025:13:09:45 +0000] "GET /shop/ovation/hemitropism21203399003.html HTTP/1.1" 200 2917 "-" "meta-externalagent/1.1 (+https://developers.facebook.com/docs/sharing/webmasters/crawler)"
2a03:2880:f800:2:: - - [16/Dec/2025:13:09:46 +0000] "GET /shop/hormonopoietic/telexing10933420023.html HTTP/1.1" 200 2917 "-" "meta-externalagent/1.1 (+https://developers.facebook.com/docs/sharing/webmasters/crawler)"
2a03:2880:f800:2a:: - - [16/Dec/2025:13:09:46 +0000] "GET /shop/ostracean/subcivilized31648110816.html HTTP/1.1" 200 2917 "-" "meta-externalagent/1.1 (+https://developers.facebook.com/docs/sharing/webmasters/crawler)"
2a03:2880:f800:4c:: - - [16/Dec/2025:13:09:46 +0000] "GET /shop/essence/nondeforestation45451217206.html HTTP/1.1" 200 2917 "-" "meta-externalagent/1.1 (+https://developers.facebook.com/docs/sharing/webmasters/crawler)"
207.46.13.86 - - [16/Dec/2025:13:09:46 +0000] "GET /p/prod-14ne-768916 HTTP/1.1" 200 2917 "-" "Mozilla/5.0 AppleWebKit/537.36 (KHTML, like Gecko; compatible; bingbot/2.0; +http://www.bing.com/bingbot.htm) Chrome/116.0.1938.76 Safari/537.36"
2a03:2880:f800:38:: - - [16/Dec/2025:13:09:47 +0000] "GET /shop/cinctured/coughwort10729231260.html HTTP/1.1" 200 2917 "-" "meta-externalagent/1.1 (+https://developers.facebook.com/docs/sharing/webmasters/crawler)"
2a03:2880:f800:2:: - - [16/Dec/2025:13:09:47 +0000] "GET /shop/roughhouse/glyoxaline24870164364.html HTTP/1.1" 200 2917 "-" "meta-externalagent/1.1 (+https://developers.facebook.com/docs/sharing/webmasters/crawler)"
2a03:2880:f800:d:: - - [16/Dec/2025:13:09:48 +0000] "GET /shop/hickified/pinions21203474793.html HTTP/1.1" 200 2917 "-" "meta-externalagent/1.1 (+https://developers.facebook.com/docs/sharing/webmasters/crawler)"
207.46.13.86 - - [16/Dec/2025:13:09:48 +0000] "GET /p/prod-14ne-5076771 HTTP/1.1" 200 2917 "-" "Mozilla/5.0 AppleWebKit/537.36 (KHTML, like Gecko; compatible; bingbot/2.0; +http://www.bing.com/bingbot.htm) Chrome/116.0.1938.76 Safari/537.36"
2a03:2880:f800:26:: - - [16/Dec/2025:13:09:49 +0000] "GET /shop/sephardic/metaxite31648113765.html HTTP/1.1" 200 2917 "-" "meta-externalagent/1.1 (+https://developers.facebook.com/docs/sharing/webmasters/crawler)"
2a03:2880:f800:23:: - - [16/Dec/2025:13:09:49 +0000] "GET /shop/horselaugh/collapsibility24870407885.html HTTP/1.1" 200 2917 "-" "meta-externalagent/1.1 (+https://developers.facebook.com/docs/sharing/webmasters/crawler)"
2a03:2880:f800:25:: - - [16/Dec/2025:13:09:49 +0000] "GET /shop/warlockry/amphidetic31648382858.html HTTP/1.1" 200 2917 "-" "meta-externalagent/1.1 (+https://developers.facebook.com/docs/sharing/webmasters/crawler)"
2a03:2880:f800:10:: - - [16/Dec/2025:13:09:50 +0000] "GET /shop/clothesyard/daredevil58584134507.html HTTP/1.1" 200 2917 "-" "meta-externalagent/1.1 (+https://developers.facebook.com/docs/sharing/webmasters/crawler)"
2a03:2880:f800:30:: - - [16/Dec/2025:13:09:50 +0000] "GET /shop/superhistorical/dorsal21414289101.html HTTP/1.1" 200 2917 "-" "meta-externalagent/1.1 (+https://developers.facebook.com/docs/sharing/webmasters/crawler)"
2a03:2880:f800:2b:: - - [16/Dec/2025:13:09:51 +0000] "GET /shop/wroth/odeons24870261029.html HTTP/1.1" 200 2917 "-" "meta-externalagent/1.1 (+https://developers.facebook.com/docs/sharing/webmasters/crawler)"
52.167.144.166 - - [16/Dec/2025:13:09:52 +0000] "GET /p/prod-14ne-5125515 HTTP/1.1" 200 2917 "-" "Mozilla/5.0 AppleWebKit/537.36 (KHTML, like Gecko; compatible; bingbot/2.0; +http://www.bing.com/bingbot.htm) Chrome/116.0.1938.76 Safari/537.36"
2a03:2880:f800:48:: - - [16/Dec/2025:13:09:52 +0000] "GET /shop/molecule/dystome3164872075.html HTTP/1.1" 200 2917 "-" "meta-externalagent/1.1 (+https://developers.facebook.com/docs/sharing/webmasters/crawler)"
2a03:2880:f800:7:: - - [16/Dec/2025:13:09:52 +0000] "GET /shop/beefhead/remagnifying2890566722.html HTTP/1.1" 200 2917 "-" "meta-externalagent/1.1 (+https://developers.facebook.com/docs/sharing/webmasters/crawler)"
2a03:2880:f800:17:: - - [16/Dec/2025:13:09:53 +0000] "GET /shop/quintocubital/molybdenous45451342608.html HTTP/1.1" 200 2917 "-" "meta-externalagent/1.1 (+https://developers.facebook.com/docs/sharing/webmasters/crawler)"
2a03:2880:f800:4:: - - [16/Dec/2025:13:09:53 +0000] "GET /shop/immatchless/dispark58584402785.html HTTP/1.1" 200 2917 "-" "meta-externalagent/1.1 (+https://developers.facebook.com/docs/sharing/webmasters/crawler)"
2a03:2880:f800:4a:: - - [16/Dec/2025:13:09:53 +0000] "GET /shop/diamyl/zoonoses10933410220.html HTTP/1.1" 200 2917 "-" "meta-externalagent/1.1 (+https://developers.facebook.com/docs/sharing/webmasters/crawler)"
52.167.144.166 - - [16/Dec/2025:13:09:53 +0000] "GET /shop/dodges/conceits28905155455.html HTTP/1.1" 200 2917 "-" "Mozilla/5.0 AppleWebKit/537.36 (KHTML, like Gecko; compatible; bingbot/2.0; +http://www.bing.com/bingbot.htm) Chrome/116.0.1938.76 Safari/537.36"
2a03:2880:f800:3d:: - - [16/Dec/2025:13:09:54 +0000] "GET /shop/bahuts/arbustum28905186750.html HTTP/1.1" 200 2917 "-" "meta-externalagent/1.1 (+https://developers.facebook.com/docs/sharing/webmasters/crawler)"
2a03:2880:f800:13:: - - [16/Dec/2025:13:09:55 +0000] "GET /shop/allegiare/byproduct28905372242.html HTTP/1.1" 200 2917 "-" "meta-externalagent/1.1 (+https://developers.facebook.com/docs/sharing/webmasters/crawler)"
2a03:2880:f800:2e:: - - [16/Dec/2025:13:09:55 +0000] "GET /shop/substrat/detains4656019642.html HTTP/1.1" 200 2917 "-" "meta-externalagent/1.1 (+https://developers.facebook.com/docs/sharing/webmasters/crawler)"
2a03:2880:f800:27:: - - [16/Dec/2025:13:09:55 +0000] "GET /shop/oxtongue/weys1093381274.html HTTP/1.1" 200 2917 "-" "meta-externalagent/1.1 (+https://developers.facebook.com/docs/sharing/webmasters/crawler)"
2a03:2880:f800:18:: - - [16/Dec/2025:13:09:56 +0000] "GET /shop/attendancy/furnishment24870128634.html HTTP/1.1" 200 2917 "-" "meta-externalagent/1.1 (+https://developers.facebook.com/docs/sharing/webmasters/crawler)"
207.46.13.86 - - [16/Dec/2025:13:09:56 +0000] "GET /shop/epigaster/tunnellike10933433728.html HTTP/1.1" 200 2917 "-" "Mozilla/5.0 AppleWebKit/537.36 (KHTML, like Gecko; compatible; bingbot/2.0; +http://www.bing.com/bingbot.htm) Chrome/116.0.1938.76 Safari/537.36"
2a03:2880:f800:24:: - - [16/Dec/2025:13:09:57 +0000] "GET /shop/hyperovarianism/salesmen10729204109.html HTTP/1.1" 200 2917 "-" "meta-externalagent/1.1 (+https://developers.facebook.com/docs/sharing/webmasters/crawler)"
2a03:2880:f800:24:: - - [16/Dec/2025:13:09:57 +0000] "GET /shop/overexposed/unsolar10933330483.html HTTP/1.1" 200 2917 "-" "meta-externalagent/1.1 (+https://developers.facebook.com/docs/sharing/webmasters/crawler)"
2603:3:6109:9bf0:: - - [16/Dec/2025:13:09:02 +0000] "GET /script.php HTTP/1.1" 200 1 "-" "curl/7.76.1"
2a03:2880:f800:4b:: - - [16/Dec/2025:13:09:57 +0000] "GET /shop/cf/pronic24870376618.html HTTP/1.1" 200 2917 "-" "meta-externalagent/1.1 (+https://developers.facebook.com/docs/sharing/webmasters/crawler)"
2a03:2880:f800:: - - [16/Dec/2025:13:09:58 +0000] "GET /shop/hayz/patriarchy24870263053.html HTTP/1.1" 200 2917 "-" "meta-externalagent/1.1 (+https://developers.facebook.com/docs/sharing/webmasters/crawler)"
2a03:2880:f800:e:: - - [16/Dec/2025:13:09:59 +0000] "GET /shop/decadentism/flatwash21414138105.html HTTP/1.1" 200 2917 "-" "meta-externalagent/1.1 (+https://developers.facebook.com/docs/sharing/webmasters/crawler)"
2a03:2880:f800:33:: - - [16/Dec/2025:13:09:59 +0000] "GET /shop/phalansteries/overtheorizing58584371610.html HTTP/1.1" 200 2917 "-" "meta-externalagent/1.1 (+https://developers.facebook.com/docs/sharing/webmasters/crawler)"
2a03:2880:f800:1:: - - [16/Dec/2025:13:10:00 +0000] "GET /shop/bradsot/nonsedentary21414152403.html HTTP/1.1" 200 2917 "-" "meta-externalagent/1.1 (+https://developers.facebook.com/docs/sharing/webmasters/crawler)"
2a03:2880:f800:36:: - - [16/Dec/2025:13:10:00 +0000] "GET /shop/unexhilarative/upbend465604343.html HTTP/1.1" 200 2917 "-" "meta-externalagent/1.1 (+https://developers.facebook.com/docs/sharing/webmasters/crawler)"
2a03:2880:f800:: - - [16/Dec/2025:13:10:00 +0000] "GET /shop/syntonisation/kye45451403459.html HTTP/1.1" 200 2917 "-" "meta-externalagent/1.1 (+https://developers.facebook.com/docs/sharing/webmasters/crawler)"
2a03:2880:f800:1d:: - - [16/Dec/2025:13:10:01 +0000] "GET /shop/paleometeorological/psychosexual21203130301.html HTTP/1.1" 200 2917 "-" "meta-externalagent/1.1 (+https://developers.facebook.com/docs/sharing/webmasters/crawler)"
2a03:2880:f800:21:: - - [16/Dec/2025:13:10:01 +0000] "GET /shop/flashy/misdread2890583179.html HTTP/1.1" 200 2917 "-" "meta-externalagent/1.1 (+https://developers.facebook.com/docs/sharing/webmasters/crawler)"
185.191.171.12 - - [16/Dec/2025:13:10:02 +0000] "GET /shop/freit/pounders5858441065.html HTTP/1.1" 200 2917 "-" "Mozilla/5.0 (compatible; SemrushBot/7~bl; +http://www.semrush.com/bot.html)"
2a03:2880:f800:c:: - - [16/Dec/2025:13:10:02 +0000] "GET /shop/blatting/linneon31648348421.html HTTP/1.1" 200 2917 "-" "meta-externalagent/1.1 (+https://developers.facebook.com/docs/sharing/webmasters/crawler)"
